{"id":23847,"date":"2021-09-09T18:31:48","date_gmt":"2021-09-09T22:31:48","guid":{"rendered":"https:\/\/nouveau.maisonmallet.com\/?post_type=event&#038;p=23847"},"modified":"2021-09-10T10:39:48","modified_gmt":"2021-09-10T14:39:48","slug":"theriault-daniel-berny","status":"publish","type":"event","link":"https:\/\/nouveau.maisonmallet.com\/back05_01\/?event=theriault-daniel-berny","title":{"rendered":"TH\u00c9RIAULT, Daniel (Berny)"},"content":{"rendered":"<p>1956-2021<\/p>\n<p>Th\u00e9riault, Daniel (Berny)<\/p>\n<p>&nbsp;<\/p>\n<p>\u00c0 Havre-Saint-Pierre, le 6 septembre 2021, est d\u00e9c\u00e9d\u00e9e \u00e0 l\u2019\u00e2ge de 65 ans et 1 mois, monsieur Daniel (Berny) Th\u00e9riault conjoint de madame Julie Maloney et domicili\u00e9 \u00e0 Havre-Saint-Pierre.<\/p>\n<p>Les fun\u00e9railles de monsieur Daniel (Berny) Th\u00e9riault auront lieu ce lundi 13 septembre 2021 \u00e0 15 h en l\u2019\u00c9glise Saint-Pierre de Havre-Saint-Pierre.<\/p>\n<p>Selon ses volont\u00e9s, il a \u00e9t\u00e9 confi\u00e9 au cr\u00e9matorium de la Maison L.J.G. Mallet pour cr\u00e9mation.<\/p>\n<p>La famille re\u00e7oit parents et amis ce lundi 13 septembre 2021 \u00e0 compter de 14 h \u00e0 l\u2019\u00c9glise Saint-Pierre de Havre-Saint-Pierre.<\/p>\n<p><strong>D\u00fb aux circonstances reli\u00e9es \u00e0 la pand\u00e9mie, vous pouvez venir pr\u00e9senter vos condol\u00e9ances en respectant la distanciation sociale et le port du masque sera obligatoire.<\/strong><\/p>\n<p>Il laisse dans le deuil outre sa conjointe madame Julie Maloney, ses fils : Therry (Myriam Roy) et Alex (Loriane Rinfret), ses fr\u00e8res : Adrien (Carole Paradis), Marius (Lauraine Cormier), ses s\u0153urs : France (R\u00e9al Boudreau), Diane (Bertrand M\u00e9thot), Jos\u00e9e (Daniel Boudreau), Sylvie (R\u00e9gis Duguay), Julie (Paul Drouin) et Luce, ses beaux-fr\u00e8res, sa belle-s\u0153ur, ses neveux, ses ni\u00e8ces et ainsi que nombreux ami(e)s.<\/p>\n<p>Il \u00e9tait le fr\u00e8re de feue Maryse (Jean-Claude Boudreau)<\/p>\n<p>Vos marques de sympathie peuvent se traduire par un don \u00e0 la Fondation des sourds du Qu\u00e9bec au 3348, boul. Mgr Gauthier Beauport (Qu\u00e9bec) G1E 2W2. T\u00e9l\u00a0: 1-800-463-5617 ou 1-418-660-6800.<\/p>\n<p>La famille a confi\u00e9 la direction des fun\u00e9railles aux services professionnels de la Maison L.J.G. Mallet du 1429, rue du Canot \u00e0 Havre-Saint-Pierre, maintenant reconnue Distinction et membre de la Corporation des Thanatologues du Qu\u00e9bec.<\/p>\n<p>Vous pouvez consulter cet avis de d\u00e9c\u00e8s sur le <a href=\"https:\/\/nouveau.maisonmallet.com\/back05_01\">www.maisonmallet.com<\/a><\/p>\n<p>&nbsp;<\/p>\n<hr \/>\n<p>Envoyer vos condol\u00e9ances<\/p>\n<p>[contact-form to=\u00a0\u00bbjuliemaloney1@hotmail.fr\u00a0\u00bb subject=\u00a0\u00bbCondol\u00e9ances Daniel Th\u00e9riault\u00a0\u00bb][contact-field label=\u00a0\u00bbVotre nom\u00a0\u00bb type=\u00a0\u00bbname\u00a0\u00bb required=\u00a0\u00bb1&Prime;][contact-field label=\u00a0\u00bbVotre courriel\u00a0\u00bb type=\u00a0\u00bbemail\u00a0\u00bb required=\u00a0\u00bb1&Prime;][contact-field label=\u00a0\u00bbCondol\u00e9ances\u00a0\u00bb type=\u00a0\u00bbtextarea\u00a0\u00bb][\/contact-form]<\/p>\n","protected":false},"featured_media":23857,"template":"","event_cat":[7],"class_list":["post-23847","event","type-event","status-publish","has-post-thumbnail","hentry","event_cat-maison-l-j-g-mallet-inc"],"_links":{"self":[{"href":"https:\/\/nouveau.maisonmallet.com\/back05_01\/index.php?rest_route=\/wp\/v2\/event\/23847","targetHints":{"allow":["GET"]}}],"collection":[{"href":"https:\/\/nouveau.maisonmallet.com\/back05_01\/index.php?rest_route=\/wp\/v2\/event"}],"about":[{"href":"https:\/\/nouveau.maisonmallet.com\/back05_01\/index.php?rest_route=\/wp\/v2\/types\/event"}],"wp:featuredmedia":[{"embeddable":true,"href":"https:\/\/nouveau.maisonmallet.com\/back05_01\/index.php?rest_route=\/wp\/v2\/media\/23857"}],"wp:attachment":[{"href":"https:\/\/nouveau.maisonmallet.com\/back05_01\/index.php?rest_route=%2Fwp%2Fv2%2Fmedia&parent=23847"}],"wp:term":[{"taxonomy":"event_cat","embeddable":true,"href":"https:\/\/nouveau.maisonmallet.com\/back05_01\/index.php?rest_route=%2Fwp%2Fv2%2Fevent_cat&post=23847"}],"curies":[{"name":"wp","href":"https:\/\/api.w.org\/{rel}","templated":true}]}}

THÉRIAULT, Daniel (Berny)

<p>1956-2021</p>
<p>Thériault, Daniel (Berny)</p>
<p>&nbsp;</p>
<p>À Havre-Saint-Pierre, le 6 septembre 2021, est décédée à l’âge de 65 ans et 1 mois, monsieur Daniel (Berny) Thériault conjoint de madame Julie Maloney et domicilié à Havre-Saint-Pierre.</p>
<p>Les funérailles de monsieur Daniel (Berny) Thériault auront lieu ce lundi 13 septembre 2021 à 15 h en l’Église Saint-Pierre de Havre-Saint-Pierre.</p>
<p>Selon ses volontés, il a été confié au crématorium de la Maison L.J.G. Mallet pour crémation.</p>
<p>La famille reçoit parents et amis ce lundi 13 septembre 2021 à compter de 14 h à l’Église Saint-Pierre de Havre-Saint-Pierre.</p>
<p><strong>Dû aux circonstances reliées à la pandémie, vous pouvez venir présenter vos condoléances en respectant la distanciation sociale et le port du masque sera obligatoire.</strong></p>
<p>Il laisse dans le deuil outre sa conjointe madame Julie Maloney, ses fils : Therry (Myriam Roy) et Alex (Loriane Rinfret), ses frères : Adrien (Carole Paradis), Marius (Lauraine Cormier), ses sœurs : France (Réal Boudreau), Diane (Bertrand Méthot), Josée (Daniel Boudreau), Sylvie (Régis Duguay), Julie (Paul Drouin) et Luce, ses beaux-frères, sa belle-sœur, ses neveux, ses nièces et ainsi que nombreux ami(e)s.</p>
<p>Il était le frère de feue Maryse (Jean-Claude Boudreau)</p>
<p>Vos marques de sympathie peuvent se traduire par un don à la Fondation des sourds du Québec au 3348, boul. Mgr Gauthier Beauport (Québec) G1E 2W2. Tél : 1-800-463-5617 ou 1-418-660-6800.</p>
<p>La famille a confié la direction des funérailles aux services professionnels de la Maison L.J.G. Mallet du 1429, rue du Canot à Havre-Saint-Pierre, maintenant reconnue Distinction et membre de la Corporation des Thanatologues du Québec.</p>
<p>Vous pouvez consulter cet avis de décès sur le <a href="https://nouveau.maisonmallet.com/back05_01">www.maisonmallet.com</a></p>
<p>&nbsp;</p>
<hr />
<p>Envoyer vos condoléances</p>
<p>[contact-form to= »juliemaloney1@hotmail.fr » subject= »Condoléances Daniel Thériault »][contact-field label= »Votre nom » type= »name » required= »1&Prime;][contact-field label= »Votre courriel » type= »email » required= »1&Prime;][contact-field label= »Condoléances » type= »textarea »][/contact-form]</p>
