{"id":24014,"date":"2021-09-18T11:41:22","date_gmt":"2021-09-18T15:41:22","guid":{"rendered":"https:\/\/nouveau.maisonmallet.com\/?post_type=event&#038;p=24014"},"modified":"2021-09-19T11:45:57","modified_gmt":"2021-09-19T15:45:57","slug":"vollant-napoleon","status":"publish","type":"event","link":"https:\/\/nouveau.maisonmallet.com\/back05_01\/?event=vollant-napoleon","title":{"rendered":"VOLLANT, Napol\u00e9on"},"content":{"rendered":"<p>1924 &#8211; 2021<\/p>\n<p>VOLLANT, Napol\u00e9on<\/p>\n<p>&nbsp;<\/p>\n<p>\u00c0 Sept-\u00celes, le 16 septembre 2021, est d\u00e9c\u00e9d\u00e9 \u00e0 l\u2019\u00e2ge de 97 ans, monsieur Napol\u00e9on Vollant \u00e9poux de feue Caroline Michel domicili\u00e9 \u00e0 Uashat.<\/p>\n<p>Les fun\u00e9railles de monsieur Napol\u00e9on Vollant auront lieu le mardi 21 septembre 2021 \u00e0 10 h en l\u2019\u00e9glise Kateri Tekakwitha, situ\u00e9e au 1035, avenue Dequen \u00e0 Uashat et de l\u00e0 au cimeti\u00e8re de Uashat.<\/p>\n<p>La famille re\u00e7oit parents et amis \u00e0 compter de 19 h le dimanche 19 septembre 2021 \u00e0 l\u2019\u00e9glise Kateri Tekakwitha, situ\u00e9e au 1035, avenue Dequen \u00e0 Uashat.<\/p>\n<p><strong><u>D\u00fb aux circonstances reli\u00e9es \u00e0 la pand\u00e9mie, vous pouvez venir pr\u00e9senter vos condol\u00e9ances en respectant la distanciation physique et le port du masque sera obligatoire.<\/u><\/strong><\/p>\n<p>Il laisse dans le deuil son fils Eric (Joyce Thibeault), ses petits-enfants\u00a0: Derrick, Jason, Cheyenne, Brandan et Melinka ainsi que ses arri\u00e8re-petits-enfants, ses neveux, ses ni\u00e8ces, ses cousins, ses cousines et de nombreux ami(e)s.<\/p>\n<p>Il \u00e9tait le p\u00e8re de feue Anne-Marie R\u00e9gis et de feu Ricky Vollant.<\/p>\n<p>La famille a confi\u00e9 la direction des fun\u00e9railles aux services professionnels de la Maison Mallet &amp; fils du 585, Boul. Laure \u00e0 Sept-\u00celes, maintenant reconnue Distinction et membre de la Corporation des Thanatologues du Qu\u00e9bec.<\/p>\n<p>Vous pouvez consulter cet avis de d\u00e9c\u00e8s sur le <a href=\"https:\/\/nouveau.maisonmallet.com\/back05_01\">www.maisonmallet.com<\/a><\/p>\n<p>Ceux et celles qui le d\u00e9sirent, peuvent y envoyer des messages de condol\u00e9ances.<\/p>\n<p>&nbsp;<\/p>\n<p>&nbsp;<\/p>\n<hr \/>\n<p>Envoyer vos condol\u00e9ances<\/p>\n<p>[contact-form to=\u00a0\u00bbrose.jerome@hotmail.com\u00a0\u00bb subject=\u00a0\u00bbCondol\u00e9ances Napol\u00e9on Vollant\u00a0\u00bb][contact-field label=\u00a0\u00bbVotre nom\u00a0\u00bb type=\u00a0\u00bbname\u00a0\u00bb required=\u00a0\u00bb1&Prime;][contact-field label=\u00a0\u00bbVotre courriel\u00a0\u00bb type=\u00a0\u00bbemail\u00a0\u00bb required=\u00a0\u00bb1&Prime;][contact-field label=\u00a0\u00bbCondol\u00e9ances\u00a0\u00bb type=\u00a0\u00bbtextarea\u00a0\u00bb][\/contact-form]<\/p>\n","protected":false},"featured_media":24100,"template":"","event_cat":[6],"class_list":["post-24014","event","type-event","status-publish","has-post-thumbnail","hentry","event_cat-maison-mallet-et-fils-inc"],"_links":{"self":[{"href":"https:\/\/nouveau.maisonmallet.com\/back05_01\/index.php?rest_route=\/wp\/v2\/event\/24014","targetHints":{"allow":["GET"]}}],"collection":[{"href":"https:\/\/nouveau.maisonmallet.com\/back05_01\/index.php?rest_route=\/wp\/v2\/event"}],"about":[{"href":"https:\/\/nouveau.maisonmallet.com\/back05_01\/index.php?rest_route=\/wp\/v2\/types\/event"}],"wp:featuredmedia":[{"embeddable":true,"href":"https:\/\/nouveau.maisonmallet.com\/back05_01\/index.php?rest_route=\/wp\/v2\/media\/24100"}],"wp:attachment":[{"href":"https:\/\/nouveau.maisonmallet.com\/back05_01\/index.php?rest_route=%2Fwp%2Fv2%2Fmedia&parent=24014"}],"wp:term":[{"taxonomy":"event_cat","embeddable":true,"href":"https:\/\/nouveau.maisonmallet.com\/back05_01\/index.php?rest_route=%2Fwp%2Fv2%2Fevent_cat&post=24014"}],"curies":[{"name":"wp","href":"https:\/\/api.w.org\/{rel}","templated":true}]}}

VOLLANT, Napoléon

<p>1924 &#8211; 2021</p>
<p>VOLLANT, Napoléon</p>
<p>&nbsp;</p>
<p>À Sept-Îles, le 16 septembre 2021, est décédé à l’âge de 97 ans, monsieur Napoléon Vollant époux de feue Caroline Michel domicilié à Uashat.</p>
<p>Les funérailles de monsieur Napoléon Vollant auront lieu le mardi 21 septembre 2021 à 10 h en l’église Kateri Tekakwitha, située au 1035, avenue Dequen à Uashat et de là au cimetière de Uashat.</p>
<p>La famille reçoit parents et amis à compter de 19 h le dimanche 19 septembre 2021 à l’église Kateri Tekakwitha, située au 1035, avenue Dequen à Uashat.</p>
<p><strong><u>Dû aux circonstances reliées à la pandémie, vous pouvez venir présenter vos condoléances en respectant la distanciation physique et le port du masque sera obligatoire.</u></strong></p>
<p>Il laisse dans le deuil son fils Eric (Joyce Thibeault), ses petits-enfants : Derrick, Jason, Cheyenne, Brandan et Melinka ainsi que ses arrière-petits-enfants, ses neveux, ses nièces, ses cousins, ses cousines et de nombreux ami(e)s.</p>
<p>Il était le père de feue Anne-Marie Régis et de feu Ricky Vollant.</p>
<p>La famille a confié la direction des funérailles aux services professionnels de la Maison Mallet &amp; fils du 585, Boul. Laure à Sept-Îles, maintenant reconnue Distinction et membre de la Corporation des Thanatologues du Québec.</p>
<p>Vous pouvez consulter cet avis de décès sur le <a href="https://nouveau.maisonmallet.com/back05_01">www.maisonmallet.com</a></p>
<p>Ceux et celles qui le désirent, peuvent y envoyer des messages de condoléances.</p>
<p>&nbsp;</p>
<p>&nbsp;</p>
<hr />
<p>Envoyer vos condoléances</p>
<p>[contact-form to= »rose.jerome@hotmail.com » subject= »Condoléances Napoléon Vollant »][contact-field label= »Votre nom » type= »name » required= »1&Prime;][contact-field label= »Votre courriel » type= »email » required= »1&Prime;][contact-field label= »Condoléances » type= »textarea »][/contact-form]</p>
