{"id":24471,"date":"2021-10-14T10:27:54","date_gmt":"2021-10-14T14:27:54","guid":{"rendered":"https:\/\/nouveau.maisonmallet.com\/?post_type=event&#038;p=24471"},"modified":"2021-10-20T12:34:09","modified_gmt":"2021-10-20T16:34:09","slug":"deroy-armande","status":"publish","type":"event","link":"https:\/\/nouveau.maisonmallet.com\/back05_01\/?event=deroy-armande","title":{"rendered":"DEROY, Armande"},"content":{"rendered":"<p>1948 \u2013 2021<\/p>\n<p>DEROY, Armande<\/p>\n<p>&nbsp;<\/p>\n<p>&nbsp;<\/p>\n<p>\u00c0 Port-Cartier, le 11 octobre 2021, est d\u00e9c\u00e9d\u00e9e \u00e0 l\u2019\u00e2ge de 73 ans, madame Armande Deroy conjointe de monsieur Yvan Thibeault et domicili\u00e9e \u00e0 Baie-Trinit\u00e9.<\/p>\n<p>Les fun\u00e9railles de madame Armande Deroy auront lieu le samedi 23 octobre 2021 \u00e0 11 h en l\u2019\u00e9glise Sainte-Trinit\u00e9 de Baie-Trinit\u00e9 et de l\u00e0 au cimeti\u00e8re de l\u2019endroit.<\/p>\n<p>Selon ses volont\u00e9s, elle a \u00e9t\u00e9 confi\u00e9e au cr\u00e9matorium de la Maison Mallet &amp; fils pour cr\u00e9mation.<\/p>\n<p>Elle laisse dans le deuil outre son conjoint monsieur Yvan Thibeault, ses filles\u00a0: Manon (Michel) et Vicky, son fils Daniel (Angella)et ses enfants Alyson et James, ses belles-filles\u00a0: Cathy (Steve) et Annie, son beau-fils Dave, ses neuf petits-enfants ainsi que \u00a0sa s\u0153ur Fran\u00e7oise (feu Denis), son fr\u00e8re Jean-Claude, ses beaux-fr\u00e8res, belles-s\u0153urs, ses neveux, ses ni\u00e8ces, ses cousins, ses cousines et de nombreux ami(e)s.<\/p>\n<p>Vos marques de sympathie peuvent se traduire par un don au Centre de Sant\u00e9 de Port-Cartier.<\/p>\n<p>La famille a confi\u00e9 les arrangements fun\u00e9raires aux services professionnels de la Maison Mallet &amp; fils du 57, route 138, \u00e0 Port-Cartier, maintenant reconnue Distinction et membre de la Corporation des Thanatologues du Qu\u00e9bec.<\/p>\n<p>Vous pouvez consulter cet avis de d\u00e9c\u00e8s, sur le www.maisonmallet.com<\/p>\n<p>Ceux et celle qui le d\u00e9sirent, peuvent y envoyer des messages de sympathie.<\/p>\n<p>&nbsp;<\/p>\n<hr \/>\n<p>Envoyer vos condol\u00e9ances<\/p>\n<p>[contact-form to=\u00a0\u00bbyvanthibeault@icloud.com\u00a0\u00bb subject=\u00a0\u00bbCondol\u00e9ances Armande Deroy\u00a0\u00bb][contact-field label=\u00a0\u00bbVotre nom\u00a0\u00bb type=\u00a0\u00bbname\u00a0\u00bb required=\u00a0\u00bb1&Prime;][contact-field label=\u00a0\u00bbVotre courriel\u00a0\u00bb type=\u00a0\u00bbemail\u00a0\u00bb required=\u00a0\u00bb1&Prime;][contact-field label=\u00a0\u00bbCondol\u00e9ances\u00a0\u00bb type=\u00a0\u00bbtextarea\u00a0\u00bb][\/contact-form]<\/p>\n","protected":false},"featured_media":24498,"template":"","event_cat":[6],"class_list":["post-24471","event","type-event","status-publish","has-post-thumbnail","hentry","event_cat-maison-mallet-et-fils-inc"],"_links":{"self":[{"href":"https:\/\/nouveau.maisonmallet.com\/back05_01\/index.php?rest_route=\/wp\/v2\/event\/24471","targetHints":{"allow":["GET"]}}],"collection":[{"href":"https:\/\/nouveau.maisonmallet.com\/back05_01\/index.php?rest_route=\/wp\/v2\/event"}],"about":[{"href":"https:\/\/nouveau.maisonmallet.com\/back05_01\/index.php?rest_route=\/wp\/v2\/types\/event"}],"wp:featuredmedia":[{"embeddable":true,"href":"https:\/\/nouveau.maisonmallet.com\/back05_01\/index.php?rest_route=\/wp\/v2\/media\/24498"}],"wp:attachment":[{"href":"https:\/\/nouveau.maisonmallet.com\/back05_01\/index.php?rest_route=%2Fwp%2Fv2%2Fmedia&parent=24471"}],"wp:term":[{"taxonomy":"event_cat","embeddable":true,"href":"https:\/\/nouveau.maisonmallet.com\/back05_01\/index.php?rest_route=%2Fwp%2Fv2%2Fevent_cat&post=24471"}],"curies":[{"name":"wp","href":"https:\/\/api.w.org\/{rel}","templated":true}]}}

<p>1948 – 2021</p>
<p>DEROY, Armande</p>
<p>&nbsp;</p>
<p>&nbsp;</p>
<p>À Port-Cartier, le 11 octobre 2021, est décédée à l’âge de 73 ans, madame Armande Deroy conjointe de monsieur Yvan Thibeault et domiciliée à Baie-Trinité.</p>
<p>Les funérailles de madame Armande Deroy auront lieu le samedi 23 octobre 2021 à 11 h en l’église Sainte-Trinité de Baie-Trinité et de là au cimetière de l’endroit.</p>
<p>Selon ses volontés, elle a été confiée au crématorium de la Maison Mallet &amp; fils pour crémation.</p>
<p>Elle laisse dans le deuil outre son conjoint monsieur Yvan Thibeault, ses filles : Manon (Michel) et Vicky, son fils Daniel (Angella)et ses enfants Alyson et James, ses belles-filles : Cathy (Steve) et Annie, son beau-fils Dave, ses neuf petits-enfants ainsi que  sa sœur Françoise (feu Denis), son frère Jean-Claude, ses beaux-frères, belles-sœurs, ses neveux, ses nièces, ses cousins, ses cousines et de nombreux ami(e)s.</p>
<p>Vos marques de sympathie peuvent se traduire par un don au Centre de Santé de Port-Cartier.</p>
<p>La famille a confié les arrangements funéraires aux services professionnels de la Maison Mallet &amp; fils du 57, route 138, à Port-Cartier, maintenant reconnue Distinction et membre de la Corporation des Thanatologues du Québec.</p>
<p>Vous pouvez consulter cet avis de décès, sur le www.maisonmallet.com</p>
<p>Ceux et celle qui le désirent, peuvent y envoyer des messages de sympathie.</p>
<p>&nbsp;</p>
<hr />
<p>Envoyer vos condoléances</p>
<p>[contact-form to= »yvanthibeault@icloud.com » subject= »Condoléances Armande Deroy »][contact-field label= »Votre nom » type= »name » required= »1&Prime;][contact-field label= »Votre courriel » type= »email » required= »1&Prime;][contact-field label= »Condoléances » type= »textarea »][/contact-form]</p>
