{"id":24496,"date":"2021-10-16T19:49:33","date_gmt":"2021-10-16T23:49:33","guid":{"rendered":"https:\/\/nouveau.maisonmallet.com\/?post_type=event&#038;p=24496"},"modified":"2021-10-17T20:02:50","modified_gmt":"2021-10-18T00:02:50","slug":"modele-nom-prenom-46","status":"publish","type":"event","link":"https:\/\/nouveau.maisonmallet.com\/back05_01\/?event=modele-nom-prenom-46","title":{"rendered":"LEBLANC, Rom\u00e9o (M\u00e9o)"},"content":{"rendered":"<p>1922 &#8211; 2021<\/p>\n<p>LEBLANC, Rom\u00e9o (M\u00e9o)<\/p>\n<p>&nbsp;<\/p>\n<p>\u00c0 Sept-\u00celes, le 6 octobre 2021, est d\u00e9c\u00e9d\u00e9 \u00e0 l\u2019\u00e2ge de 99 ans 5 mois, monsieur Rom\u00e9o (M\u00e9o) Leblanc \u00e9poux de feu Aurore No\u00ebl et domicili\u00e9 \u00e0 Sept-\u00celes.<\/p>\n<p>Les fun\u00e9railles de monsieur Rom\u00e9o (M\u00e9o) Leblanc auront lieu le jeudi 21 octobre 2021 \u00e0 14 h en l\u2019\u00e9glise St-Joseph situ\u00e9e au 535, ave. Brochu \u00e0 Sept-\u00celes et de l\u00e0 au cr\u00e9matorium de la maison Mallet &amp; fils pour cr\u00e9mation.<\/p>\n<p>La famille re\u00e7oit parents et amis le mercredi 20 octobre 2021 de 19 h \u00e0 22 h. Le jeudi 21 octobre 2021 jour des fun\u00e9railles \u00e0 compter de 12 h 30 au Complexe Thanatologique Mallet &amp; fils du 585 Boul. Laure \u00e0 Sept-\u00celes.<\/p>\n<p><strong><u>D\u00fb aux circonstances reli\u00e9es \u00e0 la pand\u00e9mie, vous pouvez venir pr\u00e9senter vos condol\u00e9ances en respectant la distanciation physique et le port du masque sera obligatoire.<\/u><\/strong><\/p>\n<p>Il laisse dans le deuil outre ses fils\u00a0: Charles (Diane St-Laurent) et Marc (Alexandra Brochu), sa fille Marl\u00e8ne (Anicet Proulx), ses petites-filles\u00a0: Charleen (Dave Edwards), Anne-Sophie (David Villeneuve) et Val\u00e9rie (Mathieu Boulay), son petit-fils Fran\u00e7ois (Myriam Longu\u00e9p\u00e9e), son arri\u00e8re-petit-fils Jean-Beno\u00eet, son arri\u00e8re-petite-fille Mila ainsi que son beau-fr\u00e8re Armand No\u00ebl, ses belles-s\u0153urs\u00a0: Marie-Louise Boudreault No\u00ebl et \u00a0Alvina No\u00ebl Fournier, ses neveux, ses ni\u00e8ces, ses cousins, ses cousines et de nombreux ami(e)s.<\/p>\n<p>La famille tient \u00e0 remercier le personnel des soins \u00e0 domicile du CLSC, le personnel de l\u2019h\u00f4pital de Sept-\u00celes ainsi que les Dre Anabelle Gagnon et Roxane Damphousse pour les bons soins prodigu\u00e9s \u00e0 notre p\u00e8re bien aim\u00e9. Soyez assur\u00e9s de notre gratitude et de notre reconnaissance.<\/p>\n<p>Vos marques de sympathie peuvent se traduire par un don \u00e0 l\u2019\u00c9lyme des sables <a href=\"http:\/\/www.elymedessables.com\">www.elymedessables.com<\/a><\/p>\n<p>La famille a confi\u00e9 la direction des fun\u00e9railles aux services professionnels de la Maison Mallet &amp; fils du 585 boul. Laure \u00e0 Sept-\u00celes, maintenant reconnue Distinction et membre de la Corporation des Thanatologues du Qu\u00e9bec.<\/p>\n<p>Vous pouvez consulter cet avis de d\u00e9c\u00e8s sur le <a href=\"https:\/\/nouveau.maisonmallet.com\/back05_01\">www.maisonmallet.com<\/a><\/p>\n<p>Ceux et celles qui le d\u00e9sirent, peuvent y envoyer des messages de sympathies.<\/p>\n<p>&nbsp;<\/p>\n<hr \/>\n<p>Envoyer vos condol\u00e9ances<\/p>\n<p>[contact-form to=\u00a0\u00bbalexandrabrochu@hotmail.com\u00a0\u00bb subject=\u00a0\u00bbCondol\u00e9ances Rom\u00e9o Leblanc\u00a0\u00bb][contact-field label=\u00a0\u00bbVotre nom\u00a0\u00bb type=\u00a0\u00bbname\u00a0\u00bb required=\u00a0\u00bb1&Prime;][contact-field label=\u00a0\u00bbVotre courriel\u00a0\u00bb type=\u00a0\u00bbemail\u00a0\u00bb required=\u00a0\u00bb1&Prime;][contact-field label=\u00a0\u00bbCondol\u00e9ances\u00a0\u00bb type=\u00a0\u00bbtextarea\u00a0\u00bb][\/contact-form]<\/p>\n","protected":false},"featured_media":24525,"template":"","event_cat":[6],"class_list":["post-24496","event","type-event","status-publish","has-post-thumbnail","hentry","event_cat-maison-mallet-et-fils-inc"],"_links":{"self":[{"href":"https:\/\/nouveau.maisonmallet.com\/back05_01\/index.php?rest_route=\/wp\/v2\/event\/24496","targetHints":{"allow":["GET"]}}],"collection":[{"href":"https:\/\/nouveau.maisonmallet.com\/back05_01\/index.php?rest_route=\/wp\/v2\/event"}],"about":[{"href":"https:\/\/nouveau.maisonmallet.com\/back05_01\/index.php?rest_route=\/wp\/v2\/types\/event"}],"wp:featuredmedia":[{"embeddable":true,"href":"https:\/\/nouveau.maisonmallet.com\/back05_01\/index.php?rest_route=\/wp\/v2\/media\/24525"}],"wp:attachment":[{"href":"https:\/\/nouveau.maisonmallet.com\/back05_01\/index.php?rest_route=%2Fwp%2Fv2%2Fmedia&parent=24496"}],"wp:term":[{"taxonomy":"event_cat","embeddable":true,"href":"https:\/\/nouveau.maisonmallet.com\/back05_01\/index.php?rest_route=%2Fwp%2Fv2%2Fevent_cat&post=24496"}],"curies":[{"name":"wp","href":"https:\/\/api.w.org\/{rel}","templated":true}]}}

LEBLANC, Roméo (Méo)

<p>1922 &#8211; 2021</p>
<p>LEBLANC, Roméo (Méo)</p>
<p>&nbsp;</p>
<p>À Sept-Îles, le 6 octobre 2021, est décédé à l’âge de 99 ans 5 mois, monsieur Roméo (Méo) Leblanc époux de feu Aurore Noël et domicilié à Sept-Îles.</p>
<p>Les funérailles de monsieur Roméo (Méo) Leblanc auront lieu le jeudi 21 octobre 2021 à 14 h en l’église St-Joseph située au 535, ave. Brochu à Sept-Îles et de là au crématorium de la maison Mallet &amp; fils pour crémation.</p>
<p>La famille reçoit parents et amis le mercredi 20 octobre 2021 de 19 h à 22 h. Le jeudi 21 octobre 2021 jour des funérailles à compter de 12 h 30 au Complexe Thanatologique Mallet &amp; fils du 585 Boul. Laure à Sept-Îles.</p>
<p><strong><u>Dû aux circonstances reliées à la pandémie, vous pouvez venir présenter vos condoléances en respectant la distanciation physique et le port du masque sera obligatoire.</u></strong></p>
<p>Il laisse dans le deuil outre ses fils : Charles (Diane St-Laurent) et Marc (Alexandra Brochu), sa fille Marlène (Anicet Proulx), ses petites-filles : Charleen (Dave Edwards), Anne-Sophie (David Villeneuve) et Valérie (Mathieu Boulay), son petit-fils François (Myriam Longuépée), son arrière-petit-fils Jean-Benoît, son arrière-petite-fille Mila ainsi que son beau-frère Armand Noël, ses belles-sœurs : Marie-Louise Boudreault Noël et  Alvina Noël Fournier, ses neveux, ses nièces, ses cousins, ses cousines et de nombreux ami(e)s.</p>
<p>La famille tient à remercier le personnel des soins à domicile du CLSC, le personnel de l’hôpital de Sept-Îles ainsi que les Dre Anabelle Gagnon et Roxane Damphousse pour les bons soins prodigués à notre père bien aimé. Soyez assurés de notre gratitude et de notre reconnaissance.</p>
<p>Vos marques de sympathie peuvent se traduire par un don à l’Élyme des sables <a href="http://www.elymedessables.com">www.elymedessables.com</a></p>
<p>La famille a confié la direction des funérailles aux services professionnels de la Maison Mallet &amp; fils du 585 boul. Laure à Sept-Îles, maintenant reconnue Distinction et membre de la Corporation des Thanatologues du Québec.</p>
<p>Vous pouvez consulter cet avis de décès sur le <a href="https://nouveau.maisonmallet.com/back05_01">www.maisonmallet.com</a></p>
<p>Ceux et celles qui le désirent, peuvent y envoyer des messages de sympathies.</p>
<p>&nbsp;</p>
<hr />
<p>Envoyer vos condoléances</p>
<p>[contact-form to= »alexandrabrochu@hotmail.com » subject= »Condoléances Roméo Leblanc »][contact-field label= »Votre nom » type= »name » required= »1&Prime;][contact-field label= »Votre courriel » type= »email » required= »1&Prime;][contact-field label= »Condoléances » type= »textarea »][/contact-form]</p>
