{"id":24561,"date":"2021-10-17T19:45:55","date_gmt":"2021-10-17T23:45:55","guid":{"rendered":"https:\/\/nouveau.maisonmallet.com\/?post_type=event&#038;p=24561"},"modified":"2021-11-17T08:53:06","modified_gmt":"2021-11-17T13:53:06","slug":"nabinacaboo-abraham-james","status":"publish","type":"event","link":"https:\/\/nouveau.maisonmallet.com\/back05_01\/?event=nabinacaboo-abraham-james","title":{"rendered":"NABINACABOO, Abraham James"},"content":{"rendered":"<p>2002 &#8211; 2021<\/p>\n<p>NABINACABOO, Abraham James<\/p>\n<p>&nbsp;<\/p>\n<p>\u00c0 Mani-Utenam, le 13 octobre 2021, est d\u00e9c\u00e9d\u00e9 \u00e0 l\u2019\u00e2ge de 19 ans Abraham James Nabinacaboo fils de monsieur Bernard Aster et de madame Margaret Nabinacaboo domicili\u00e9 \u00e0 Mani-Utenam.<\/p>\n<p>Les fun\u00e9railles de Abraham James Nabinacaboo auront lieu le samedi 23 octobre 2021 \u00e0 14 h en l\u2019\u00e9glise St-John Anglican Church situ\u00e9e \u00e0 Kawawachikamach (Schefferville) et de l\u00e0 au cimeti\u00e8re de Schefferville.<\/p>\n<p>La famille re\u00e7oit pare<u>n<\/u>ts et amis le mercredi 20 octobre 2021 de 13 h \u00e0 16 h. au Complexe Thanatologique Mallet &amp; fils du 585, boul. Laure \u00e0 Sept-\u00celes.<\/p>\n<p><strong><u>D\u00fb aux circonstances reli\u00e9es \u00e0 la pand\u00e9mie, vous pouvez venir pr\u00e9senter vos condol\u00e9ances en respectant la distanciation physique et le port du masque sera obligatoire.<\/u><\/strong><\/p>\n<p>Le jeudi 21 octobre 2021 \u00e0 compter de 19 h au 39, rue Mameanskem \u00e0 Kawawachikamach (Schefferville).<\/p>\n<p>Il laisse dans le deuil son p\u00e8re monsieur Bernard Aster, sa m\u00e8re Margaret Nabinacaboo, se fr\u00e8res\u00a0: Johnavon et Tshakapesh, ses s\u0153urs\u00a0: Jennifer, Daisy, Arizona et A\u00efsha, son grand-p\u00e8re Silas Nabinacaboo, ses grands-m\u00e8res : Susan Mamianskum Nabinacaboo et Marie-Jeanne Aster ainsi que son neveu Milan, sa ni\u00e8ce Anarose ses cousins, ses cousines et de nombreux ami(e)s.<\/p>\n<p>La famille a confi\u00e9 les arrangements fun\u00e9raires aux services professionnels de la Maison Mallet &amp; fils du 585, boul. Laure \u00e0 Sept-\u00celes et la direction des fun\u00e9railles \u00e0 la Maison Porlier du 515, rue French \u00e0 Schefferville, membre de la Corporation des Thanatologues du Qu\u00e9bec.<\/p>\n<p>Vous pouvez consulter cet avis de d\u00e9c\u00e8s, sur le\u00a0 <a href=\"https:\/\/nouveau.maisonmallet.com\/back05_01\">www.maisonmallet.com<\/a><\/p>\n<p>Ceux et celle qui le d\u00e9sirent, peuvent y envoyer des messages de sympathie.<\/p>\n<p>&nbsp;<\/p>\n<hr \/>\n<p>Envoyer vos condol\u00e9ances<\/p>\n<p>[contact-form to=\u00a0\u00bbmarc@maisonmallet.com\u00a0\u00bb subject=\u00a0\u00bbCondol\u00e9ances Abraham James Nabinacaboo\u00a0\u00bb][contact-field label=\u00a0\u00bbVotre nom\u00a0\u00bb type=\u00a0\u00bbname\u00a0\u00bb required=\u00a0\u00bb1&Prime;][contact-field label=\u00a0\u00bbVotre courriel\u00a0\u00bb type=\u00a0\u00bbemail\u00a0\u00bb required=\u00a0\u00bb1&Prime;][contact-field label=\u00a0\u00bbCondol\u00e9ances\u00a0\u00bb type=\u00a0\u00bbtextarea\u00a0\u00bb][\/contact-form]<\/p>\n","protected":false},"featured_media":25684,"template":"","event_cat":[6],"class_list":["post-24561","event","type-event","status-publish","has-post-thumbnail","hentry","event_cat-maison-mallet-et-fils-inc"],"_links":{"self":[{"href":"https:\/\/nouveau.maisonmallet.com\/back05_01\/index.php?rest_route=\/wp\/v2\/event\/24561","targetHints":{"allow":["GET"]}}],"collection":[{"href":"https:\/\/nouveau.maisonmallet.com\/back05_01\/index.php?rest_route=\/wp\/v2\/event"}],"about":[{"href":"https:\/\/nouveau.maisonmallet.com\/back05_01\/index.php?rest_route=\/wp\/v2\/types\/event"}],"wp:featuredmedia":[{"embeddable":true,"href":"https:\/\/nouveau.maisonmallet.com\/back05_01\/index.php?rest_route=\/wp\/v2\/media\/25684"}],"wp:attachment":[{"href":"https:\/\/nouveau.maisonmallet.com\/back05_01\/index.php?rest_route=%2Fwp%2Fv2%2Fmedia&parent=24561"}],"wp:term":[{"taxonomy":"event_cat","embeddable":true,"href":"https:\/\/nouveau.maisonmallet.com\/back05_01\/index.php?rest_route=%2Fwp%2Fv2%2Fevent_cat&post=24561"}],"curies":[{"name":"wp","href":"https:\/\/api.w.org\/{rel}","templated":true}]}}

<p>2002 &#8211; 2021</p>
<p>NABINACABOO, Abraham James</p>
<p>&nbsp;</p>
<p>À Mani-Utenam, le 13 octobre 2021, est décédé à l’âge de 19 ans Abraham James Nabinacaboo fils de monsieur Bernard Aster et de madame Margaret Nabinacaboo domicilié à Mani-Utenam.</p>
<p>Les funérailles de Abraham James Nabinacaboo auront lieu le samedi 23 octobre 2021 à 14 h en l’église St-John Anglican Church située à Kawawachikamach (Schefferville) et de là au cimetière de Schefferville.</p>
<p>La famille reçoit pare<u>n</u>ts et amis le mercredi 20 octobre 2021 de 13 h à 16 h. au Complexe Thanatologique Mallet &amp; fils du 585, boul. Laure à Sept-Îles.</p>
<p><strong><u>Dû aux circonstances reliées à la pandémie, vous pouvez venir présenter vos condoléances en respectant la distanciation physique et le port du masque sera obligatoire.</u></strong></p>
<p>Le jeudi 21 octobre 2021 à compter de 19 h au 39, rue Mameanskem à Kawawachikamach (Schefferville).</p>
<p>Il laisse dans le deuil son père monsieur Bernard Aster, sa mère Margaret Nabinacaboo, se frères : Johnavon et Tshakapesh, ses sœurs : Jennifer, Daisy, Arizona et Aïsha, son grand-père Silas Nabinacaboo, ses grands-mères : Susan Mamianskum Nabinacaboo et Marie-Jeanne Aster ainsi que son neveu Milan, sa nièce Anarose ses cousins, ses cousines et de nombreux ami(e)s.</p>
<p>La famille a confié les arrangements funéraires aux services professionnels de la Maison Mallet &amp; fils du 585, boul. Laure à Sept-Îles et la direction des funérailles à la Maison Porlier du 515, rue French à Schefferville, membre de la Corporation des Thanatologues du Québec.</p>
<p>Vous pouvez consulter cet avis de décès, sur le  <a href="https://nouveau.maisonmallet.com/back05_01">www.maisonmallet.com</a></p>
<p>Ceux et celle qui le désirent, peuvent y envoyer des messages de sympathie.</p>
<p>&nbsp;</p>
<hr />
<p>Envoyer vos condoléances</p>
<p>[contact-form to= »marc@maisonmallet.com » subject= »Condoléances Abraham James Nabinacaboo »][contact-field label= »Votre nom » type= »name » required= »1&Prime;][contact-field label= »Votre courriel » type= »email » required= »1&Prime;][contact-field label= »Condoléances » type= »textarea »][/contact-form]</p>
