{"id":24619,"date":"2021-10-18T15:48:37","date_gmt":"2021-10-18T19:48:37","guid":{"rendered":"https:\/\/nouveau.maisonmallet.com\/?post_type=event&#038;p=24619"},"modified":"2021-10-19T16:24:15","modified_gmt":"2021-10-19T20:24:15","slug":"gagnon-jeannot","status":"publish","type":"event","link":"https:\/\/nouveau.maisonmallet.com\/back05_01\/?event=gagnon-jeannot","title":{"rendered":"GAGNON, Jeannot"},"content":{"rendered":"<p>1954 \u2013 2021<\/p>\n<p>GAGNON, Jeannot<\/p>\n<p>&nbsp;<\/p>\n<p>&nbsp;<\/p>\n<p>\u00c0 Sept-\u00celes (maison \u00c9lyme des Sables), le 16 octobre 2021, est d\u00e9c\u00e9d\u00e9 \u00e0 l\u2019\u00e2ge de 67 ans, monsieur Jeannot Gagnon \u00e9poux de madame Nicole Turbide et domicili\u00e9 \u00e0 Sept-\u00celes.<\/p>\n<p>Il a \u00e9t\u00e9 confi\u00e9 au cr\u00e9matorium de la Maison Mallet &amp; fils pour cr\u00e9mation.<\/p>\n<p>La famille re\u00e7oit parents et amis le jeudi 21 octobre 2021 de 19 h \u00e0 22 h. au Complexe Thanatologique Mallet &amp; fils du 585 Boul. Laure \u00e0 Sept-\u00celes.<\/p>\n<p><strong><u>D\u00fb aux circonstances reli\u00e9es \u00e0 la pand\u00e9mie, vous pouvez venir pr\u00e9senter vos condol\u00e9ances en respectant la distanciation physique et le port du masque sera obligatoire.<\/u><\/strong><\/p>\n<p>Il laisse dans le deuil, outre son \u00e9pouse madame Nicole Turbide, ses enfants\u00a0: Genevi\u00e8ve (Carl Doucet) et Jean-Fran\u00e7ois (Katherine Murphy), ses petits-enfants\u00a0: Charles, Philippe, Rose et Isabelle, ses fr\u00e8res\u00a0: Jean et Jean-Pierre (Irma Arseneault), ses s\u0153urs\u00a0: Guylaine (Marc Lajoie) et Carolle (Jean-Fran\u00e7ois Cloutier) ainsi que ses beaux-fr\u00e8res, ses belles-s\u0153urs, ses neveux, ses ni\u00e8ces, ses cousins, ses cousines et de nombreux ami(e)s.<\/p>\n<p>Il \u00e9tait le fils de feu Henri Gagnon et de feue Suzanne Sirois ainsi que le fr\u00e8re de feu Patrice Gagnon.<\/p>\n<p>Vos marques de sympathie peuvent se traduire par un don \u00e0 l\u2019\u00c9lyme des Sables <a href=\"http:\/\/www.elymedessables.com\">www.elymedessables.com<\/a><\/p>\n<p>La famille a confi\u00e9 les arrangements aux services professionnels de la Maison Mallet &amp; fils du 585 Boul. Laure \u00e0 Sept-\u00celes, maintenant reconnue Distinction et membre de la Corporation des Thanatologues du Qu\u00e9bec.<\/p>\n<p>Vous pouvez consulter cet avis de d\u00e9c\u00e8s sur le\u00a0: <a href=\"https:\/\/nouveau.maisonmallet.com\/back05_01\">www.maisonmallet.com<\/a><\/p>\n<p>Ceux et celles qui le d\u00e9sirent, peuvent y envoyer des messages de sympathie.<\/p>\n<p>&nbsp;<\/p>\n<hr \/>\n<p>Envoyer vos condol\u00e9ances<\/p>\n<p>[contact-form to=\u00a0\u00bbjeannotlapin50@hotmail.com\u00a0\u00bb subject=\u00a0\u00bbCondol\u00e9ances Jeannot Gagnon\u00a0\u00bb][contact-field label=\u00a0\u00bbVotre nom\u00a0\u00bb type=\u00a0\u00bbname\u00a0\u00bb required=\u00a0\u00bb1&Prime;][contact-field label=\u00a0\u00bbVotre courriel\u00a0\u00bb type=\u00a0\u00bbemail\u00a0\u00bb required=\u00a0\u00bb1&Prime;][contact-field label=\u00a0\u00bbCondol\u00e9ances\u00a0\u00bb type=\u00a0\u00bbtextarea\u00a0\u00bb][\/contact-form]<\/p>\n","protected":false},"featured_media":24635,"template":"","event_cat":[6],"class_list":["post-24619","event","type-event","status-publish","has-post-thumbnail","hentry","event_cat-maison-mallet-et-fils-inc"],"_links":{"self":[{"href":"https:\/\/nouveau.maisonmallet.com\/back05_01\/index.php?rest_route=\/wp\/v2\/event\/24619","targetHints":{"allow":["GET"]}}],"collection":[{"href":"https:\/\/nouveau.maisonmallet.com\/back05_01\/index.php?rest_route=\/wp\/v2\/event"}],"about":[{"href":"https:\/\/nouveau.maisonmallet.com\/back05_01\/index.php?rest_route=\/wp\/v2\/types\/event"}],"wp:featuredmedia":[{"embeddable":true,"href":"https:\/\/nouveau.maisonmallet.com\/back05_01\/index.php?rest_route=\/wp\/v2\/media\/24635"}],"wp:attachment":[{"href":"https:\/\/nouveau.maisonmallet.com\/back05_01\/index.php?rest_route=%2Fwp%2Fv2%2Fmedia&parent=24619"}],"wp:term":[{"taxonomy":"event_cat","embeddable":true,"href":"https:\/\/nouveau.maisonmallet.com\/back05_01\/index.php?rest_route=%2Fwp%2Fv2%2Fevent_cat&post=24619"}],"curies":[{"name":"wp","href":"https:\/\/api.w.org\/{rel}","templated":true}]}}

<p>1954 – 2021</p>
<p>GAGNON, Jeannot</p>
<p>&nbsp;</p>
<p>&nbsp;</p>
<p>À Sept-Îles (maison Élyme des Sables), le 16 octobre 2021, est décédé à l’âge de 67 ans, monsieur Jeannot Gagnon époux de madame Nicole Turbide et domicilié à Sept-Îles.</p>
<p>Il a été confié au crématorium de la Maison Mallet &amp; fils pour crémation.</p>
<p>La famille reçoit parents et amis le jeudi 21 octobre 2021 de 19 h à 22 h. au Complexe Thanatologique Mallet &amp; fils du 585 Boul. Laure à Sept-Îles.</p>
<p><strong><u>Dû aux circonstances reliées à la pandémie, vous pouvez venir présenter vos condoléances en respectant la distanciation physique et le port du masque sera obligatoire.</u></strong></p>
<p>Il laisse dans le deuil, outre son épouse madame Nicole Turbide, ses enfants : Geneviève (Carl Doucet) et Jean-François (Katherine Murphy), ses petits-enfants : Charles, Philippe, Rose et Isabelle, ses frères : Jean et Jean-Pierre (Irma Arseneault), ses sœurs : Guylaine (Marc Lajoie) et Carolle (Jean-François Cloutier) ainsi que ses beaux-frères, ses belles-sœurs, ses neveux, ses nièces, ses cousins, ses cousines et de nombreux ami(e)s.</p>
<p>Il était le fils de feu Henri Gagnon et de feue Suzanne Sirois ainsi que le frère de feu Patrice Gagnon.</p>
<p>Vos marques de sympathie peuvent se traduire par un don à l’Élyme des Sables <a href="http://www.elymedessables.com">www.elymedessables.com</a></p>
<p>La famille a confié les arrangements aux services professionnels de la Maison Mallet &amp; fils du 585 Boul. Laure à Sept-Îles, maintenant reconnue Distinction et membre de la Corporation des Thanatologues du Québec.</p>
<p>Vous pouvez consulter cet avis de décès sur le : <a href="https://nouveau.maisonmallet.com/back05_01">www.maisonmallet.com</a></p>
<p>Ceux et celles qui le désirent, peuvent y envoyer des messages de sympathie.</p>
<p>&nbsp;</p>
<hr />
<p>Envoyer vos condoléances</p>
<p>[contact-form to= »jeannotlapin50@hotmail.com » subject= »Condoléances Jeannot Gagnon »][contact-field label= »Votre nom » type= »name » required= »1&Prime;][contact-field label= »Votre courriel » type= »email » required= »1&Prime;][contact-field label= »Condoléances » type= »textarea »][/contact-form]</p>
