{"id":24833,"date":"2021-10-23T19:48:31","date_gmt":"2021-10-23T23:48:31","guid":{"rendered":"https:\/\/nouveau.maisonmallet.com\/?post_type=event&#038;p=24833"},"modified":"2021-10-25T09:12:35","modified_gmt":"2021-10-25T13:12:35","slug":"boudreault-marthe-sauvageau","status":"publish","type":"event","link":"https:\/\/nouveau.maisonmallet.com\/back05_01\/?event=boudreault-marthe-sauvageau","title":{"rendered":"BOUDREAULT, Marthe (Sauvageau)"},"content":{"rendered":"<p>1921 &#8211; 2021<\/p>\n<p>BOUDREAULT, Marthe (Sauvageau)<\/p>\n<p>&nbsp;<\/p>\n<p>\u00c0 Sept-\u00celes, le 19 octobre 2021, est d\u00e9c\u00e9d\u00e9e \u00e0 l\u2019\u00e2ge de 100 ans 6 mois, madame Marthe Boudreault \u00e9pouse de feu Jean Sauvageau et domicili\u00e9e \u00e0 Sept-\u00celes.<\/p>\n<p>Les fun\u00e9railles de madame Marthe Boudreault Sauvageau auront lieu le vendredi 29 octobre 2021 \u00e0 10 h 30 en l\u2019\u00e9glise St-Joseph situ\u00e9e au 535, ave. Brochu \u00e0 Sept-\u00celes et de l\u00e0 au cimeti\u00e8re Catholique de Sept-\u00celes.<\/p>\n<p>La famille re\u00e7oit parents et amis le jeudi 28 octobre 2021 de 13 h \u00e0 16 h et de 19 h \u00e0 22 h. Le vendredi 29 octobre 2021, jour des fun\u00e9railles, \u00e0 compter de 9 h au Complexe Thanatologique Mallet &amp; fils du 585 Boul. Laure \u00e0 Sept-\u00celes.<\/p>\n<p><strong><u>D\u00fb aux circonstances reli\u00e9es \u00e0 la pand\u00e9mie, vous pouvez venir pr\u00e9senter vos condol\u00e9ances en respectant la distanciation physique et le port du masque sera obligatoire.<\/u><\/strong><\/p>\n<p>Elle laisse dans le deuil ses fils\u00a0: Jean-Guy (Ella McCormick), Claude (Nicole Boillat) et Jacques (Marl\u00e8ne Milot), sa fille Line (Edouard Boudreau), ses petits-fils\u00a0: Eric (\u00c9lizabeth Rodriguez), Dominic (Joyce Hum), Martin (Narges Rashidi), Patrick (Marie-\u00c9ve Blanchet) et Jean-S\u00e9bastien, ses petites-filles\u00a0: H\u00e9l\u00e8ne (Danny Gobeil), Joan (Guillaume Couture), Genevi\u00e8ve (Olivier Lavoie) et Marie-Audrey (Patrick Belliveau), ses quinze arri\u00e8re-petits-enfants ainsi que ses neveux, ses ni\u00e8ces, ses cousins, ses cousines et de nombreux ami(e)s.<\/p>\n<p>Vos marques de sympathie peuvent se traduire par un don \u00e0 l\u2019\u00c9lyme des sables <a href=\"http:\/\/www.elymedessables.com\">www.elymedessables.com<\/a> et ou \u00e0 La fondation r\u00e9gionale h\u00f4pital Sept-\u00celes <a href=\"http:\/\/www.fondationsept-iles.qc.ca\">www.fondationsept-iles.qc.ca<\/a><\/p>\n<p>La famille a confi\u00e9 la direction des fun\u00e9railles aux services professionnels de la Maison Mallet &amp; fils du 585 boul. Laure \u00e0 Sept-\u00celes, maintenant reconnue Distinction et membre de la Corporation des Thanatologues du Qu\u00e9bec.<\/p>\n<p>Vous pouvez consulter cet avis de d\u00e9c\u00e8s sur le <a href=\"https:\/\/nouveau.maisonmallet.com\/back05_01\">www.maisonmallet.com<\/a><\/p>\n<p>Ceux et celles qui le d\u00e9sirent, peuvent y envoyer des messages de sympathies.<\/p>\n<p>&nbsp;<\/p>\n<hr \/>\n<p>Envoyer vos condol\u00e9ances<\/p>\n<p>[contact-form to=\u00a0\u00bbsauvageaujacques@gmail.com\u00a0\u00bb subject=\u00a0\u00bbCondol\u00e9ances Marthe Boudreault\u00a0\u00bb][contact-field label=\u00a0\u00bbVotre nom\u00a0\u00bb type=\u00a0\u00bbname\u00a0\u00bb required=\u00a0\u00bb1&Prime;][contact-field label=\u00a0\u00bbVotre courriel\u00a0\u00bb type=\u00a0\u00bbemail\u00a0\u00bb required=\u00a0\u00bb1&Prime;][contact-field label=\u00a0\u00bbCondol\u00e9ances\u00a0\u00bb type=\u00a0\u00bbtextarea\u00a0\u00bb][\/contact-form]<\/p>\n","protected":false},"featured_media":24976,"template":"","event_cat":[6],"class_list":["post-24833","event","type-event","status-publish","has-post-thumbnail","hentry","event_cat-maison-mallet-et-fils-inc"],"_links":{"self":[{"href":"https:\/\/nouveau.maisonmallet.com\/back05_01\/index.php?rest_route=\/wp\/v2\/event\/24833","targetHints":{"allow":["GET"]}}],"collection":[{"href":"https:\/\/nouveau.maisonmallet.com\/back05_01\/index.php?rest_route=\/wp\/v2\/event"}],"about":[{"href":"https:\/\/nouveau.maisonmallet.com\/back05_01\/index.php?rest_route=\/wp\/v2\/types\/event"}],"wp:featuredmedia":[{"embeddable":true,"href":"https:\/\/nouveau.maisonmallet.com\/back05_01\/index.php?rest_route=\/wp\/v2\/media\/24976"}],"wp:attachment":[{"href":"https:\/\/nouveau.maisonmallet.com\/back05_01\/index.php?rest_route=%2Fwp%2Fv2%2Fmedia&parent=24833"}],"wp:term":[{"taxonomy":"event_cat","embeddable":true,"href":"https:\/\/nouveau.maisonmallet.com\/back05_01\/index.php?rest_route=%2Fwp%2Fv2%2Fevent_cat&post=24833"}],"curies":[{"name":"wp","href":"https:\/\/api.w.org\/{rel}","templated":true}]}}

<p>1921 &#8211; 2021</p>
<p>BOUDREAULT, Marthe (Sauvageau)</p>
<p>&nbsp;</p>
<p>À Sept-Îles, le 19 octobre 2021, est décédée à l’âge de 100 ans 6 mois, madame Marthe Boudreault épouse de feu Jean Sauvageau et domiciliée à Sept-Îles.</p>
<p>Les funérailles de madame Marthe Boudreault Sauvageau auront lieu le vendredi 29 octobre 2021 à 10 h 30 en l’église St-Joseph située au 535, ave. Brochu à Sept-Îles et de là au cimetière Catholique de Sept-Îles.</p>
<p>La famille reçoit parents et amis le jeudi 28 octobre 2021 de 13 h à 16 h et de 19 h à 22 h. Le vendredi 29 octobre 2021, jour des funérailles, à compter de 9 h au Complexe Thanatologique Mallet &amp; fils du 585 Boul. Laure à Sept-Îles.</p>
<p><strong><u>Dû aux circonstances reliées à la pandémie, vous pouvez venir présenter vos condoléances en respectant la distanciation physique et le port du masque sera obligatoire.</u></strong></p>
<p>Elle laisse dans le deuil ses fils : Jean-Guy (Ella McCormick), Claude (Nicole Boillat) et Jacques (Marlène Milot), sa fille Line (Edouard Boudreau), ses petits-fils : Eric (Élizabeth Rodriguez), Dominic (Joyce Hum), Martin (Narges Rashidi), Patrick (Marie-Éve Blanchet) et Jean-Sébastien, ses petites-filles : Hélène (Danny Gobeil), Joan (Guillaume Couture), Geneviève (Olivier Lavoie) et Marie-Audrey (Patrick Belliveau), ses quinze arrière-petits-enfants ainsi que ses neveux, ses nièces, ses cousins, ses cousines et de nombreux ami(e)s.</p>
<p>Vos marques de sympathie peuvent se traduire par un don à l’Élyme des sables <a href="http://www.elymedessables.com">www.elymedessables.com</a> et ou à La fondation régionale hôpital Sept-Îles <a href="http://www.fondationsept-iles.qc.ca">www.fondationsept-iles.qc.ca</a></p>
<p>La famille a confié la direction des funérailles aux services professionnels de la Maison Mallet &amp; fils du 585 boul. Laure à Sept-Îles, maintenant reconnue Distinction et membre de la Corporation des Thanatologues du Québec.</p>
<p>Vous pouvez consulter cet avis de décès sur le <a href="https://nouveau.maisonmallet.com/back05_01">www.maisonmallet.com</a></p>
<p>Ceux et celles qui le désirent, peuvent y envoyer des messages de sympathies.</p>
<p>&nbsp;</p>
<hr />
<p>Envoyer vos condoléances</p>
<p>[contact-form to= »sauvageaujacques@gmail.com » subject= »Condoléances Marthe Boudreault »][contact-field label= »Votre nom » type= »name » required= »1&Prime;][contact-field label= »Votre courriel » type= »email » required= »1&Prime;][contact-field label= »Condoléances » type= »textarea »][/contact-form]</p>
