{"id":25026,"date":"2021-10-25T09:07:34","date_gmt":"2021-10-25T13:07:34","guid":{"rendered":"https:\/\/nouveau.maisonmallet.com\/?post_type=event&#038;p=25026"},"modified":"2021-10-26T21:34:07","modified_gmt":"2021-10-27T01:34:07","slug":"leblanc-raymonde","status":"publish","type":"event","link":"https:\/\/nouveau.maisonmallet.com\/back05_01\/?event=leblanc-raymonde","title":{"rendered":"LEBLANC, Raymonde"},"content":{"rendered":"<p>1937 \u2013 2021<\/p>\n<p>LEBLANC, Raymonde<\/p>\n<p>&nbsp;<\/p>\n<p>\u00c0 Sept-\u00celes (r\u00e9sidence Urgel Pelletier), le 17 octobre 2021, est d\u00e9c\u00e9d\u00e9e \u00e0 l\u2019\u00e2ge de 84 ans, madame Raymonde Leblanc fille de feu Joseph-Bruno Leblanc et de feue Albertine Beaudin domicili\u00e9e \u00e0 Sept-\u00celes.<\/p>\n<p>La c\u00e9r\u00e9monie de madame Raymonde Leblanc aura lieu le dimanche 31 octobre 2021 \u00e0 15 h 15 \u00e0 la chapelle du Complexe Thanatologique Mallet &amp; fils du 585, Boul. Laure \u00e0 Sept-\u00celes.<\/p>\n<p>Selon ses volont\u00e9s, elle a \u00e9t\u00e9 confi\u00e9e au cr\u00e9matorium de la Maison Mallet &amp; fils pour cr\u00e9mation.<\/p>\n<p>La famille re\u00e7oit parents et amis le dimanche 31 octobre 2021 de 13 h \u00e0 16 h au Complexe Thanatologique Mallet &amp; fils, situ\u00e9 au 585, boul. Laure \u00e0 Sept-\u00celes.<\/p>\n<p><strong><u>D\u00fb aux circonstances reli\u00e9es \u00e0 la pand\u00e9mie, vous pouvez venir pr\u00e9senter vos condol\u00e9ances en respectant la distanciation sociale et le port du masque sera obligatoire.<\/u><\/strong><\/p>\n<p>Elle laisse dans le deuil ses s\u0153urs : Anita, Ange-Marie et Rosette (Arnold Levesque), son fr\u00e8re Jacques, ses belles-s\u0153urs : C\u00e9cile, Marcelle et \u00c9milienne, sa famille proche : Daniel, Mario, Manon, Renaud, \u00c9ric, Nathalie (Steve) et Alyson ainsi que ses neveux, ses ni\u00e8ces, ses cousins, ses cousines.<\/p>\n<p>Vos marques de sympathie peuvent se traduire par un don \u00e0 l\u2019\u00c9lyme des sables <a href=\"http:\/\/www.elymedessables.com\">www.elymedessables.com<\/a><\/p>\n<p>Remerciement tout sp\u00e9cial au Dre. Baril ainsi qu\u2019au personnel infirmier, pr\u00e9pos\u00e9s au b\u00e9n\u00e9ficiaire et \u00e9ducateurs sp\u00e9cialis\u00e9s de la r\u00e9sidence Urgel Pelletier.<\/p>\n<p>La famille a confi\u00e9 les arrangements aux services professionnels de la Maison Mallet &amp; fils du 585 Boul. Laure \u00e0 Sept-\u00celes, maintenant reconnue Distinction et membre de la Corporation des Thanatologues du Qu\u00e9bec.<\/p>\n<p>Vous pouvez consulter cet avis de d\u00e9c\u00e8s sur le\u00a0: <a href=\"https:\/\/nouveau.maisonmallet.com\/back05_01\">www.maisonmallet.com<\/a><\/p>\n<p>Ceux et celles qui le d\u00e9sirent, peuvent y envoyer des messages de sympathie.<\/p>\n<p>&nbsp;<\/p>\n<hr \/>\n<p>Envoyer vos condol\u00e9ances<\/p>\n<p>[contact-form to=\u00a0\u00bbange-marieleblanc@hotmail.com\u00a0\u00bb subject=\u00a0\u00bbCondol\u00e9ances Raymonde Leblanc\u00a0\u00bb][contact-field label=\u00a0\u00bbVotre nom\u00a0\u00bb type=\u00a0\u00bbname\u00a0\u00bb required=\u00a0\u00bb1&Prime;][contact-field label=\u00a0\u00bbVotre courriel\u00a0\u00bb type=\u00a0\u00bbemail\u00a0\u00bb required=\u00a0\u00bb1&Prime;][contact-field label=\u00a0\u00bbCondol\u00e9ances\u00a0\u00bb type=\u00a0\u00bbtextarea\u00a0\u00bb][\/contact-form]<\/p>\n","protected":false},"featured_media":25031,"template":"","event_cat":[6],"class_list":["post-25026","event","type-event","status-publish","has-post-thumbnail","hentry","event_cat-maison-mallet-et-fils-inc"],"_links":{"self":[{"href":"https:\/\/nouveau.maisonmallet.com\/back05_01\/index.php?rest_route=\/wp\/v2\/event\/25026","targetHints":{"allow":["GET"]}}],"collection":[{"href":"https:\/\/nouveau.maisonmallet.com\/back05_01\/index.php?rest_route=\/wp\/v2\/event"}],"about":[{"href":"https:\/\/nouveau.maisonmallet.com\/back05_01\/index.php?rest_route=\/wp\/v2\/types\/event"}],"wp:featuredmedia":[{"embeddable":true,"href":"https:\/\/nouveau.maisonmallet.com\/back05_01\/index.php?rest_route=\/wp\/v2\/media\/25031"}],"wp:attachment":[{"href":"https:\/\/nouveau.maisonmallet.com\/back05_01\/index.php?rest_route=%2Fwp%2Fv2%2Fmedia&parent=25026"}],"wp:term":[{"taxonomy":"event_cat","embeddable":true,"href":"https:\/\/nouveau.maisonmallet.com\/back05_01\/index.php?rest_route=%2Fwp%2Fv2%2Fevent_cat&post=25026"}],"curies":[{"name":"wp","href":"https:\/\/api.w.org\/{rel}","templated":true}]}}

<p>1937 – 2021</p>
<p>LEBLANC, Raymonde</p>
<p>&nbsp;</p>
<p>À Sept-Îles (résidence Urgel Pelletier), le 17 octobre 2021, est décédée à l’âge de 84 ans, madame Raymonde Leblanc fille de feu Joseph-Bruno Leblanc et de feue Albertine Beaudin domiciliée à Sept-Îles.</p>
<p>La cérémonie de madame Raymonde Leblanc aura lieu le dimanche 31 octobre 2021 à 15 h 15 à la chapelle du Complexe Thanatologique Mallet &amp; fils du 585, Boul. Laure à Sept-Îles.</p>
<p>Selon ses volontés, elle a été confiée au crématorium de la Maison Mallet &amp; fils pour crémation.</p>
<p>La famille reçoit parents et amis le dimanche 31 octobre 2021 de 13 h à 16 h au Complexe Thanatologique Mallet &amp; fils, situé au 585, boul. Laure à Sept-Îles.</p>
<p><strong><u>Dû aux circonstances reliées à la pandémie, vous pouvez venir présenter vos condoléances en respectant la distanciation sociale et le port du masque sera obligatoire.</u></strong></p>
<p>Elle laisse dans le deuil ses sœurs : Anita, Ange-Marie et Rosette (Arnold Levesque), son frère Jacques, ses belles-sœurs : Cécile, Marcelle et Émilienne, sa famille proche : Daniel, Mario, Manon, Renaud, Éric, Nathalie (Steve) et Alyson ainsi que ses neveux, ses nièces, ses cousins, ses cousines.</p>
<p>Vos marques de sympathie peuvent se traduire par un don à l’Élyme des sables <a href="http://www.elymedessables.com">www.elymedessables.com</a></p>
<p>Remerciement tout spécial au Dre. Baril ainsi qu’au personnel infirmier, préposés au bénéficiaire et éducateurs spécialisés de la résidence Urgel Pelletier.</p>
<p>La famille a confié les arrangements aux services professionnels de la Maison Mallet &amp; fils du 585 Boul. Laure à Sept-Îles, maintenant reconnue Distinction et membre de la Corporation des Thanatologues du Québec.</p>
<p>Vous pouvez consulter cet avis de décès sur le : <a href="https://nouveau.maisonmallet.com/back05_01">www.maisonmallet.com</a></p>
<p>Ceux et celles qui le désirent, peuvent y envoyer des messages de sympathie.</p>
<p>&nbsp;</p>
<hr />
<p>Envoyer vos condoléances</p>
<p>[contact-form to= »ange-marieleblanc@hotmail.com » subject= »Condoléances Raymonde Leblanc »][contact-field label= »Votre nom » type= »name » required= »1&Prime;][contact-field label= »Votre courriel » type= »email » required= »1&Prime;][contact-field label= »Condoléances » type= »textarea »][/contact-form]</p>
