{"id":25147,"date":"2021-10-30T19:33:57","date_gmt":"2021-10-30T23:33:57","guid":{"rendered":"https:\/\/nouveau.maisonmallet.com\/?post_type=event&#038;p=25147"},"modified":"2021-10-31T19:52:12","modified_gmt":"2021-10-31T23:52:12","slug":"boudreau-yvan","status":"publish","type":"event","link":"https:\/\/nouveau.maisonmallet.com\/back05_01\/?event=boudreau-yvan","title":{"rendered":"BOUDREAU, Yvan"},"content":{"rendered":"<p>1960 \u2013 2021<\/p>\n<p>BOUDREAU, Yvan<\/p>\n<p>&nbsp;<\/p>\n<p>\u00c0 Havre-Saint-Pierre, le 26 octobre 2021, est d\u00e9c\u00e9d\u00e9 \u00e0 l\u2019\u00e2ge de 61 ans 8 mois, monsieur Yvan Boudreau \u00e9poux de madame Sylvie Vigneault et domicili\u00e9 \u00e0 Havre-Saint-Pierre.<\/p>\n<p>Les fun\u00e9railles de monsieur Yvan Boudreau auront lieu le samedi 13 novembre 2021 \u00e0 11 h en l\u2019\u00e9glise Saint-Pierre de Havre-Saint-Pierre et de l\u00e0 au cimeti\u00e8re de l\u2019endroit.<\/p>\n<p>Selon ses volont\u00e9s, il a \u00e9t\u00e9 confi\u00e9 au cr\u00e9matorium de la Maison L.J.G. Mallet pour cr\u00e9mation.<\/p>\n<p>La famille re\u00e7oit parents et amis le vendredi 12 novembre 2021 de 19 h \u00e0 22. Le samedi 13 novembre 2021 jour des fun\u00e9railles \u00e0 compter de 10 h au salon de la Maison L.J.G. Mallet du 1429, rue du Canot \u00e0 Havre-Saint-Pierre.<\/p>\n<p><strong>D\u00fb aux circonstances reli\u00e9es \u00e0 la pand\u00e9mie, vous pouvez venir pr\u00e9senter vos condol\u00e9ances en respectant la distanciation sociale et le port du masque sera obligatoire.<\/strong><\/p>\n<p>Il laisse dans le deuil outre son \u00e9pouse madame Sylvie Vigneault, sa fille Marie-Jo\u00eblle (Louis Th\u00e9rault), son fils Kelly (Genevi\u00e8ve Cormier), ses petits-fils\u00a0: \u00c9lliot, Jack et Nolan, sa petite-fille Clara ainsi que sa m\u00e8re madame Carmen Boudreau (feu Roland Boudreau), son fr\u00e8re Gilles (Suzie Cyr), son beau-fr\u00e8re Gordon (Marina Albert),ses belles-s\u0153urs\u00a0: Lyse (Raynald Th\u00e9riault) et Carmelle Landry, ses tantes\u00a0: Ir\u00e8ne Turbis et Albertine Turbis, ses neveux, ses ni\u00e8ces, ses cousins, ses cousines et de nombreux ami(e)s.<\/p>\n<p>La famille a confi\u00e9 la direction des fun\u00e9railles aux services professionnels de la Maison L.J.G. Mallet du 1429, rue du Canot \u00e0 Havre-Saint-Pierre, maintenant reconnue Distinction et membre de la Corporation des Thanatologues du Qu\u00e9bec.<\/p>\n<p>Vous pouvez consulter cet avis de d\u00e9c\u00e8s sur le <a href=\"https:\/\/nouveau.maisonmallet.com\/back05_01\">www.maisonmallet.com<\/a><\/p>\n<p>Ceux et celles qui le d\u00e9sirent, peuvent y envoyer des messages de sympathie.<\/p>\n<p>&nbsp;<\/p>\n<hr \/>\n<p>Envoyer vos condol\u00e9ances<\/p>\n<p>[contact-form to=\u00a0\u00bbmaarie-joosee@live.fr\u00a0\u00bb subject=\u00a0\u00bbCondol\u00e9ances Yvan Boudreau\u00a0\u00bb][contact-field label=\u00a0\u00bbVotre nom\u00a0\u00bb type=\u00a0\u00bbname\u00a0\u00bb required=\u00a0\u00bb1&Prime;][contact-field label=\u00a0\u00bbVotre courriel\u00a0\u00bb type=\u00a0\u00bbemail\u00a0\u00bb required=\u00a0\u00bb1&Prime;][contact-field label=\u00a0\u00bbCondol\u00e9ances\u00a0\u00bb type=\u00a0\u00bbtextarea\u00a0\u00bb][\/contact-form]<\/p>\n","protected":false},"featured_media":25163,"template":"","event_cat":[7],"class_list":["post-25147","event","type-event","status-publish","has-post-thumbnail","hentry","event_cat-maison-l-j-g-mallet-inc"],"_links":{"self":[{"href":"https:\/\/nouveau.maisonmallet.com\/back05_01\/index.php?rest_route=\/wp\/v2\/event\/25147","targetHints":{"allow":["GET"]}}],"collection":[{"href":"https:\/\/nouveau.maisonmallet.com\/back05_01\/index.php?rest_route=\/wp\/v2\/event"}],"about":[{"href":"https:\/\/nouveau.maisonmallet.com\/back05_01\/index.php?rest_route=\/wp\/v2\/types\/event"}],"wp:featuredmedia":[{"embeddable":true,"href":"https:\/\/nouveau.maisonmallet.com\/back05_01\/index.php?rest_route=\/wp\/v2\/media\/25163"}],"wp:attachment":[{"href":"https:\/\/nouveau.maisonmallet.com\/back05_01\/index.php?rest_route=%2Fwp%2Fv2%2Fmedia&parent=25147"}],"wp:term":[{"taxonomy":"event_cat","embeddable":true,"href":"https:\/\/nouveau.maisonmallet.com\/back05_01\/index.php?rest_route=%2Fwp%2Fv2%2Fevent_cat&post=25147"}],"curies":[{"name":"wp","href":"https:\/\/api.w.org\/{rel}","templated":true}]}}

<p>1960 – 2021</p>
<p>BOUDREAU, Yvan</p>
<p>&nbsp;</p>
<p>À Havre-Saint-Pierre, le 26 octobre 2021, est décédé à l’âge de 61 ans 8 mois, monsieur Yvan Boudreau époux de madame Sylvie Vigneault et domicilié à Havre-Saint-Pierre.</p>
<p>Les funérailles de monsieur Yvan Boudreau auront lieu le samedi 13 novembre 2021 à 11 h en l’église Saint-Pierre de Havre-Saint-Pierre et de là au cimetière de l’endroit.</p>
<p>Selon ses volontés, il a été confié au crématorium de la Maison L.J.G. Mallet pour crémation.</p>
<p>La famille reçoit parents et amis le vendredi 12 novembre 2021 de 19 h à 22. Le samedi 13 novembre 2021 jour des funérailles à compter de 10 h au salon de la Maison L.J.G. Mallet du 1429, rue du Canot à Havre-Saint-Pierre.</p>
<p><strong>Dû aux circonstances reliées à la pandémie, vous pouvez venir présenter vos condoléances en respectant la distanciation sociale et le port du masque sera obligatoire.</strong></p>
<p>Il laisse dans le deuil outre son épouse madame Sylvie Vigneault, sa fille Marie-Joëlle (Louis Thérault), son fils Kelly (Geneviève Cormier), ses petits-fils : Élliot, Jack et Nolan, sa petite-fille Clara ainsi que sa mère madame Carmen Boudreau (feu Roland Boudreau), son frère Gilles (Suzie Cyr), son beau-frère Gordon (Marina Albert),ses belles-sœurs : Lyse (Raynald Thériault) et Carmelle Landry, ses tantes : Irène Turbis et Albertine Turbis, ses neveux, ses nièces, ses cousins, ses cousines et de nombreux ami(e)s.</p>
<p>La famille a confié la direction des funérailles aux services professionnels de la Maison L.J.G. Mallet du 1429, rue du Canot à Havre-Saint-Pierre, maintenant reconnue Distinction et membre de la Corporation des Thanatologues du Québec.</p>
<p>Vous pouvez consulter cet avis de décès sur le <a href="https://nouveau.maisonmallet.com/back05_01">www.maisonmallet.com</a></p>
<p>Ceux et celles qui le désirent, peuvent y envoyer des messages de sympathie.</p>
<p>&nbsp;</p>
<hr />
<p>Envoyer vos condoléances</p>
<p>[contact-form to= »maarie-joosee@live.fr » subject= »Condoléances Yvan Boudreau »][contact-field label= »Votre nom » type= »name » required= »1&Prime;][contact-field label= »Votre courriel » type= »email » required= »1&Prime;][contact-field label= »Condoléances » type= »textarea »][/contact-form]</p>
