{"id":25162,"date":"2021-10-30T19:40:13","date_gmt":"2021-10-30T23:40:13","guid":{"rendered":"https:\/\/nouveau.maisonmallet.com\/?post_type=event&#038;p=25162"},"modified":"2021-10-31T20:03:32","modified_gmt":"2021-11-01T00:03:32","slug":"modele-nom-prenom-47","status":"publish","type":"event","link":"https:\/\/nouveau.maisonmallet.com\/back05_01\/?event=modele-nom-prenom-47","title":{"rendered":"BEAUDIN, On\u00e9sime (CANAILLE)"},"content":{"rendered":"<p>1938 \u2013 2021<\/p>\n<p>BEAUDIN, On\u00e9sime (CANAILLE)<\/p>\n<p>&nbsp;<\/p>\n<p>\u00c0 Havre-Saint-Pierre, le 24 octobre 2021, est d\u00e9c\u00e9d\u00e9 \u00e0 l\u2019\u00e2ge de 83 ans 4 mois, monsieur CANAILLE On\u00e9sime Beaudin fils de feu Albert-On\u00e9sime Beaudin et de feue Mathilda Beaudin domicili\u00e9 \u00e0 Longue-Pointe-de-Mingan.<\/p>\n<p>Les fun\u00e9railles de monsieur CANAILLE On\u00e9sime Beaudin auront lieu le samedi 13 novembre 2021\u00e0 14 h en l\u2019\u00e9glise Saint-Jean-Ap\u00f4tre de Rivi\u00e8re Saint-Jean et de l\u00e0 au cimeti\u00e8re de l\u2019endroit.<\/p>\n<p>Selon ses volont\u00e9s, il a \u00e9t\u00e9 confi\u00e9 au cr\u00e9matorium de la Maison L.J.G. Mallet pour cr\u00e9mation.<\/p>\n<p>Il laisse dans le deuil ses fr\u00e8res\u00a0: Claude (feue Marina Pelletier) et Yvon (Francoise Bisson), ses s\u0153urs\u00a0: Ernestine (Norbert Paris\u00e9e) et Aurore (feu Rodrigue Vibert), ses neveux, ses ni\u00e8ces, ses cousins, ses cousines et de nombreux ami(e)s.<\/p>\n<p>La famille a confi\u00e9 les arrangements fun\u00e9raires aux services professionnels de la Maison L.J.G. Mallet du 1429, rue du Canot \u00e0 Havre-Saint-Pierre, maintenant reconnue Distinction et membre de la Corporation des Thanatologues du Qu\u00e9bec.<\/p>\n<p>Vous pouvez consulter cet avis de d\u00e9c\u00e8s sur le <a href=\"https:\/\/nouveau.maisonmallet.com\/back05_01\">www.maisonmallet.com<\/a><\/p>\n<p>Ceux et celles qui le d\u00e9sirent, peuvent y envoyer des messages de sympathie.<\/p>\n<p>&nbsp;<\/p>\n<hr \/>\n<p>Envoyer vos condol\u00e9ances<\/p>\n<p>[contact-form to=\u00a0\u00bbaurore.vibert@hotmail.com\u00a0\u00bb subject=\u00a0\u00bbCondol\u00e9ances CANAILLE On\u00e9sime Beaudin\u00a0\u00bb][contact-field label=\u00a0\u00bbVotre nom\u00a0\u00bb type=\u00a0\u00bbname\u00a0\u00bb required=\u00a0\u00bb1&Prime;][contact-field label=\u00a0\u00bbVotre courriel\u00a0\u00bb type=\u00a0\u00bbemail\u00a0\u00bb required=\u00a0\u00bb1&Prime;][contact-field label=\u00a0\u00bbCondol\u00e9ances\u00a0\u00bb type=\u00a0\u00bbtextarea\u00a0\u00bb][\/contact-form]<\/p>\n","protected":false},"featured_media":25165,"template":"","event_cat":[7],"class_list":["post-25162","event","type-event","status-publish","has-post-thumbnail","hentry","event_cat-maison-l-j-g-mallet-inc"],"_links":{"self":[{"href":"https:\/\/nouveau.maisonmallet.com\/back05_01\/index.php?rest_route=\/wp\/v2\/event\/25162","targetHints":{"allow":["GET"]}}],"collection":[{"href":"https:\/\/nouveau.maisonmallet.com\/back05_01\/index.php?rest_route=\/wp\/v2\/event"}],"about":[{"href":"https:\/\/nouveau.maisonmallet.com\/back05_01\/index.php?rest_route=\/wp\/v2\/types\/event"}],"wp:featuredmedia":[{"embeddable":true,"href":"https:\/\/nouveau.maisonmallet.com\/back05_01\/index.php?rest_route=\/wp\/v2\/media\/25165"}],"wp:attachment":[{"href":"https:\/\/nouveau.maisonmallet.com\/back05_01\/index.php?rest_route=%2Fwp%2Fv2%2Fmedia&parent=25162"}],"wp:term":[{"taxonomy":"event_cat","embeddable":true,"href":"https:\/\/nouveau.maisonmallet.com\/back05_01\/index.php?rest_route=%2Fwp%2Fv2%2Fevent_cat&post=25162"}],"curies":[{"name":"wp","href":"https:\/\/api.w.org\/{rel}","templated":true}]}}

BEAUDIN, Onésime (CANAILLE)

<p>1938 – 2021</p>
<p>BEAUDIN, Onésime (CANAILLE)</p>
<p>&nbsp;</p>
<p>À Havre-Saint-Pierre, le 24 octobre 2021, est décédé à l’âge de 83 ans 4 mois, monsieur CANAILLE Onésime Beaudin fils de feu Albert-Onésime Beaudin et de feue Mathilda Beaudin domicilié à Longue-Pointe-de-Mingan.</p>
<p>Les funérailles de monsieur CANAILLE Onésime Beaudin auront lieu le samedi 13 novembre 2021à 14 h en l’église Saint-Jean-Apôtre de Rivière Saint-Jean et de là au cimetière de l’endroit.</p>
<p>Selon ses volontés, il a été confié au crématorium de la Maison L.J.G. Mallet pour crémation.</p>
<p>Il laisse dans le deuil ses frères : Claude (feue Marina Pelletier) et Yvon (Francoise Bisson), ses sœurs : Ernestine (Norbert Parisée) et Aurore (feu Rodrigue Vibert), ses neveux, ses nièces, ses cousins, ses cousines et de nombreux ami(e)s.</p>
<p>La famille a confié les arrangements funéraires aux services professionnels de la Maison L.J.G. Mallet du 1429, rue du Canot à Havre-Saint-Pierre, maintenant reconnue Distinction et membre de la Corporation des Thanatologues du Québec.</p>
<p>Vous pouvez consulter cet avis de décès sur le <a href="https://nouveau.maisonmallet.com/back05_01">www.maisonmallet.com</a></p>
<p>Ceux et celles qui le désirent, peuvent y envoyer des messages de sympathie.</p>
<p>&nbsp;</p>
<hr />
<p>Envoyer vos condoléances</p>
<p>[contact-form to= »aurore.vibert@hotmail.com » subject= »Condoléances CANAILLE Onésime Beaudin »][contact-field label= »Votre nom » type= »name » required= »1&Prime;][contact-field label= »Votre courriel » type= »email » required= »1&Prime;][contact-field label= »Condoléances » type= »textarea »][/contact-form]</p>
