{"id":25247,"date":"2021-11-04T15:51:39","date_gmt":"2021-11-04T19:51:39","guid":{"rendered":"https:\/\/nouveau.maisonmallet.com\/?post_type=event&#038;p=25247"},"modified":"2021-11-07T10:25:25","modified_gmt":"2021-11-07T15:25:25","slug":"boudreau-leonie-vigneault","status":"publish","type":"event","link":"https:\/\/nouveau.maisonmallet.com\/back05_01\/?event=boudreau-leonie-vigneault","title":{"rendered":"BOUDREAU, L\u00e9onie (Vigneault)"},"content":{"rendered":"<p>1926 \u2013 2021<\/p>\n<p>BOUDREAU, L\u00e9onie (Vigneault)<\/p>\n<p>&nbsp;<\/p>\n<p>\u00c0 Havre-Saint-Pierre, le 4 novembre 2021, est d\u00e9c\u00e9d\u00e9e \u00e0 l\u2019\u00e2ge de 95 ans 1 mois, madame L\u00e9onie Boudreau \u00e9pouse de feu Paul-Alex Vigneault et domicili\u00e9e \u00e0 Havre-Saint-Pierre.<\/p>\n<p>Les fun\u00e9railles de madame L\u00e9onie Boudreau Vigneault auront lieu le lundi 8 novembre 2021 \u00e0 14 h en l\u2019\u00e9glise Saint-Pierre de Havre-Saint-Pierre et de l\u00e0 au cimeti\u00e8re de l\u2019endroit.<\/p>\n<p>Selon ses volont\u00e9s, elle a \u00e9t\u00e9 confi\u00e9e au cr\u00e9matorium de la Maison L.J.G. Mallet pour cr\u00e9mation.<\/p>\n<p>La famille re\u00e7oit parents et amis le dimanche 7 novembre 2021 de 19 h \u00e0 22. Le lundi 8 novembre 2021 jour des fun\u00e9railles \u00e0 compter de 13 h au salon de la Maison L.J.G. Mallet du 1429, rue du Canot \u00e0 Havre-Saint-Pierre.<\/p>\n<p><strong>D\u00fb aux circonstances reli\u00e9es \u00e0 la pand\u00e9mie, vous pouvez venir pr\u00e9senter vos condol\u00e9ances en respectant la distanciation sociale et le port du masque sera obligatoire.<\/strong><\/p>\n<p>Elle laisse dans le deuil ses fils :Jean-Paul (Martine No\u00ebl), Albert (Micheline Lebrun), Bertrand (Lorraine Jomphe), Sylvain (Tina Desch\u00eanes) et Steeve (Kathy Lebrun), ses filles : Jacinthe (Michel Flowers), Nicole (Bertrand Boudreau), Agathe (Camil Boudreau) et Th\u00e9r\u00e8se (Eddy Jomphe), ses vingt petits-enfants, ses vingt-huit arri\u00e8re-petits-enfants ainsi que son fr\u00e8re Julien (Yvonette Arseneault), sa s\u0153ur Denise, sa belle-s\u0153ur\u00a0 Liliane D\u00e9raps, ses neveux, ses ni\u00e8ces et de nombreux ami(e)s.<\/p>\n<p>La famille a confi\u00e9 la direction des fun\u00e9railles aux services professionnels de la Maison L.J.G. Mallet du 1429, rue du Canot \u00e0 Havre-Saint-Pierre, maintenant reconnue Distinction et membre de la Corporation des Thanatologues du Qu\u00e9bec.<\/p>\n<p>Vous pouvez consulter cet avis de d\u00e9c\u00e8s sur le <a href=\"https:\/\/nouveau.maisonmallet.com\/back05_01\">www.maisonmallet.com<\/a><\/p>\n<p>Ceux et celles qui le d\u00e9sirent, peuvent y envoyer des messages de sympathie.<\/p>\n<p>&nbsp;<\/p>\n<hr \/>\n<p>Envoyer vos condol\u00e9ances<\/p>\n<p>[contact-form to=\u00a0\u00bbmaxsab@hotmail.ca\u00a0\u00bb subject=\u00a0\u00bbCondol\u00e9ances L\u00e9onie Boudreau\u00a0\u00bb][contact-field label=\u00a0\u00bbVotre nom\u00a0\u00bb type=\u00a0\u00bbname\u00a0\u00bb required=\u00a0\u00bb1&Prime;][contact-field label=\u00a0\u00bbVotre courriel\u00a0\u00bb type=\u00a0\u00bbemail\u00a0\u00bb required=\u00a0\u00bb1&Prime;][contact-field label=\u00a0\u00bbCondol\u00e9ances\u00a0\u00bb type=\u00a0\u00bbtextarea\u00a0\u00bb][\/contact-form]<\/p>\n","protected":false},"featured_media":25429,"template":"","event_cat":[7],"class_list":["post-25247","event","type-event","status-publish","has-post-thumbnail","hentry","event_cat-maison-l-j-g-mallet-inc"],"_links":{"self":[{"href":"https:\/\/nouveau.maisonmallet.com\/back05_01\/index.php?rest_route=\/wp\/v2\/event\/25247","targetHints":{"allow":["GET"]}}],"collection":[{"href":"https:\/\/nouveau.maisonmallet.com\/back05_01\/index.php?rest_route=\/wp\/v2\/event"}],"about":[{"href":"https:\/\/nouveau.maisonmallet.com\/back05_01\/index.php?rest_route=\/wp\/v2\/types\/event"}],"wp:featuredmedia":[{"embeddable":true,"href":"https:\/\/nouveau.maisonmallet.com\/back05_01\/index.php?rest_route=\/wp\/v2\/media\/25429"}],"wp:attachment":[{"href":"https:\/\/nouveau.maisonmallet.com\/back05_01\/index.php?rest_route=%2Fwp%2Fv2%2Fmedia&parent=25247"}],"wp:term":[{"taxonomy":"event_cat","embeddable":true,"href":"https:\/\/nouveau.maisonmallet.com\/back05_01\/index.php?rest_route=%2Fwp%2Fv2%2Fevent_cat&post=25247"}],"curies":[{"name":"wp","href":"https:\/\/api.w.org\/{rel}","templated":true}]}}

BOUDREAU, Léonie (Vigneault)

<p>1926 – 2021</p>
<p>BOUDREAU, Léonie (Vigneault)</p>
<p>&nbsp;</p>
<p>À Havre-Saint-Pierre, le 4 novembre 2021, est décédée à l’âge de 95 ans 1 mois, madame Léonie Boudreau épouse de feu Paul-Alex Vigneault et domiciliée à Havre-Saint-Pierre.</p>
<p>Les funérailles de madame Léonie Boudreau Vigneault auront lieu le lundi 8 novembre 2021 à 14 h en l’église Saint-Pierre de Havre-Saint-Pierre et de là au cimetière de l’endroit.</p>
<p>Selon ses volontés, elle a été confiée au crématorium de la Maison L.J.G. Mallet pour crémation.</p>
<p>La famille reçoit parents et amis le dimanche 7 novembre 2021 de 19 h à 22. Le lundi 8 novembre 2021 jour des funérailles à compter de 13 h au salon de la Maison L.J.G. Mallet du 1429, rue du Canot à Havre-Saint-Pierre.</p>
<p><strong>Dû aux circonstances reliées à la pandémie, vous pouvez venir présenter vos condoléances en respectant la distanciation sociale et le port du masque sera obligatoire.</strong></p>
<p>Elle laisse dans le deuil ses fils :Jean-Paul (Martine Noël), Albert (Micheline Lebrun), Bertrand (Lorraine Jomphe), Sylvain (Tina Deschênes) et Steeve (Kathy Lebrun), ses filles : Jacinthe (Michel Flowers), Nicole (Bertrand Boudreau), Agathe (Camil Boudreau) et Thérèse (Eddy Jomphe), ses vingt petits-enfants, ses vingt-huit arrière-petits-enfants ainsi que son frère Julien (Yvonette Arseneault), sa sœur Denise, sa belle-sœur  Liliane Déraps, ses neveux, ses nièces et de nombreux ami(e)s.</p>
<p>La famille a confié la direction des funérailles aux services professionnels de la Maison L.J.G. Mallet du 1429, rue du Canot à Havre-Saint-Pierre, maintenant reconnue Distinction et membre de la Corporation des Thanatologues du Québec.</p>
<p>Vous pouvez consulter cet avis de décès sur le <a href="https://nouveau.maisonmallet.com/back05_01">www.maisonmallet.com</a></p>
<p>Ceux et celles qui le désirent, peuvent y envoyer des messages de sympathie.</p>
<p>&nbsp;</p>
<hr />
<p>Envoyer vos condoléances</p>
<p>[contact-form to= »maxsab@hotmail.ca » subject= »Condoléances Léonie Boudreau »][contact-field label= »Votre nom » type= »name » required= »1&Prime;][contact-field label= »Votre courriel » type= »email » required= »1&Prime;][contact-field label= »Condoléances » type= »textarea »][/contact-form]</p>
