{"id":25575,"date":"2021-11-12T08:53:42","date_gmt":"2021-11-12T13:53:42","guid":{"rendered":"https:\/\/nouveau.maisonmallet.com\/?post_type=event&#038;p=25575"},"modified":"2021-11-15T08:03:56","modified_gmt":"2021-11-15T13:03:56","slug":"thiffault-claurence","status":"publish","type":"event","link":"https:\/\/nouveau.maisonmallet.com\/back05_01\/?event=thiffault-claurence","title":{"rendered":"THIFFAULT, Claurence"},"content":{"rendered":"<p>1933 \u2013 2021<\/p>\n<p>THIFFAULT, Claurence<\/p>\n<p>&nbsp;<\/p>\n<p>\u00c0 Sept-\u00celes, (maison \u00c9lyme des sables) le 11 novembre 2021, est d\u00e9c\u00e9d\u00e9 \u00e0 l\u2019\u00e2ge de 88 ans, monsieur Claurence Thiffault \u00e9poux de feue Armande Vaillancourt et domicili\u00e9 \u00e0 Sept-\u00celes.<\/p>\n<p>Les rituels fun\u00e9raire de monsieur Claurence Thiffault auront lieu le samedi 20 novembre 2021 \u00e0 14 h au Complexe Thanatologique Mallet &amp; fils du 585, Boul. Laure \u00e0 Sept-\u00celes.<\/p>\n<p>La famille re\u00e7oit parents et amis le vendredi 19 novembre 2021 de 19 h \u00e0 22 h. Le samedi 20 novembre 2021 jour des rituels \u00e0 compter de 12 h 30 au Complexe Thanatologique Mallet &amp; fils du 585 Boul. Laure \u00e0 Sept-\u00celes.<\/p>\n<p><strong><u>D\u00fb aux circonstances reli\u00e9es \u00e0 la pand\u00e9mie, vous pouvez venir pr\u00e9senter vos condol\u00e9ances en respectant la distanciation physique et le port du masque sera obligatoire.<\/u><\/strong><\/p>\n<p>Il laisse dans le deuil ses fils Roger (Martine Chambers), Alain (Lise B\u00e9rub\u00e9), Serge, Michel et \u00c9ric (Pascale Lafortune), ses filles Linda et Chantal, ses petits-fils : Jean-S\u00e9bastien, Fran\u00e7ois, Alexandre, Fr\u00e9d\u00e9ric et Xavier, sa petite-fille Annabelle, son arri\u00e8re-petite-fille Livia, son arri\u00e8re-petit-fils Charles-Eloi ainsi que sa s\u0153ur, ses beaux-fr\u00e8res, ses belles-s\u0153urs, ses neveux, ses ni\u00e8ces, ses cousins, ses cousines et de nombreux ami(e)s.<\/p>\n<p>Vos marques de sympathie peuvent se traduire par un don \u00e0 l\u2019\u00c9lyme des sables <a href=\"http:\/\/www.elymedessables.com\">www.elymedessables.com<\/a><\/p>\n<p>La famille a confi\u00e9 les arrangements aux services professionnels de la Maison Mallet &amp; fils du 585 Boul. Laure \u00e0 Sept-\u00celes, maintenant reconnue Distinction et membre de la Corporation des Thanatologues du Qu\u00e9bec.<\/p>\n<p>Vous pouvez consulter cet avis de d\u00e9c\u00e8s sur le\u00a0: <a href=\"https:\/\/nouveau.maisonmallet.com\/back05_01\">www.maisonmallet.com<\/a><\/p>\n<p>Ceux et celles qui le d\u00e9sirent, peuvent y envoyer des messages de sympathie.<\/p>\n<p>&nbsp;<\/p>\n<hr \/>\n<p>Envoyer vos condol\u00e9ances<\/p>\n<p>[contact-form to=\u00a0\u00bblindathif07@hotmail.ca\u00a0\u00bb subject=\u00a0\u00bbCondol\u00e9ances Claurence Thiffault\u00a0\u00bb][contact-field label=\u00a0\u00bbVotre nom\u00a0\u00bb type=\u00a0\u00bbname\u00a0\u00bb required=\u00a0\u00bb1&Prime;][contact-field label=\u00a0\u00bbVotre courriel\u00a0\u00bb type=\u00a0\u00bbemail\u00a0\u00bb required=\u00a0\u00bb1&Prime;][contact-field label=\u00a0\u00bbCondol\u00e9ances\u00a0\u00bb type=\u00a0\u00bbtextarea\u00a0\u00bb][\/contact-form]<\/p>\n","protected":false},"featured_media":25578,"template":"","event_cat":[6],"class_list":["post-25575","event","type-event","status-publish","has-post-thumbnail","hentry","event_cat-maison-mallet-et-fils-inc"],"_links":{"self":[{"href":"https:\/\/nouveau.maisonmallet.com\/back05_01\/index.php?rest_route=\/wp\/v2\/event\/25575","targetHints":{"allow":["GET"]}}],"collection":[{"href":"https:\/\/nouveau.maisonmallet.com\/back05_01\/index.php?rest_route=\/wp\/v2\/event"}],"about":[{"href":"https:\/\/nouveau.maisonmallet.com\/back05_01\/index.php?rest_route=\/wp\/v2\/types\/event"}],"wp:featuredmedia":[{"embeddable":true,"href":"https:\/\/nouveau.maisonmallet.com\/back05_01\/index.php?rest_route=\/wp\/v2\/media\/25578"}],"wp:attachment":[{"href":"https:\/\/nouveau.maisonmallet.com\/back05_01\/index.php?rest_route=%2Fwp%2Fv2%2Fmedia&parent=25575"}],"wp:term":[{"taxonomy":"event_cat","embeddable":true,"href":"https:\/\/nouveau.maisonmallet.com\/back05_01\/index.php?rest_route=%2Fwp%2Fv2%2Fevent_cat&post=25575"}],"curies":[{"name":"wp","href":"https:\/\/api.w.org\/{rel}","templated":true}]}}

<p>1933 – 2021</p>
<p>THIFFAULT, Claurence</p>
<p>&nbsp;</p>
<p>À Sept-Îles, (maison Élyme des sables) le 11 novembre 2021, est décédé à l’âge de 88 ans, monsieur Claurence Thiffault époux de feue Armande Vaillancourt et domicilié à Sept-Îles.</p>
<p>Les rituels funéraire de monsieur Claurence Thiffault auront lieu le samedi 20 novembre 2021 à 14 h au Complexe Thanatologique Mallet &amp; fils du 585, Boul. Laure à Sept-Îles.</p>
<p>La famille reçoit parents et amis le vendredi 19 novembre 2021 de 19 h à 22 h. Le samedi 20 novembre 2021 jour des rituels à compter de 12 h 30 au Complexe Thanatologique Mallet &amp; fils du 585 Boul. Laure à Sept-Îles.</p>
<p><strong><u>Dû aux circonstances reliées à la pandémie, vous pouvez venir présenter vos condoléances en respectant la distanciation physique et le port du masque sera obligatoire.</u></strong></p>
<p>Il laisse dans le deuil ses fils Roger (Martine Chambers), Alain (Lise Bérubé), Serge, Michel et Éric (Pascale Lafortune), ses filles Linda et Chantal, ses petits-fils : Jean-Sébastien, François, Alexandre, Frédéric et Xavier, sa petite-fille Annabelle, son arrière-petite-fille Livia, son arrière-petit-fils Charles-Eloi ainsi que sa sœur, ses beaux-frères, ses belles-sœurs, ses neveux, ses nièces, ses cousins, ses cousines et de nombreux ami(e)s.</p>
<p>Vos marques de sympathie peuvent se traduire par un don à l’Élyme des sables <a href="http://www.elymedessables.com">www.elymedessables.com</a></p>
<p>La famille a confié les arrangements aux services professionnels de la Maison Mallet &amp; fils du 585 Boul. Laure à Sept-Îles, maintenant reconnue Distinction et membre de la Corporation des Thanatologues du Québec.</p>
<p>Vous pouvez consulter cet avis de décès sur le : <a href="https://nouveau.maisonmallet.com/back05_01">www.maisonmallet.com</a></p>
<p>Ceux et celles qui le désirent, peuvent y envoyer des messages de sympathie.</p>
<p>&nbsp;</p>
<hr />
<p>Envoyer vos condoléances</p>
<p>[contact-form to= »lindathif07@hotmail.ca » subject= »Condoléances Claurence Thiffault »][contact-field label= »Votre nom » type= »name » required= »1&Prime;][contact-field label= »Votre courriel » type= »email » required= »1&Prime;][contact-field label= »Condoléances » type= »textarea »][/contact-form]</p>
