{"id":25627,"date":"2021-11-14T07:51:10","date_gmt":"2021-11-14T12:51:10","guid":{"rendered":"https:\/\/nouveau.maisonmallet.com\/?post_type=event&#038;p=25627"},"modified":"2021-11-15T07:56:20","modified_gmt":"2021-11-15T12:56:20","slug":"guillemette-leo","status":"publish","type":"event","link":"https:\/\/nouveau.maisonmallet.com\/back05_01\/?event=guillemette-leo","title":{"rendered":"GUILLEMETTE, L\u00e9o"},"content":{"rendered":"<p>1940 &#8211; 2021<\/p>\n<p>GUILLEMETTE, L\u00e9o<\/p>\n<p>&nbsp;<\/p>\n<p>\u00c0 Sept-\u00celes, le 10 novembre 2021, est d\u00e9c\u00e9d\u00e9 \u00e0 l\u2019\u00e2ge de 81 ans, monsieur L\u00e9o Guillemette \u00e9poux de madame \u00a0Rose-Aim\u00e9e Gagn\u00e9 et domicili\u00e9 \u00e0 Sept-\u00celes.<\/p>\n<p>Les fun\u00e9railles de monsieur L\u00e9o Guillemette auront lieu le mardi 16 novembre 2021 \u00e0 14 h en l\u2019\u00e9glise St-Joseph situ\u00e9e au 535, ave. Brochu \u00e0 Sept-\u00celes et de l\u00e0 au cr\u00e9matorium de la maison Mallet &amp; fils pour cr\u00e9mation.<\/p>\n<p>La famille re\u00e7oit parents et amis le lundi 15 novembre 2021 de 13 h \u00e0 16 h et de 19 h \u00e0 22\u00a0\u00a0h. Le mardi 16 novembre 2021 jour des fun\u00e9railles \u00e0 compter de 12 h 30 au Complexe Thanatologique Mallet &amp; fils du 585 Boul. Laure \u00e0 Sept-\u00celes.<\/p>\n<p><strong><u>D\u00fb aux circonstances reli\u00e9es \u00e0 la pand\u00e9mie, vous pouvez venir pr\u00e9senter vos condol\u00e9ances en respectant la distanciation physique et le port du masque sera obligatoire.<\/u><\/strong><\/p>\n<p>Il laisse dans le deuil outre son \u00e9pouse madame Rose-Aim\u00e9e Gagn\u00e9, sa fille Johanne, son fils Jo\u00ebl, son petit-fils S\u00e9bastien (V\u00e9ronique Jean), son arri\u00e8re-petit-fils F\u00e9lix ainsi que ses fr\u00e8res, ses s\u0153urs, ses beaux-fr\u00e8res, ses belles-s\u0153urs, ses neveux, ses ni\u00e8ces, ses cousins, ses cousines et de nombreux ami(e)s.<\/p>\n<p>Vos marques de sympathie peuvent se traduire par un don \u00e0 la soci\u00e9t\u00e9 Alzheimer Cote-Nord <a href=\"http:\/\/www.societealzheimercotenord.com\">www.societealzheimercotenord.com<\/a><\/p>\n<p>La famille a confi\u00e9 la direction des fun\u00e9railles aux services professionnels de la Maison Mallet &amp; fils du 585 boul. Laure \u00e0 Sept-\u00celes, maintenant reconnue Distinction et membre de la Corporation des Thanatologues du Qu\u00e9bec.<\/p>\n<p>Vous pouvez consulter cet avis de d\u00e9c\u00e8s sur le <a href=\"https:\/\/nouveau.maisonmallet.com\/back05_01\">www.maisonmallet.com<\/a><\/p>\n<p>Ceux et celles qui le d\u00e9sirent, peuvent y envoyer des messages de sympathies.<\/p>\n<p>&nbsp;<\/p>\n<hr \/>\n<p>Envoyer vos condol\u00e9ances<\/p>\n<p>[contact-form to=\u00a0\u00bbjoeguill@hotmail.ca\u00a0\u00bb subject=\u00a0\u00bbCondol\u00e9ances L\u00e9o Guilleme\u00a0\u00bb][contact-field label=\u00a0\u00bbVotre nom\u00a0\u00bb type=\u00a0\u00bbname\u00a0\u00bb required=\u00a0\u00bb1&Prime;][contact-field label=\u00a0\u00bbVotre courriel\u00a0\u00bb type=\u00a0\u00bbemail\u00a0\u00bb required=\u00a0\u00bb1&Prime;][contact-field label=\u00a0\u00bbCondol\u00e9ances\u00a0\u00bb type=\u00a0\u00bbtextarea\u00a0\u00bb][\/contact-form]<\/p>\n","protected":false},"featured_media":25628,"template":"","event_cat":[6],"class_list":["post-25627","event","type-event","status-publish","has-post-thumbnail","hentry","event_cat-maison-mallet-et-fils-inc"],"_links":{"self":[{"href":"https:\/\/nouveau.maisonmallet.com\/back05_01\/index.php?rest_route=\/wp\/v2\/event\/25627","targetHints":{"allow":["GET"]}}],"collection":[{"href":"https:\/\/nouveau.maisonmallet.com\/back05_01\/index.php?rest_route=\/wp\/v2\/event"}],"about":[{"href":"https:\/\/nouveau.maisonmallet.com\/back05_01\/index.php?rest_route=\/wp\/v2\/types\/event"}],"wp:featuredmedia":[{"embeddable":true,"href":"https:\/\/nouveau.maisonmallet.com\/back05_01\/index.php?rest_route=\/wp\/v2\/media\/25628"}],"wp:attachment":[{"href":"https:\/\/nouveau.maisonmallet.com\/back05_01\/index.php?rest_route=%2Fwp%2Fv2%2Fmedia&parent=25627"}],"wp:term":[{"taxonomy":"event_cat","embeddable":true,"href":"https:\/\/nouveau.maisonmallet.com\/back05_01\/index.php?rest_route=%2Fwp%2Fv2%2Fevent_cat&post=25627"}],"curies":[{"name":"wp","href":"https:\/\/api.w.org\/{rel}","templated":true}]}}

GUILLEMETTE, Léo

<p>1940 &#8211; 2021</p>
<p>GUILLEMETTE, Léo</p>
<p>&nbsp;</p>
<p>À Sept-Îles, le 10 novembre 2021, est décédé à l’âge de 81 ans, monsieur Léo Guillemette époux de madame  Rose-Aimée Gagné et domicilié à Sept-Îles.</p>
<p>Les funérailles de monsieur Léo Guillemette auront lieu le mardi 16 novembre 2021 à 14 h en l’église St-Joseph située au 535, ave. Brochu à Sept-Îles et de là au crématorium de la maison Mallet &amp; fils pour crémation.</p>
<p>La famille reçoit parents et amis le lundi 15 novembre 2021 de 13 h à 16 h et de 19 h à 22  h. Le mardi 16 novembre 2021 jour des funérailles à compter de 12 h 30 au Complexe Thanatologique Mallet &amp; fils du 585 Boul. Laure à Sept-Îles.</p>
<p><strong><u>Dû aux circonstances reliées à la pandémie, vous pouvez venir présenter vos condoléances en respectant la distanciation physique et le port du masque sera obligatoire.</u></strong></p>
<p>Il laisse dans le deuil outre son épouse madame Rose-Aimée Gagné, sa fille Johanne, son fils Joël, son petit-fils Sébastien (Véronique Jean), son arrière-petit-fils Félix ainsi que ses frères, ses sœurs, ses beaux-frères, ses belles-sœurs, ses neveux, ses nièces, ses cousins, ses cousines et de nombreux ami(e)s.</p>
<p>Vos marques de sympathie peuvent se traduire par un don à la société Alzheimer Cote-Nord <a href="http://www.societealzheimercotenord.com">www.societealzheimercotenord.com</a></p>
<p>La famille a confié la direction des funérailles aux services professionnels de la Maison Mallet &amp; fils du 585 boul. Laure à Sept-Îles, maintenant reconnue Distinction et membre de la Corporation des Thanatologues du Québec.</p>
<p>Vous pouvez consulter cet avis de décès sur le <a href="https://nouveau.maisonmallet.com/back05_01">www.maisonmallet.com</a></p>
<p>Ceux et celles qui le désirent, peuvent y envoyer des messages de sympathies.</p>
<p>&nbsp;</p>
<hr />
<p>Envoyer vos condoléances</p>
<p>[contact-form to= »joeguill@hotmail.ca » subject= »Condoléances Léo Guilleme »][contact-field label= »Votre nom » type= »name » required= »1&Prime;][contact-field label= »Votre courriel » type= »email » required= »1&Prime;][contact-field label= »Condoléances » type= »textarea »][/contact-form]</p>
