{"id":25722,"date":"2021-11-17T10:33:41","date_gmt":"2021-11-17T15:33:41","guid":{"rendered":"https:\/\/nouveau.maisonmallet.com\/?post_type=event&#038;p=25722"},"modified":"2021-11-18T10:40:21","modified_gmt":"2021-11-18T15:40:21","slug":"senechal-benoit","status":"publish","type":"event","link":"https:\/\/nouveau.maisonmallet.com\/back05_01\/?event=senechal-benoit","title":{"rendered":"S\u00c9N\u00c9CHAL, Beno\u00eet"},"content":{"rendered":"<p>1992 \u2013 2021<\/p>\n<p>S\u00c9N\u00c9CHAL, Beno\u00eet<\/p>\n<p>&nbsp;<\/p>\n<p>&nbsp;<\/p>\n<p>\u00c0 St-Constant, le 26 octobre 2021, est d\u00e9c\u00e9d\u00e9 \u00e0 l\u2019\u00e2ge de 28 ans, monsieur Beno\u00eet S\u00e9n\u00e9chal fils de monsieur Michel S\u00e9n\u00e9chal et de madame Suzie Chass\u00e9 domicili\u00e9 \u00e0 St-Constant.<\/p>\n<p>La c\u00e9r\u00e9monie comm\u00e9morative de monsieur Beno\u00eet S\u00e9n\u00e9chal aura lieu le samedi 27 novembre 2021 \u00e0 la salle des Chevaliers de Colomb de Port-Cartier situ\u00e9e au 9, boulevard des \u00celes \u00e0 Port-Cartier.<\/p>\n<p>Selon ses volont\u00e9s, il a \u00e9t\u00e9 confi\u00e9 au cr\u00e9matorium de la Maison Mallet &amp; fils pour cr\u00e9mation.<\/p>\n<p>La famille re\u00e7oit parents et amis le samedi 27 novembre 2021 de 13 h \u00e0 16 h \u00e0 la salle des Chevaliers de Colomb \u00e0 Port-Cartier.<\/p>\n<p>Il laisse dans le deuil sa fille Am\u00e9lia, son p\u00e8re monsieur Michel S\u00e9n\u00e9chal, sa m\u00e8re madame Suzie Chass\u00e9, sa grand-m\u00e8re paternelle madame Jacqueline Boss\u00e9 (feu P.A S\u00e9n\u00e9chal), sa grand-m\u00e8re maternelle madame \u00c9liane Murray (feu Fernand Chass\u00e9), ses oncles, ses tantes, ses cousins, ses cousines et de nombreux ami(e)s.<\/p>\n<p>La famille a confi\u00e9 les arrangements aux services professionnels de la Maison Mallet &amp; fils du 57, route 138 \u00e0 Port-Cartier, maintenant reconnue Distinction et membre de la Corporation des Thanatologues du Qu\u00e9bec.<\/p>\n<p>Vous pouvez consulter cet avis de d\u00e9c\u00e8s sur le\u00a0: <a href=\"https:\/\/nouveau.maisonmallet.com\/back05_01\">www.maisonmallet.com<\/a><\/p>\n<p>Ceux et celles qui le d\u00e9sirent, peuvent y envoyer des messages de sympathie.<\/p>\n<p>&nbsp;<\/p>\n<hr \/>\n<p>Envoyer vos condol\u00e9ances<\/p>\n<p>[contact-form to=\u00a0\u00bbmick37@globetrotter.net\u00a0\u00bb subject=\u00a0\u00bbCondol\u00e9ances Benoit S\u00e9n\u00e9chal\u00a0\u00bb][contact-field label=\u00a0\u00bbVotre nom\u00a0\u00bb type=\u00a0\u00bbname\u00a0\u00bb required=\u00a0\u00bb1&Prime;][contact-field label=\u00a0\u00bbVotre courriel\u00a0\u00bb type=\u00a0\u00bbemail\u00a0\u00bb required=\u00a0\u00bb1&Prime;][contact-field label=\u00a0\u00bbCondol\u00e9ances\u00a0\u00bb type=\u00a0\u00bbtextarea\u00a0\u00bb][\/contact-form]<\/p>\n","protected":false},"featured_media":25725,"template":"","event_cat":[6],"class_list":["post-25722","event","type-event","status-publish","has-post-thumbnail","hentry","event_cat-maison-mallet-et-fils-inc"],"_links":{"self":[{"href":"https:\/\/nouveau.maisonmallet.com\/back05_01\/index.php?rest_route=\/wp\/v2\/event\/25722","targetHints":{"allow":["GET"]}}],"collection":[{"href":"https:\/\/nouveau.maisonmallet.com\/back05_01\/index.php?rest_route=\/wp\/v2\/event"}],"about":[{"href":"https:\/\/nouveau.maisonmallet.com\/back05_01\/index.php?rest_route=\/wp\/v2\/types\/event"}],"wp:featuredmedia":[{"embeddable":true,"href":"https:\/\/nouveau.maisonmallet.com\/back05_01\/index.php?rest_route=\/wp\/v2\/media\/25725"}],"wp:attachment":[{"href":"https:\/\/nouveau.maisonmallet.com\/back05_01\/index.php?rest_route=%2Fwp%2Fv2%2Fmedia&parent=25722"}],"wp:term":[{"taxonomy":"event_cat","embeddable":true,"href":"https:\/\/nouveau.maisonmallet.com\/back05_01\/index.php?rest_route=%2Fwp%2Fv2%2Fevent_cat&post=25722"}],"curies":[{"name":"wp","href":"https:\/\/api.w.org\/{rel}","templated":true}]}}

SÉNÉCHAL, Benoît

<p>1992 – 2021</p>
<p>SÉNÉCHAL, Benoît</p>
<p>&nbsp;</p>
<p>&nbsp;</p>
<p>À St-Constant, le 26 octobre 2021, est décédé à l’âge de 28 ans, monsieur Benoît Sénéchal fils de monsieur Michel Sénéchal et de madame Suzie Chassé domicilié à St-Constant.</p>
<p>La cérémonie commémorative de monsieur Benoît Sénéchal aura lieu le samedi 27 novembre 2021 à la salle des Chevaliers de Colomb de Port-Cartier située au 9, boulevard des Îles à Port-Cartier.</p>
<p>Selon ses volontés, il a été confié au crématorium de la Maison Mallet &amp; fils pour crémation.</p>
<p>La famille reçoit parents et amis le samedi 27 novembre 2021 de 13 h à 16 h à la salle des Chevaliers de Colomb à Port-Cartier.</p>
<p>Il laisse dans le deuil sa fille Amélia, son père monsieur Michel Sénéchal, sa mère madame Suzie Chassé, sa grand-mère paternelle madame Jacqueline Bossé (feu P.A Sénéchal), sa grand-mère maternelle madame Éliane Murray (feu Fernand Chassé), ses oncles, ses tantes, ses cousins, ses cousines et de nombreux ami(e)s.</p>
<p>La famille a confié les arrangements aux services professionnels de la Maison Mallet &amp; fils du 57, route 138 à Port-Cartier, maintenant reconnue Distinction et membre de la Corporation des Thanatologues du Québec.</p>
<p>Vous pouvez consulter cet avis de décès sur le : <a href="https://nouveau.maisonmallet.com/back05_01">www.maisonmallet.com</a></p>
<p>Ceux et celles qui le désirent, peuvent y envoyer des messages de sympathie.</p>
<p>&nbsp;</p>
<hr />
<p>Envoyer vos condoléances</p>
<p>[contact-form to= »mick37@globetrotter.net » subject= »Condoléances Benoit Sénéchal »][contact-field label= »Votre nom » type= »name » required= »1&Prime;][contact-field label= »Votre courriel » type= »email » required= »1&Prime;][contact-field label= »Condoléances » type= »textarea »][/contact-form]</p>
