{"id":26310,"date":"2021-11-29T20:55:20","date_gmt":"2021-11-30T01:55:20","guid":{"rendered":"https:\/\/nouveau.maisonmallet.com\/?post_type=event&#038;p=26310"},"modified":"2021-11-30T21:03:21","modified_gmt":"2021-12-01T02:03:21","slug":"blais-julien","status":"publish","type":"event","link":"https:\/\/nouveau.maisonmallet.com\/back05_01\/?event=blais-julien","title":{"rendered":"BLAIS, Julien"},"content":{"rendered":"<p>1944 -2021<\/p>\n<p>BLAIS, Julien<\/p>\n<p>\u00c0 Havre-Saint-Pierre le 28 novembre 2021, est d\u00e9c\u00e9d\u00e9 \u00e0 l&rsquo;\u00e2ge de 77 ans, monsieur Julien Blais \u00e9poux de madame \u00c9lizabeth Boudreau et domicili\u00e9 \u00e0 Havre-Saint-Pierre.<\/p>\n<p>Les fun\u00e9railles de monsieur Julien Blais auront lieu le samedi 4 d\u00e9cembre 2021 \u00e0 11 h en l&rsquo;\u00e9glise Saint-Pierre de Havre-Saint-Pierre et de l\u00e0 au cimeti\u00e8re de l&rsquo;endroit.<\/p>\n<p>La famille re\u00e7oit parents et amis le vendredi 3 d\u00e9cembre 2021 de 19 h \u00e0 22. Le samedi 4 d\u00e9cembre 2021 jour des fun\u00e9railles \u00e0 compter de 10 h au salon de la Maison L.J.G. Mallet du 1429, rue du Canot \u00e0 Havre-Saint-Pierre.<\/p>\n<p><strong>D\u00fb aux circonstances reli\u00e9es \u00e0 la pand\u00e9mie, vous pouvez venir pr\u00e9senter vos <\/strong><strong>condol\u00e9ances en respectant la distanciation sociale et le port du masque sera <\/strong><strong>obligatoire.<\/strong><\/p>\n<p>Il laisse dans le deuil outre son \u00e9pouse madame Elizabeth Boudreau, sa fille Marie-Lyne (Luc Bourque), son fils Dave (Yan Tardif), ses petits-fils : St\u00e9phan et Laurent ainsi, ses beaux-fr\u00e8res, ses belles-s\u0153urs, ses neveux, ses ni\u00e8ces, ses cousins, ses cousines et de nombreux ami(e)s.<\/p>\n<p>La famille a confi\u00e9 la direction des fun\u00e9railles aux services professionnels de la Maison L.J.G. Mallet du 1429, rue du Canot \u00e0 Havre-Saint-Pierre, maintenant reconnue Distinction et membre de la Corporation des Thanatologues du Qu\u00e9bec.<\/p>\n<p>Vous pouvez consulter cet avis de d\u00e9c\u00e8s sur le <a href=\"https:\/\/nouveau.maisonmallet.com\/back05_01\">www.maisonmallet.com<\/a><\/p>\n<p>Ceux et celles qui le d\u00e9sirent, peuvent y envoyer des messages de sympathie.<\/p>\n<p>&nbsp;<\/p>\n<hr \/>\n<p>Envoyer vos condol\u00e9ances<\/p>\n<p>[contact-form to=\u00a0\u00bbmarblais510@hotmail.com\u00a0\u00bb subject=\u00a0\u00bbCondol\u00e9ances Julien Blais\u00a0\u00bb][contact-field label=\u00a0\u00bbVotre nom\u00a0\u00bb type=\u00a0\u00bbname\u00a0\u00bb required=\u00a0\u00bb1&Prime;][contact-field label=\u00a0\u00bbVotre courriel\u00a0\u00bb type=\u00a0\u00bbemail\u00a0\u00bb required=\u00a0\u00bb1&Prime;][contact-field label=\u00a0\u00bbCondol\u00e9ances\u00a0\u00bb type=\u00a0\u00bbtextarea\u00a0\u00bb][\/contact-form]<\/p>\n","protected":false},"featured_media":26312,"template":"","event_cat":[7],"class_list":["post-26310","event","type-event","status-publish","has-post-thumbnail","hentry","event_cat-maison-l-j-g-mallet-inc"],"_links":{"self":[{"href":"https:\/\/nouveau.maisonmallet.com\/back05_01\/index.php?rest_route=\/wp\/v2\/event\/26310","targetHints":{"allow":["GET"]}}],"collection":[{"href":"https:\/\/nouveau.maisonmallet.com\/back05_01\/index.php?rest_route=\/wp\/v2\/event"}],"about":[{"href":"https:\/\/nouveau.maisonmallet.com\/back05_01\/index.php?rest_route=\/wp\/v2\/types\/event"}],"wp:featuredmedia":[{"embeddable":true,"href":"https:\/\/nouveau.maisonmallet.com\/back05_01\/index.php?rest_route=\/wp\/v2\/media\/26312"}],"wp:attachment":[{"href":"https:\/\/nouveau.maisonmallet.com\/back05_01\/index.php?rest_route=%2Fwp%2Fv2%2Fmedia&parent=26310"}],"wp:term":[{"taxonomy":"event_cat","embeddable":true,"href":"https:\/\/nouveau.maisonmallet.com\/back05_01\/index.php?rest_route=%2Fwp%2Fv2%2Fevent_cat&post=26310"}],"curies":[{"name":"wp","href":"https:\/\/api.w.org\/{rel}","templated":true}]}}

<p>1944 -2021</p>
<p>BLAIS, Julien</p>
<p>À Havre-Saint-Pierre le 28 novembre 2021, est décédé à l&rsquo;âge de 77 ans, monsieur Julien Blais époux de madame Élizabeth Boudreau et domicilié à Havre-Saint-Pierre.</p>
<p>Les funérailles de monsieur Julien Blais auront lieu le samedi 4 décembre 2021 à 11 h en l&rsquo;église Saint-Pierre de Havre-Saint-Pierre et de là au cimetière de l&rsquo;endroit.</p>
<p>La famille reçoit parents et amis le vendredi 3 décembre 2021 de 19 h à 22. Le samedi 4 décembre 2021 jour des funérailles à compter de 10 h au salon de la Maison L.J.G. Mallet du 1429, rue du Canot à Havre-Saint-Pierre.</p>
<p><strong>Dû aux circonstances reliées à la pandémie, vous pouvez venir présenter vos </strong><strong>condoléances en respectant la distanciation sociale et le port du masque sera </strong><strong>obligatoire.</strong></p>
<p>Il laisse dans le deuil outre son épouse madame Elizabeth Boudreau, sa fille Marie-Lyne (Luc Bourque), son fils Dave (Yan Tardif), ses petits-fils : Stéphan et Laurent ainsi, ses beaux-frères, ses belles-sœurs, ses neveux, ses nièces, ses cousins, ses cousines et de nombreux ami(e)s.</p>
<p>La famille a confié la direction des funérailles aux services professionnels de la Maison L.J.G. Mallet du 1429, rue du Canot à Havre-Saint-Pierre, maintenant reconnue Distinction et membre de la Corporation des Thanatologues du Québec.</p>
<p>Vous pouvez consulter cet avis de décès sur le <a href="https://nouveau.maisonmallet.com/back05_01">www.maisonmallet.com</a></p>
<p>Ceux et celles qui le désirent, peuvent y envoyer des messages de sympathie.</p>
<p>&nbsp;</p>
<hr />
<p>Envoyer vos condoléances</p>
<p>[contact-form to= »marblais510@hotmail.com » subject= »Condoléances Julien Blais »][contact-field label= »Votre nom » type= »name » required= »1&Prime;][contact-field label= »Votre courriel » type= »email » required= »1&Prime;][contact-field label= »Condoléances » type= »textarea »][/contact-form]</p>
