{"id":26437,"date":"2021-12-10T16:05:07","date_gmt":"2021-12-10T21:05:07","guid":{"rendered":"https:\/\/nouveau.maisonmallet.com\/?post_type=event&#038;p=26437"},"modified":"2021-12-11T16:47:40","modified_gmt":"2021-12-11T21:47:40","slug":"modele-nom-prenom-51","status":"publish","type":"event","link":"https:\/\/nouveau.maisonmallet.com\/back05_01\/?event=modele-nom-prenom-51","title":{"rendered":"LOWTHER, Lyman"},"content":{"rendered":"<p>1950 &#8211; 2021<\/p>\n<p>LOWTHER, Lyman<\/p>\n<p>&nbsp;<\/p>\n<p>\u00c0 Sept-\u00celes, le 4 d\u00e9cembre 2021, est d\u00e9c\u00e9d\u00e9 \u00e0 l\u2019\u00e2ge de 71 ans, monsieur Lyman Lowther fils de feu Leonard Lowther et de feue Avis Bugley domicili\u00e9 \u00e0 Sept-\u00celes.<\/p>\n<p>Selon ses volont\u00e9s, il a \u00e9t\u00e9 confi\u00e9 au cr\u00e9matorium de la maison Mallet &amp; fils pour cr\u00e9mation.<\/p>\n<p>Il laisse dans le deuil ses filles\u00a0: Sara Jane (Robert Bursey) et Karyn, ses petits-enfants\u00a0: William, Jasmine, Sean, son p\u00e8re Philippe Hudon, la m\u00e8re de ses enfants madame Francine D\u2019Amours ainsi que sa tante, ses cousins, ses cousines et ses ami(e)s.<\/p>\n<p>La famille a confi\u00e9 les arrangements fun\u00e9raires aux services professionnels de la Maison Mallet &amp; fils du 585 boul. Laure \u00e0 Sept-\u00celes, maintenant reconnue Distinction et membre de la Corporation des Thanatologues du Qu\u00e9bec.<\/p>\n<p>Vous pouvez consulter cet avis de d\u00e9c\u00e8s sur le <a href=\"https:\/\/nouveau.maisonmallet.com\/back05_01\">www.maisonmallet.com<\/a><\/p>\n<p>Ceux et celles qui le d\u00e9sirent, peuvent y envoyer des messages de sympathie.<\/p>\n<p>&nbsp;<\/p>\n<p>1950-2021<\/p>\n<p>LOWTHER, Lyman<\/p>\n<p>&nbsp;<\/p>\n<p>It is with deep sadness we announce the passing of Lyman Lowther. Lyman passed away on December the 4<sup>th<\/sup>, 2021 at the age of 71.<\/p>\n<p>Born in Tidnish, Nova-Scotia, he was the son of the late Leonard and Avis Lowther.<\/p>\n<p>Lyman is grieved by his daughters, Sara Jane (Robert Bursey) and Karyn; his 3 grandchildren; William Bursey, Jasmine Bursey and Sean Hudon, Philippe Hudon, the mother of his daughters, Francine D\u2019Amours and his several cousins and friends.<\/p>\n<p>Arrangements are under the care and guidance of Maison Mallet &amp; fils, 585 boul. Laure, Sept-\u00celes. Cremation has taken place and a graveside service will be held at a later date in River Cemetery, Tidnish.<\/p>\n<p>Sharing of memories and condolences, may be sent to the family by visiting the online memorial at <a href=\"https:\/\/nouveau.maisonmallet.com\/back05_01\">www.maisonmallet.com<\/a>.<\/p>\n<p>&nbsp;<\/p>\n<hr \/>\n<p>Envoyer vos condol\u00e9ances<\/p>\n<p>[contact-form to=\u00a0\u00bbkaryndl@hotmail.com\u00a0\u00bb subject=\u00a0\u00bbCondol\u00e9ances Lyman Lowther\u00a0\u00bb][contact-field label=\u00a0\u00bbVotre nom\u00a0\u00bb type=\u00a0\u00bbname\u00a0\u00bb required=\u00a0\u00bb1&Prime;][contact-field label=\u00a0\u00bbVotre courriel\u00a0\u00bb type=\u00a0\u00bbemail\u00a0\u00bb required=\u00a0\u00bb1&Prime;][contact-field label=\u00a0\u00bbCondol\u00e9ances\u00a0\u00bb type=\u00a0\u00bbtextarea\u00a0\u00bb][\/contact-form]<\/p>\n","protected":false},"featured_media":26440,"template":"","event_cat":[6],"class_list":["post-26437","event","type-event","status-publish","has-post-thumbnail","hentry","event_cat-maison-mallet-et-fils-inc"],"_links":{"self":[{"href":"https:\/\/nouveau.maisonmallet.com\/back05_01\/index.php?rest_route=\/wp\/v2\/event\/26437","targetHints":{"allow":["GET"]}}],"collection":[{"href":"https:\/\/nouveau.maisonmallet.com\/back05_01\/index.php?rest_route=\/wp\/v2\/event"}],"about":[{"href":"https:\/\/nouveau.maisonmallet.com\/back05_01\/index.php?rest_route=\/wp\/v2\/types\/event"}],"wp:featuredmedia":[{"embeddable":true,"href":"https:\/\/nouveau.maisonmallet.com\/back05_01\/index.php?rest_route=\/wp\/v2\/media\/26440"}],"wp:attachment":[{"href":"https:\/\/nouveau.maisonmallet.com\/back05_01\/index.php?rest_route=%2Fwp%2Fv2%2Fmedia&parent=26437"}],"wp:term":[{"taxonomy":"event_cat","embeddable":true,"href":"https:\/\/nouveau.maisonmallet.com\/back05_01\/index.php?rest_route=%2Fwp%2Fv2%2Fevent_cat&post=26437"}],"curies":[{"name":"wp","href":"https:\/\/api.w.org\/{rel}","templated":true}]}}

<p>1950 &#8211; 2021</p>
<p>LOWTHER, Lyman</p>
<p>&nbsp;</p>
<p>À Sept-Îles, le 4 décembre 2021, est décédé à l’âge de 71 ans, monsieur Lyman Lowther fils de feu Leonard Lowther et de feue Avis Bugley domicilié à Sept-Îles.</p>
<p>Selon ses volontés, il a été confié au crématorium de la maison Mallet &amp; fils pour crémation.</p>
<p>Il laisse dans le deuil ses filles : Sara Jane (Robert Bursey) et Karyn, ses petits-enfants : William, Jasmine, Sean, son père Philippe Hudon, la mère de ses enfants madame Francine D’Amours ainsi que sa tante, ses cousins, ses cousines et ses ami(e)s.</p>
<p>La famille a confié les arrangements funéraires aux services professionnels de la Maison Mallet &amp; fils du 585 boul. Laure à Sept-Îles, maintenant reconnue Distinction et membre de la Corporation des Thanatologues du Québec.</p>
<p>Vous pouvez consulter cet avis de décès sur le <a href="https://nouveau.maisonmallet.com/back05_01">www.maisonmallet.com</a></p>
<p>Ceux et celles qui le désirent, peuvent y envoyer des messages de sympathie.</p>
<p>&nbsp;</p>
<p>1950-2021</p>
<p>LOWTHER, Lyman</p>
<p>&nbsp;</p>
<p>It is with deep sadness we announce the passing of Lyman Lowther. Lyman passed away on December the 4<sup>th</sup>, 2021 at the age of 71.</p>
<p>Born in Tidnish, Nova-Scotia, he was the son of the late Leonard and Avis Lowther.</p>
<p>Lyman is grieved by his daughters, Sara Jane (Robert Bursey) and Karyn; his 3 grandchildren; William Bursey, Jasmine Bursey and Sean Hudon, Philippe Hudon, the mother of his daughters, Francine D’Amours and his several cousins and friends.</p>
<p>Arrangements are under the care and guidance of Maison Mallet &amp; fils, 585 boul. Laure, Sept-Îles. Cremation has taken place and a graveside service will be held at a later date in River Cemetery, Tidnish.</p>
<p>Sharing of memories and condolences, may be sent to the family by visiting the online memorial at <a href="https://nouveau.maisonmallet.com/back05_01">www.maisonmallet.com</a>.</p>
<p>&nbsp;</p>
<hr />
<p>Envoyer vos condoléances</p>
<p>[contact-form to= »karyndl@hotmail.com » subject= »Condoléances Lyman Lowther »][contact-field label= »Votre nom » type= »name » required= »1&Prime;][contact-field label= »Votre courriel » type= »email » required= »1&Prime;][contact-field label= »Condoléances » type= »textarea »][/contact-form]</p>
