{"id":26450,"date":"2021-12-16T15:41:28","date_gmt":"2021-12-16T20:41:28","guid":{"rendered":"https:\/\/nouveau.maisonmallet.com\/?post_type=event&#038;p=26450"},"modified":"2021-12-16T15:41:28","modified_gmt":"2021-12-16T20:41:28","slug":"richard-helene-pouliot","status":"publish","type":"event","link":"https:\/\/nouveau.maisonmallet.com\/back05_01\/?event=richard-helene-pouliot","title":{"rendered":"RICHARD, H\u00e9l\u00e8ne (Pouliot)"},"content":{"rendered":"<p>1943 &#8211; 2021<\/p>\n<p>RICHARD, H\u00e9l\u00e8ne (Pouliot)<\/p>\n<p>&nbsp;<\/p>\n<p>\u00c0 Sept-\u00celes, le 11 d\u00e9cembre 2021, est d\u00e9c\u00e9d\u00e9e \u00e0 l\u2019\u00e2ge de 78 ans, madame H\u00e9l\u00e8ne Richard \u00e9pouse de feu Roch Pouliot et domicili\u00e9e \u00e0 Sept-\u00celes.<\/p>\n<p>Les fun\u00e9railles de madame H\u00e9l\u00e8ne Richard Pouliot auront lieu le lundi 20 d\u00e9cembre 2021 \u00e0 14\u00a0h en l\u2019\u00e9glise Marie-Immacul\u00e9e situ\u00e9e au 180, rue Papineau \u00e0 Sept-\u00celes et de l\u00e0 au cr\u00e9matorium de la maison Mallet &amp; fils pour cr\u00e9mation.<\/p>\n<p>La famille re\u00e7oit parents et amis le dimanche 19 d\u00e9cembre 2021 de 19 h \u00e0 22 h. Le lundi 20 d\u00e9cembre 2021 jour des fun\u00e9railles, \u00e0 compter de 12\u00a0h 30 au Complexe Thanatologique Mallet &amp; fils du 585 Boul. Laure \u00e0 Sept\u2011\u00celes.<\/p>\n<p><strong><u>D\u00fb aux circonstances reli\u00e9es \u00e0 la pand\u00e9mie, vous pouvez venir pr\u00e9senter vos condol\u00e9ances en respectant la distanciation physique et le port du masque sera obligatoire.<\/u><\/strong><\/p>\n<p>Elle laisse dans le deuil, ses fils St\u00e9phane (Sherrie Roberts), \u00c9ric, Jean-Fran\u00e7ois (Caroline Bourgeois) et sa fille de c\u0153ur Chantal Hall\u00e9 (Alain Joncas), ses petites-filles Jannie et Marianne, son petit-fils Patrick, ainsi que ses beaux-fr\u00e8res, ses belles-s\u0153urs, ses neveux et ni\u00e8ces, cousins et cousines et de nombreux ami(e)s.<\/p>\n<p>Vos marques de sympathie peuvent se traduire par un don la Fondation des maladies du c\u0153ur et de l\u2019AVC <a href=\"http:\/\/www.coeuretavc.ca\">www.coeuretavc.ca<\/a><\/p>\n<p>La famille a confi\u00e9 la direction des fun\u00e9railles aux services professionnels de la Maison Mallet &amp; fils du 585 boul. Laure \u00e0 Sept-\u00celes, maintenant reconnue Distinction et membre de la Corporation des Thanatologues du Qu\u00e9bec.<\/p>\n<p>Vous pouvez consulter cet avis de d\u00e9c\u00e8s, sur le <a href=\"https:\/\/nouveau.maisonmallet.com\/back05_01\">www.maisonmallet.com<\/a><\/p>\n<p>Ceux et celles qui le d\u00e9sirent, peuvent y envoyer des messages de sympathie.<\/p>\n<p>&nbsp;<\/p>\n<hr \/>\n<p>Envoyer vos condol\u00e9ances<\/p>\n<p>[contact-form to=\u00a0\u00bbcbjfp@hotmail.ca\u00a0\u00bb subject=\u00a0\u00bbCondol\u00e9ances H\u00e9l\u00e8ne Richard\u00a0\u00bb][contact-field label=\u00a0\u00bbVotre nom\u00a0\u00bb type=\u00a0\u00bbname\u00a0\u00bb required=\u00a0\u00bb1&Prime;][contact-field label=\u00a0\u00bbVotre courriel\u00a0\u00bb type=\u00a0\u00bbemail\u00a0\u00bb required=\u00a0\u00bb1&Prime;][contact-field label=\u00a0\u00bbCondol\u00e9ances\u00a0\u00bb type=\u00a0\u00bbtextarea\u00a0\u00bb][\/contact-form]<\/p>\n","protected":false},"featured_media":26465,"template":"","event_cat":[6],"class_list":["post-26450","event","type-event","status-publish","has-post-thumbnail","hentry","event_cat-maison-mallet-et-fils-inc"],"_links":{"self":[{"href":"https:\/\/nouveau.maisonmallet.com\/back05_01\/index.php?rest_route=\/wp\/v2\/event\/26450","targetHints":{"allow":["GET"]}}],"collection":[{"href":"https:\/\/nouveau.maisonmallet.com\/back05_01\/index.php?rest_route=\/wp\/v2\/event"}],"about":[{"href":"https:\/\/nouveau.maisonmallet.com\/back05_01\/index.php?rest_route=\/wp\/v2\/types\/event"}],"wp:featuredmedia":[{"embeddable":true,"href":"https:\/\/nouveau.maisonmallet.com\/back05_01\/index.php?rest_route=\/wp\/v2\/media\/26465"}],"wp:attachment":[{"href":"https:\/\/nouveau.maisonmallet.com\/back05_01\/index.php?rest_route=%2Fwp%2Fv2%2Fmedia&parent=26450"}],"wp:term":[{"taxonomy":"event_cat","embeddable":true,"href":"https:\/\/nouveau.maisonmallet.com\/back05_01\/index.php?rest_route=%2Fwp%2Fv2%2Fevent_cat&post=26450"}],"curies":[{"name":"wp","href":"https:\/\/api.w.org\/{rel}","templated":true}]}}

RICHARD, Hélène (Pouliot)

<p>1943 &#8211; 2021</p>
<p>RICHARD, Hélène (Pouliot)</p>
<p>&nbsp;</p>
<p>À Sept-Îles, le 11 décembre 2021, est décédée à l’âge de 78 ans, madame Hélène Richard épouse de feu Roch Pouliot et domiciliée à Sept-Îles.</p>
<p>Les funérailles de madame Hélène Richard Pouliot auront lieu le lundi 20 décembre 2021 à 14 h en l’église Marie-Immaculée située au 180, rue Papineau à Sept-Îles et de là au crématorium de la maison Mallet &amp; fils pour crémation.</p>
<p>La famille reçoit parents et amis le dimanche 19 décembre 2021 de 19 h à 22 h. Le lundi 20 décembre 2021 jour des funérailles, à compter de 12 h 30 au Complexe Thanatologique Mallet &amp; fils du 585 Boul. Laure à Sept‑Îles.</p>
<p><strong><u>Dû aux circonstances reliées à la pandémie, vous pouvez venir présenter vos condoléances en respectant la distanciation physique et le port du masque sera obligatoire.</u></strong></p>
<p>Elle laisse dans le deuil, ses fils Stéphane (Sherrie Roberts), Éric, Jean-François (Caroline Bourgeois) et sa fille de cœur Chantal Hallé (Alain Joncas), ses petites-filles Jannie et Marianne, son petit-fils Patrick, ainsi que ses beaux-frères, ses belles-sœurs, ses neveux et nièces, cousins et cousines et de nombreux ami(e)s.</p>
<p>Vos marques de sympathie peuvent se traduire par un don la Fondation des maladies du cœur et de l’AVC <a href="http://www.coeuretavc.ca">www.coeuretavc.ca</a></p>
<p>La famille a confié la direction des funérailles aux services professionnels de la Maison Mallet &amp; fils du 585 boul. Laure à Sept-Îles, maintenant reconnue Distinction et membre de la Corporation des Thanatologues du Québec.</p>
<p>Vous pouvez consulter cet avis de décès, sur le <a href="https://nouveau.maisonmallet.com/back05_01">www.maisonmallet.com</a></p>
<p>Ceux et celles qui le désirent, peuvent y envoyer des messages de sympathie.</p>
<p>&nbsp;</p>
<hr />
<p>Envoyer vos condoléances</p>
<p>[contact-form to= »cbjfp@hotmail.ca » subject= »Condoléances Hélène Richard »][contact-field label= »Votre nom » type= »name » required= »1&Prime;][contact-field label= »Votre courriel » type= »email » required= »1&Prime;][contact-field label= »Condoléances » type= »textarea »][/contact-form]</p>
