{"id":26552,"date":"2021-12-19T19:34:16","date_gmt":"2021-12-20T00:34:16","guid":{"rendered":"https:\/\/nouveau.maisonmallet.com\/?post_type=event&#038;p=26552"},"modified":"2021-12-20T19:41:30","modified_gmt":"2021-12-21T00:41:30","slug":"modele-nom-prenom-52","status":"publish","type":"event","link":"https:\/\/nouveau.maisonmallet.com\/back05_01\/?event=modele-nom-prenom-52","title":{"rendered":"VOLLANT, Jeanne d`Arc"},"content":{"rendered":"<p>1950 \u2013 2021<\/p>\n<p>VOLLANT, Jeanne d`Arc<\/p>\n<p>&nbsp;<\/p>\n<p>\u00c0 Sept-\u00celes, le 17 d\u00e9cembre 2021, est d\u00e9c\u00e9d\u00e9e \u00e0 l\u2019\u00e2ge de 71 ans, madame Jeanne d`Arc Vollant fille de feu Raoul Vollant et de feue Germaine Andr\u00e9 domicili\u00e9e \u00e0 Mani-Utenam.<\/p>\n<p>Les fun\u00e9railles de madame Jeanne d`Arc Vollant auront lieu le mardi 21 d\u00e9cembre 2021 \u00e0 13 h en l\u2019\u00e9glise Notre-Dame-du-Cap situ\u00e9e au 139, rue de l\u2019\u00c9glise \u00e0 Mani-Utenam et de l\u00e0 au cimeti\u00e8re de Mani-Utenam.<\/p>\n<p>La famille re\u00e7oit parents et amis le lundi 20 d\u00e9cembre 2021 de 19 h \u00e0 22 h. Le mardi 21 d\u00e9cembre 2021 jour des fun\u00e9railles, \u00e0 compter de 10 h au Complexe Thanatologique Mallet &amp; fils du 585, boul. Laure \u00e0 Sept-\u00celes.<\/p>\n<p><strong>\u00a0<\/strong><strong><u>D\u00fb aux circonstances reli\u00e9es \u00e0 la pand\u00e9mie, vous pouvez venir pr\u00e9senter vos condol\u00e9ances en respectant la distanciation physique et le port du masque sera obligatoire.<\/u><\/strong><\/p>\n<p>Elle laisse dans le deuil son fils Bernard (Annie Vollant), sa fille Cindy (Yann Awashish), ses petits-enfants\u00a0: Shirley, Jay-Sun, Mady, Asham, Nitei, Nipen et Sia, son arri\u00e8re-petit-fils Peyton, son fr\u00e8re Roland, sa s\u0153ur Bernadette ainsi que sa belle-s\u0153ur Marie-France (Protes Andr\u00e9), ses neveux, ses ni\u00e8ces, ses oncles, ses tantes, ses cousins, ses cousines et nombreux ami(e)s.<\/p>\n<p>La famille a confi\u00e9 la direction des fun\u00e9railles aux services professionnels de la Maison Mallet &amp; fils du 585, boul. Laure \u00e0 Sept-\u00celes, maintenant reconnue Distinction et membre de la Corporation des Thanatologues du Qu\u00e9bec.<\/p>\n<p>Vous pouvez consulter cet avis de d\u00e9c\u00e8s, sur le <a href=\"https:\/\/nouveau.maisonmallet.com\/back05_01\">www.maisonmallet.com<\/a><\/p>\n<p>Ceux et celles qui le d\u00e9sirent, peuvent y envoyer des messages de sympathie.<\/p>\n<p>&nbsp;<\/p>\n<hr \/>\n<p>Envoyer vos condol\u00e9ances<\/p>\n<p>[contact-form to=\u00a0\u00bbkhaylene@hotmail.com\u00a0\u00bb subject=\u00a0\u00bbCondol\u00e9ances Jeanne d&rsquo;Arc Vollant\u00a0\u00bb][contact-field label=\u00a0\u00bbVotre nom\u00a0\u00bb type=\u00a0\u00bbname\u00a0\u00bb required=\u00a0\u00bb1&Prime;][contact-field label=\u00a0\u00bbVotre courriel\u00a0\u00bb type=\u00a0\u00bbemail\u00a0\u00bb required=\u00a0\u00bb1&Prime;][contact-field label=\u00a0\u00bbCondol\u00e9ances\u00a0\u00bb type=\u00a0\u00bbtextarea\u00a0\u00bb][\/contact-form]<\/p>\n","protected":false},"featured_media":26597,"template":"","event_cat":[6],"class_list":["post-26552","event","type-event","status-publish","has-post-thumbnail","hentry","event_cat-maison-mallet-et-fils-inc"],"_links":{"self":[{"href":"https:\/\/nouveau.maisonmallet.com\/back05_01\/index.php?rest_route=\/wp\/v2\/event\/26552","targetHints":{"allow":["GET"]}}],"collection":[{"href":"https:\/\/nouveau.maisonmallet.com\/back05_01\/index.php?rest_route=\/wp\/v2\/event"}],"about":[{"href":"https:\/\/nouveau.maisonmallet.com\/back05_01\/index.php?rest_route=\/wp\/v2\/types\/event"}],"wp:featuredmedia":[{"embeddable":true,"href":"https:\/\/nouveau.maisonmallet.com\/back05_01\/index.php?rest_route=\/wp\/v2\/media\/26597"}],"wp:attachment":[{"href":"https:\/\/nouveau.maisonmallet.com\/back05_01\/index.php?rest_route=%2Fwp%2Fv2%2Fmedia&parent=26552"}],"wp:term":[{"taxonomy":"event_cat","embeddable":true,"href":"https:\/\/nouveau.maisonmallet.com\/back05_01\/index.php?rest_route=%2Fwp%2Fv2%2Fevent_cat&post=26552"}],"curies":[{"name":"wp","href":"https:\/\/api.w.org\/{rel}","templated":true}]}}

<p>1950 – 2021</p>
<p>VOLLANT, Jeanne d`Arc</p>
<p>&nbsp;</p>
<p>À Sept-Îles, le 17 décembre 2021, est décédée à l’âge de 71 ans, madame Jeanne d`Arc Vollant fille de feu Raoul Vollant et de feue Germaine André domiciliée à Mani-Utenam.</p>
<p>Les funérailles de madame Jeanne d`Arc Vollant auront lieu le mardi 21 décembre 2021 à 13 h en l’église Notre-Dame-du-Cap située au 139, rue de l’Église à Mani-Utenam et de là au cimetière de Mani-Utenam.</p>
<p>La famille reçoit parents et amis le lundi 20 décembre 2021 de 19 h à 22 h. Le mardi 21 décembre 2021 jour des funérailles, à compter de 10 h au Complexe Thanatologique Mallet &amp; fils du 585, boul. Laure à Sept-Îles.</p>
<p><strong> </strong><strong><u>Dû aux circonstances reliées à la pandémie, vous pouvez venir présenter vos condoléances en respectant la distanciation physique et le port du masque sera obligatoire.</u></strong></p>
<p>Elle laisse dans le deuil son fils Bernard (Annie Vollant), sa fille Cindy (Yann Awashish), ses petits-enfants : Shirley, Jay-Sun, Mady, Asham, Nitei, Nipen et Sia, son arrière-petit-fils Peyton, son frère Roland, sa sœur Bernadette ainsi que sa belle-sœur Marie-France (Protes André), ses neveux, ses nièces, ses oncles, ses tantes, ses cousins, ses cousines et nombreux ami(e)s.</p>
<p>La famille a confié la direction des funérailles aux services professionnels de la Maison Mallet &amp; fils du 585, boul. Laure à Sept-Îles, maintenant reconnue Distinction et membre de la Corporation des Thanatologues du Québec.</p>
<p>Vous pouvez consulter cet avis de décès, sur le <a href="https://nouveau.maisonmallet.com/back05_01">www.maisonmallet.com</a></p>
<p>Ceux et celles qui le désirent, peuvent y envoyer des messages de sympathie.</p>
<p>&nbsp;</p>
<hr />
<p>Envoyer vos condoléances</p>
<p>[contact-form to= »khaylene@hotmail.com » subject= »Condoléances Jeanne d&rsquo;Arc Vollant »][contact-field label= »Votre nom » type= »name » required= »1&Prime;][contact-field label= »Votre courriel » type= »email » required= »1&Prime;][contact-field label= »Condoléances » type= »textarea »][/contact-form]</p>
