{"id":2672,"date":"2019-05-05T11:47:56","date_gmt":"2019-05-05T15:47:56","guid":{"rendered":"https:\/\/nouveau.maisonmallet.com\/?post_type=event&#038;p=2672"},"modified":"2019-05-12T16:09:46","modified_gmt":"2019-05-12T20:09:46","slug":"castilloux-aleodat-01101938","status":"publish","type":"event","link":"https:\/\/nouveau.maisonmallet.com\/back05_01\/?event=castilloux-aleodat-01101938","title":{"rendered":"CASTILLOUX, Al\u00e9odat (Castilloux)"},"content":{"rendered":"<p>1938-2019<\/p>\n<p>CASTILLOUX, Al\u00e9odat (Castilloux)<\/p>\n<p>&nbsp;<\/p>\n<p>\u00c0 Sept-\u00celes (maison \u00c9lyme des sables), le 5 mai 2019, est d\u00e9c\u00e9d\u00e9e \u00e0 l\u2019\u00e2ge de 80 ans, madame Al\u00e9odat Castilloux \u00e9pouse de feu Hermel Castilloux et domicili\u00e9e \u00e0 Sept-\u00celes.<\/p>\n<p>Les fun\u00e9railles de madame Al\u00e9odat Castilloux auront lieu le samedi 11 mai 2019 \u00e0 11 h en l\u2019\u00e9glise Marie-Immacul\u00e9e situ\u00e9e au 180, rue Papineau \u00e0 Sept-\u00celes et de l\u00e0 au cr\u00e9matorium de la maison Mallet &amp; fils pour cr\u00e9mation.<\/p>\n<p>La famille re\u00e7oit parents et amis le vendredi 10 mai 2019 de 13 h \u00e0 16 h et de 19 h \u00e0 22 h. Le samedi 11 mai 2019 jour des fun\u00e9railles \u00e0 compter de 9 h 30 au Complexe Thanatologique Mallet &amp; fils du 585 Boul. Laure \u00e0 Sept-\u00celes.<\/p>\n<p>Elle laisse dans le deuil ses filles\u00a0: Sylvie et Chantale, son fils Michel (Line R\u00e9millard), ses petites-filles\u00a0: Vanessa (Daniel De la Sablonni\u00e8re), Emmy et Kassandra, ses petits-fils\u00a0: Samuel, Francis, Mathieu et Guillaume, ses arri\u00e8re-petits-fils\u00a0: Bastien, Olivier et Henri, ses arri\u00e8re-petites-filles\u00a0: Rose et Juliette ainsi que sa s\u0153ur G\u00e9raldine Cyr, ses neveux, ses ni\u00e8ces, ses cousins, ses cousines et de nombreux ami(e)s.<\/p>\n<p>Elle \u00e9tait la grand-m\u00e8re de feu William et de l&rsquo;arri\u00e8re-grand-m\u00e8re de feue Jade.<\/p>\n<p>Vos marques de sympathie peuvent se traduire par un don \u00e0 l\u2019\u00c9lyme des sables <a href=\"http:\/\/www.elymedessables.com\/\">www.elymedessables.com<\/a><\/p>\n<p>La famille a confi\u00e9 la direction des fun\u00e9railles aux services professionnels de la Maison Mallet &amp; fils du 585 boul. Laure \u00e0 Sept-\u00celes, maintenant reconnue Distinction et membre de la Corporation des Thanatologues du Qu\u00e9bec.<\/p>\n<p>Vous pouvez consulter cet avis de d\u00e9c\u00e8s sur le <a href=\"https:\/\/nouveau.maisonmallet.com\/back05_01\/\">www.maisonmallet.com<\/a><\/p>\n<p>Ceux et celles qui le d\u00e9sirent, peuvent y envoyer des messages de sympathie.<\/p>\n<p>&nbsp;<\/p>\n<p>&nbsp;<\/p>\n<hr \/>\n<p>Envoyer vos condol\u00e9ances<\/p>\n<p>[contact-form to=\u00a0\u00bbmichcas@globetrotter.net\u00a0\u00bb subject=\u00a0\u00bbCondol\u00e9ances Aleodat castilloux\u00a0\u00bb][contact-field label=\u00a0\u00bbVotre nom\u00a0\u00bb type=\u00a0\u00bbname\u00a0\u00bb required=\u00a0\u00bb1&Prime;][contact-field label=\u00a0\u00bbVotre courriel\u00a0\u00bb type=\u00a0\u00bbemail\u00a0\u00bb required=\u00a0\u00bb1&Prime;][contact-field label=\u00a0\u00bbCondol\u00e9ances\u00a0\u00bb type=\u00a0\u00bbtextarea\u00a0\u00bb][\/contact-form]<\/p>\n","protected":false},"featured_media":2644,"template":"","event_cat":[6],"class_list":["post-2672","event","type-event","status-publish","has-post-thumbnail","hentry","event_cat-maison-mallet-et-fils-inc"],"_links":{"self":[{"href":"https:\/\/nouveau.maisonmallet.com\/back05_01\/index.php?rest_route=\/wp\/v2\/event\/2672","targetHints":{"allow":["GET"]}}],"collection":[{"href":"https:\/\/nouveau.maisonmallet.com\/back05_01\/index.php?rest_route=\/wp\/v2\/event"}],"about":[{"href":"https:\/\/nouveau.maisonmallet.com\/back05_01\/index.php?rest_route=\/wp\/v2\/types\/event"}],"wp:featuredmedia":[{"embeddable":true,"href":"https:\/\/nouveau.maisonmallet.com\/back05_01\/index.php?rest_route=\/wp\/v2\/media\/2644"}],"wp:attachment":[{"href":"https:\/\/nouveau.maisonmallet.com\/back05_01\/index.php?rest_route=%2Fwp%2Fv2%2Fmedia&parent=2672"}],"wp:term":[{"taxonomy":"event_cat","embeddable":true,"href":"https:\/\/nouveau.maisonmallet.com\/back05_01\/index.php?rest_route=%2Fwp%2Fv2%2Fevent_cat&post=2672"}],"curies":[{"name":"wp","href":"https:\/\/api.w.org\/{rel}","templated":true}]}}

CASTILLOUX, Aléodat (Castilloux)

<p>1938-2019</p>
<p>CASTILLOUX, Aléodat (Castilloux)</p>
<p>&nbsp;</p>
<p>À Sept-Îles (maison Élyme des sables), le 5 mai 2019, est décédée à l’âge de 80 ans, madame Aléodat Castilloux épouse de feu Hermel Castilloux et domiciliée à Sept-Îles.</p>
<p>Les funérailles de madame Aléodat Castilloux auront lieu le samedi 11 mai 2019 à 11 h en l’église Marie-Immaculée située au 180, rue Papineau à Sept-Îles et de là au crématorium de la maison Mallet &amp; fils pour crémation.</p>
<p>La famille reçoit parents et amis le vendredi 10 mai 2019 de 13 h à 16 h et de 19 h à 22 h. Le samedi 11 mai 2019 jour des funérailles à compter de 9 h 30 au Complexe Thanatologique Mallet &amp; fils du 585 Boul. Laure à Sept-Îles.</p>
<p>Elle laisse dans le deuil ses filles : Sylvie et Chantale, son fils Michel (Line Rémillard), ses petites-filles : Vanessa (Daniel De la Sablonnière), Emmy et Kassandra, ses petits-fils : Samuel, Francis, Mathieu et Guillaume, ses arrière-petits-fils : Bastien, Olivier et Henri, ses arrière-petites-filles : Rose et Juliette ainsi que sa sœur Géraldine Cyr, ses neveux, ses nièces, ses cousins, ses cousines et de nombreux ami(e)s.</p>
<p>Elle était la grand-mère de feu William et de l&rsquo;arrière-grand-mère de feue Jade.</p>
<p>Vos marques de sympathie peuvent se traduire par un don à l’Élyme des sables <a href="http://www.elymedessables.com/">www.elymedessables.com</a></p>
<p>La famille a confié la direction des funérailles aux services professionnels de la Maison Mallet &amp; fils du 585 boul. Laure à Sept-Îles, maintenant reconnue Distinction et membre de la Corporation des Thanatologues du Québec.</p>
<p>Vous pouvez consulter cet avis de décès sur le <a href="https://nouveau.maisonmallet.com/back05_01/">www.maisonmallet.com</a></p>
<p>Ceux et celles qui le désirent, peuvent y envoyer des messages de sympathie.</p>
<p>&nbsp;</p>
<p>&nbsp;</p>
<hr />
<p>Envoyer vos condoléances</p>
<p>[contact-form to= »michcas@globetrotter.net » subject= »Condoléances Aleodat castilloux »][contact-field label= »Votre nom » type= »name » required= »1&Prime;][contact-field label= »Votre courriel » type= »email » required= »1&Prime;][contact-field label= »Condoléances » type= »textarea »][/contact-form]</p>
