{"id":26783,"date":"2022-05-19T15:24:56","date_gmt":"2022-05-19T19:24:56","guid":{"rendered":"https:\/\/nouveau.maisonmallet.com\/?post_type=event&#038;p=26783"},"modified":"2022-05-20T16:54:59","modified_gmt":"2022-05-20T20:54:59","slug":"lapierre-wilfrid-ti-rouge","status":"publish","type":"event","link":"https:\/\/nouveau.maisonmallet.com\/back05_01\/?event=lapierre-wilfrid-ti-rouge","title":{"rendered":"LAPIERRE, Wilfrid (Ti-Rouge)"},"content":{"rendered":"<p>1936 &#8211; 2021<\/p>\n<p>LAPIERRE, Wilfrid (Ti-Rouge)<\/p>\n<p>&nbsp;<\/p>\n<p>\u00c0 Sept-\u00celes, le 29 d\u00e9cembre 2021, est d\u00e9c\u00e9d\u00e9 \u00e0 l\u2019\u00e2ge de 85 ans, monsieur Wilfrid (Ti-Rouge) Lapierre \u00e9poux de madame Clara Comeau fils de feue Wilfrid Lapierre et de feue Rose-Anna Lejeune (Edmond Boudreau) domicili\u00e9 \u00e0 Sept-\u00celes.<\/p>\n<p>Les fun\u00e9railles de monsieur Wilfrid Lapierre (Ti-Rouge) auront lieu le samedi 28 mai 2022 \u00e0 14 h en l`\u00e9glise St-Joseph situ\u00e9e au 535 ave. Brochu \u00e0 Sept-\u00celes et de l\u00e0 au cimeti\u00e8re de Sept-\u00celes.<\/p>\n<p>Selon ses volont\u00e9s, il a \u00e9t\u00e9 confi\u00e9 au cr\u00e9matorium de la Maison Mallet &amp; fils pour cr\u00e9mation.<\/p>\n<p>La famille re\u00e7oit parents et amis le samedi 28 mai 2022 jour des fun\u00e9railles \u00e0 compter de 11 h au Complexe Thanatologique Mallet &amp; fils du 585 boul. Laure \u00e0 Sept-\u00celes et de l\u00e0 au cimeti\u00e8re de Sept-\u00celes.<\/p>\n<p>Il laisse dans le deuil outre son \u00e9pouse Clara Comeau Lapierre, ses filles : Lise (Richard Larriv\u00e9e) et Linda (Daniel Roussy), ses petits-enfants : Keven, Jason, Steven, Jymmy et Marie-Pier (Jean-Fran\u00e7ois Bobbitt), ses arri\u00e8re-petits-enfants : Coralie, Zachary, Rose, Alison, Donavan et Mathis ainsi que ses s\u0153urs : Wilfrida et Marie (Marcel Blanchettte), son fr\u00e8re Jean-Guy, ses beaux-fr\u00e8res, ses belles-s\u0153urs, ses neveux, ses ni\u00e8ces, ses cousins, ses cousines et de nombreux ami(e)s.<\/p>\n<p>Il \u00e9tait le p\u00e8re de feue Mona Lapierre (Jocelyn D`Amour).<\/p>\n<p>Vos marques de sympathie peuvent se traduire par un don \u00e0 La fondation r\u00e9gionale h\u00f4pital Sept-\u00celes <a href=\"http:\/\/www.fondationsept-iles.qc.ca\">www.fondationsept-iles.qc.ca<\/a><\/p>\n<p>La famille a confi\u00e9 la direction des fun\u00e9railles aux services professionnels de la Maison Mallet &amp; fils du 585 boul. Laure \u00e0 Sept-\u00celes, maintenant reconnue Distinction et membre de la Corporation des Thanatologues du Qu\u00e9bec.<\/p>\n<p>Vous pouvez consulter cet avis de d\u00e9c\u00e8s sur le <a href=\"https:\/\/nouveau.maisonmallet.com\/back05_01\">www.maisonmallet.com<\/a><\/p>\n<p>Ceux et celles qui le d\u00e9sirent, peuvent y envoyer des messages de sympathies.<\/p>\n<p>&nbsp;<\/p>\n<hr \/>\n<p>Envoyer vos condol\u00e9ances<\/p>\n<p>[contact-form to=\u00a0\u00bblinda.lapierre@icloud.com\u00a0\u00bb subject=\u00a0\u00bbCondol\u00e9ances Wilfrid Lapierre\u00a0\u00bb][contact-field label=\u00a0\u00bbVotre nom\u00a0\u00bb type=\u00a0\u00bbname\u00a0\u00bb required=\u00a0\u00bb1&Prime;][contact-field label=\u00a0\u00bbVotre courriel\u00a0\u00bb type=\u00a0\u00bbemail\u00a0\u00bb required=\u00a0\u00bb1&Prime;][contact-field label=\u00a0\u00bbCondol\u00e9ances\u00a0\u00bb type=\u00a0\u00bbtextarea\u00a0\u00bb][\/contact-form]<\/p>\n","protected":false},"featured_media":26792,"template":"","event_cat":[6],"class_list":["post-26783","event","type-event","status-publish","has-post-thumbnail","hentry","event_cat-maison-mallet-et-fils-inc"],"_links":{"self":[{"href":"https:\/\/nouveau.maisonmallet.com\/back05_01\/index.php?rest_route=\/wp\/v2\/event\/26783","targetHints":{"allow":["GET"]}}],"collection":[{"href":"https:\/\/nouveau.maisonmallet.com\/back05_01\/index.php?rest_route=\/wp\/v2\/event"}],"about":[{"href":"https:\/\/nouveau.maisonmallet.com\/back05_01\/index.php?rest_route=\/wp\/v2\/types\/event"}],"wp:featuredmedia":[{"embeddable":true,"href":"https:\/\/nouveau.maisonmallet.com\/back05_01\/index.php?rest_route=\/wp\/v2\/media\/26792"}],"wp:attachment":[{"href":"https:\/\/nouveau.maisonmallet.com\/back05_01\/index.php?rest_route=%2Fwp%2Fv2%2Fmedia&parent=26783"}],"wp:term":[{"taxonomy":"event_cat","embeddable":true,"href":"https:\/\/nouveau.maisonmallet.com\/back05_01\/index.php?rest_route=%2Fwp%2Fv2%2Fevent_cat&post=26783"}],"curies":[{"name":"wp","href":"https:\/\/api.w.org\/{rel}","templated":true}]}}

<p>1936 &#8211; 2021</p>
<p>LAPIERRE, Wilfrid (Ti-Rouge)</p>
<p>&nbsp;</p>
<p>À Sept-Îles, le 29 décembre 2021, est décédé à l’âge de 85 ans, monsieur Wilfrid (Ti-Rouge) Lapierre époux de madame Clara Comeau fils de feue Wilfrid Lapierre et de feue Rose-Anna Lejeune (Edmond Boudreau) domicilié à Sept-Îles.</p>
<p>Les funérailles de monsieur Wilfrid Lapierre (Ti-Rouge) auront lieu le samedi 28 mai 2022 à 14 h en l`église St-Joseph située au 535 ave. Brochu à Sept-Îles et de là au cimetière de Sept-Îles.</p>
<p>Selon ses volontés, il a été confié au crématorium de la Maison Mallet &amp; fils pour crémation.</p>
<p>La famille reçoit parents et amis le samedi 28 mai 2022 jour des funérailles à compter de 11 h au Complexe Thanatologique Mallet &amp; fils du 585 boul. Laure à Sept-Îles et de là au cimetière de Sept-Îles.</p>
<p>Il laisse dans le deuil outre son épouse Clara Comeau Lapierre, ses filles : Lise (Richard Larrivée) et Linda (Daniel Roussy), ses petits-enfants : Keven, Jason, Steven, Jymmy et Marie-Pier (Jean-François Bobbitt), ses arrière-petits-enfants : Coralie, Zachary, Rose, Alison, Donavan et Mathis ainsi que ses sœurs : Wilfrida et Marie (Marcel Blanchettte), son frère Jean-Guy, ses beaux-frères, ses belles-sœurs, ses neveux, ses nièces, ses cousins, ses cousines et de nombreux ami(e)s.</p>
<p>Il était le père de feue Mona Lapierre (Jocelyn D`Amour).</p>
<p>Vos marques de sympathie peuvent se traduire par un don à La fondation régionale hôpital Sept-Îles <a href="http://www.fondationsept-iles.qc.ca">www.fondationsept-iles.qc.ca</a></p>
<p>La famille a confié la direction des funérailles aux services professionnels de la Maison Mallet &amp; fils du 585 boul. Laure à Sept-Îles, maintenant reconnue Distinction et membre de la Corporation des Thanatologues du Québec.</p>
<p>Vous pouvez consulter cet avis de décès sur le <a href="https://nouveau.maisonmallet.com/back05_01">www.maisonmallet.com</a></p>
<p>Ceux et celles qui le désirent, peuvent y envoyer des messages de sympathies.</p>
<p>&nbsp;</p>
<hr />
<p>Envoyer vos condoléances</p>
<p>[contact-form to= »linda.lapierre@icloud.com » subject= »Condoléances Wilfrid Lapierre »][contact-field label= »Votre nom » type= »name » required= »1&Prime;][contact-field label= »Votre courriel » type= »email » required= »1&Prime;][contact-field label= »Condoléances » type= »textarea »][/contact-form]</p>
