{"id":26878,"date":"2022-01-06T10:57:27","date_gmt":"2022-01-06T15:57:27","guid":{"rendered":"https:\/\/nouveau.maisonmallet.com\/?post_type=event&#038;p=26878"},"modified":"2022-01-07T11:04:09","modified_gmt":"2022-01-07T16:04:09","slug":"short-carol-ann-wigmore","status":"publish","type":"event","link":"https:\/\/nouveau.maisonmallet.com\/back05_01\/?event=short-carol-ann-wigmore","title":{"rendered":"SHORT, Carol-Ann (Wigmore)"},"content":{"rendered":"<p>1944 \u2013 2021<\/p>\n<p>SHORT, Carol-Ann (Wigmore)<\/p>\n<p>&nbsp;<\/p>\n<p>\u00c0 Port-Cartier, le 18 d\u00e9cembre 2021, est d\u00e9c\u00e9d\u00e9e \u00e0 l\u2019\u00e2ge de 77 ans, madame Carol-Ann Short \u00e9pouse de feu James Wigmore et domicili\u00e9e \u00e0 Port-Cartier.<\/p>\n<p>Selon ses volont\u00e9s, elle a \u00e9t\u00e9 confi\u00e9e au cr\u00e9matorium de la Maison Mallet &amp; fils pour cr\u00e9mation.<\/p>\n<p>Les rituels fun\u00e9raires de madame Carol-Ann Short Wigmore auront lieu \u00e0 une date ult\u00e9rieure.<\/p>\n<p>Elle laisse dans le deuil son fils Richard (Linda Tremblay), sa fille Janice (Paul O`Leary), ses petit-enfants\u00a0: Dean, Megan (Pascal), Chantille (Chad) et Christy-Leigh (Ronald), ses arri\u00e8res petits-enfants\u00a0: Lekeisha, Emma, Kyarah, Aaliyah et Nikita, ses fr\u00e8res Doug et Ron (Nancy), ses s\u0153urs\u00a0: Dee (Tom), Denise et Melanie (John) ainsi que ses \u00e9l\u00e8ves de l`\u00e9cole Riverview, ses neveux, ses ni\u00e8ces, ses cousins, ses cousines et de nombreux ami(e)s.<\/p>\n<p>La famille a confi\u00e9 les arrangements aux services professionnels de la Maison Mallet &amp; fils du 57, route 138 \u00e0 Port-Cartier, maintenant reconnue Distinction et membre de la Corporation des Thanatologues du Qu\u00e9bec.<\/p>\n<p>Vous pouvez consulter cet avis de d\u00e9c\u00e8s, sur le <a href=\"https:\/\/nouveau.maisonmallet.com\/back05_01\">www.maisonmallet.com<\/a><\/p>\n<p>Ceux et celles qui le d\u00e9sirent, peuvent y envoyer des messages de sympathie.<\/p>\n<p>&nbsp;<\/p>\n<hr \/>\n<p>Envoyer vos condol\u00e9ances<\/p>\n<p>[contact-form to=\u00a0\u00bbolearyasb@gmail.com\u00a0\u00bb subject=\u00a0\u00bbCondol\u00e9ances Carol-Ann Short\u00a0\u00bb][contact-field label=\u00a0\u00bbVotre nom\u00a0\u00bb type=\u00a0\u00bbname\u00a0\u00bb required=\u00a0\u00bb1&Prime;][contact-field label=\u00a0\u00bbVotre courriel\u00a0\u00bb type=\u00a0\u00bbemail\u00a0\u00bb required=\u00a0\u00bb1&Prime;][contact-field label=\u00a0\u00bbCondol\u00e9ances\u00a0\u00bb type=\u00a0\u00bbtextarea\u00a0\u00bb][\/contact-form]<\/p>\n","protected":false},"featured_media":26883,"template":"","event_cat":[6],"class_list":["post-26878","event","type-event","status-publish","has-post-thumbnail","hentry","event_cat-maison-mallet-et-fils-inc"],"_links":{"self":[{"href":"https:\/\/nouveau.maisonmallet.com\/back05_01\/index.php?rest_route=\/wp\/v2\/event\/26878","targetHints":{"allow":["GET"]}}],"collection":[{"href":"https:\/\/nouveau.maisonmallet.com\/back05_01\/index.php?rest_route=\/wp\/v2\/event"}],"about":[{"href":"https:\/\/nouveau.maisonmallet.com\/back05_01\/index.php?rest_route=\/wp\/v2\/types\/event"}],"wp:featuredmedia":[{"embeddable":true,"href":"https:\/\/nouveau.maisonmallet.com\/back05_01\/index.php?rest_route=\/wp\/v2\/media\/26883"}],"wp:attachment":[{"href":"https:\/\/nouveau.maisonmallet.com\/back05_01\/index.php?rest_route=%2Fwp%2Fv2%2Fmedia&parent=26878"}],"wp:term":[{"taxonomy":"event_cat","embeddable":true,"href":"https:\/\/nouveau.maisonmallet.com\/back05_01\/index.php?rest_route=%2Fwp%2Fv2%2Fevent_cat&post=26878"}],"curies":[{"name":"wp","href":"https:\/\/api.w.org\/{rel}","templated":true}]}}

<p>1944 – 2021</p>
<p>SHORT, Carol-Ann (Wigmore)</p>
<p>&nbsp;</p>
<p>À Port-Cartier, le 18 décembre 2021, est décédée à l’âge de 77 ans, madame Carol-Ann Short épouse de feu James Wigmore et domiciliée à Port-Cartier.</p>
<p>Selon ses volontés, elle a été confiée au crématorium de la Maison Mallet &amp; fils pour crémation.</p>
<p>Les rituels funéraires de madame Carol-Ann Short Wigmore auront lieu à une date ultérieure.</p>
<p>Elle laisse dans le deuil son fils Richard (Linda Tremblay), sa fille Janice (Paul O`Leary), ses petit-enfants : Dean, Megan (Pascal), Chantille (Chad) et Christy-Leigh (Ronald), ses arrières petits-enfants : Lekeisha, Emma, Kyarah, Aaliyah et Nikita, ses frères Doug et Ron (Nancy), ses sœurs : Dee (Tom), Denise et Melanie (John) ainsi que ses élèves de l`école Riverview, ses neveux, ses nièces, ses cousins, ses cousines et de nombreux ami(e)s.</p>
<p>La famille a confié les arrangements aux services professionnels de la Maison Mallet &amp; fils du 57, route 138 à Port-Cartier, maintenant reconnue Distinction et membre de la Corporation des Thanatologues du Québec.</p>
<p>Vous pouvez consulter cet avis de décès, sur le <a href="https://nouveau.maisonmallet.com/back05_01">www.maisonmallet.com</a></p>
<p>Ceux et celles qui le désirent, peuvent y envoyer des messages de sympathie.</p>
<p>&nbsp;</p>
<hr />
<p>Envoyer vos condoléances</p>
<p>[contact-form to= »olearyasb@gmail.com » subject= »Condoléances Carol-Ann Short »][contact-field label= »Votre nom » type= »name » required= »1&Prime;][contact-field label= »Votre courriel » type= »email » required= »1&Prime;][contact-field label= »Condoléances » type= »textarea »][/contact-form]</p>
