{"id":27099,"date":"2022-05-31T15:37:07","date_gmt":"2022-05-31T19:37:07","guid":{"rendered":"https:\/\/nouveau.maisonmallet.com\/?post_type=event&#038;p=27099"},"modified":"2022-06-01T11:34:33","modified_gmt":"2022-06-01T15:34:33","slug":"gagnon-antonio","status":"publish","type":"event","link":"https:\/\/nouveau.maisonmallet.com\/back05_01\/?event=gagnon-antonio","title":{"rendered":"GAGNON, Antonio"},"content":{"rendered":"<p>1957 &#8211; 2022<\/p>\n<p>GAGNON, Antonio<\/p>\n<p>&nbsp;<\/p>\n<p>\u00c0 Sept-\u00celes (maison \u00c9lyme des Sables), le 6 janvier 2022, est d\u00e9c\u00e9d\u00e9 \u00e0 l\u2019\u00e2ge de 64 ans, monsieur Antonio Gagnon \u00e9poux de madame Suzanne Faucher et \u00a0domicili\u00e9 \u00e0 Rivi\u00e8re-au-Tonnerre.<\/p>\n<p>Les fun\u00e9railles de monsieur Antonio Gagnon auront lieu le samedi 18 juin 2022 \u00e0 13 h en l\u2019\u00e9glise Saint-Hippolyte de Rivi\u00e8re-au-Tonnerre.<\/p>\n<p>Selon ses volont\u00e9s, il a \u00e9t\u00e9 confi\u00e9 au cr\u00e9matorium de la Maison L.J.G. Mallet pour cr\u00e9mation.<\/p>\n<p>Il laisse dans le deuil outre son \u00e9pouse madame Suzanne Faucher, son fils Mathieu, ses fr\u00e8res\u00a0: Willie Georges, Victor (C\u00e9cile Duguay), Aubert, Albini (Suzan Bernier) et Eddy, ses s\u0153urs\u00a0: Marie-Jeanne (Adrien Derosby), Guylaine (Eug\u00e8ne Pitre) et Doroth\u00e9e (Bertrand Cloutier) ainsi que sa belle-s\u0153ur Monique Faucher (Roby C\u00f4t\u00e9), ses petites-filles\u00a0: Laurence et Romane, ses neveux, ses oncles, ses tantes, ses ni\u00e8ces, ses cousins, ses cousines et de nombreux amis.<\/p>\n<p>Il \u00e9tait le p\u00e8re de feu Philippe Faucher Santerre.<\/p>\n<p>Vos marques de sympathie peuvent se traduire par un don \u00e0 l\u2019Association du cancer Est du Qu\u00e9bec <a href=\"http:\/\/www.aceq.org\">www.aceq.org<\/a> ou<\/p>\n<p>Vos marques de sympathie peuvent se traduire par un don \u00e0 l\u2019\u00c9lyme des sables <a href=\"http:\/\/www.elymedessables.com\">www.elymedessables.com<\/a><\/p>\n<p>La famille a confi\u00e9 les fun\u00e9railles aux services professionnels de la Maison L.J.G. Mallet du 1429, du Canot \u00e0 Havre-St-Pierre, maintenant reconnue Distinction et membre de la Corporation des Thanatologues du Qu\u00e9bec.<\/p>\n<p>Vous pouvez consulter cet avis de d\u00e9c\u00e8s, sur le <a href=\"https:\/\/nouveau.maisonmallet.com\/back05_01\">www.maisonmallet.com<\/a><\/p>\n<p>Ceux et celles qui le d\u00e9sirent, peuvent y envoyer des messages de sympathie.<\/p>\n<p>&nbsp;<\/p>\n<hr \/>\n<p>Envoyer vos condol\u00e9ances<\/p>\n<p>[contact-form to=\u00a0\u00bbsuzannefaucher3@gmail.com\u00a0\u00bb subject=\u00a0\u00bbCondol\u00e9ances Antonio Gagnon\u00a0\u00bb][contact-field label=\u00a0\u00bbVotre nom\u00a0\u00bb type=\u00a0\u00bbname\u00a0\u00bb required=\u00a0\u00bb1&Prime;][contact-field label=\u00a0\u00bbVotre courriel\u00a0\u00bb type=\u00a0\u00bbemail\u00a0\u00bb required=\u00a0\u00bb1&Prime;][contact-field label=\u00a0\u00bbCondol\u00e9ances\u00a0\u00bb type=\u00a0\u00bbtextarea\u00a0\u00bb][\/contact-form]<\/p>\n","protected":false},"featured_media":27336,"template":"","event_cat":[7],"class_list":["post-27099","event","type-event","status-publish","has-post-thumbnail","hentry","event_cat-maison-l-j-g-mallet-inc"],"_links":{"self":[{"href":"https:\/\/nouveau.maisonmallet.com\/back05_01\/index.php?rest_route=\/wp\/v2\/event\/27099","targetHints":{"allow":["GET"]}}],"collection":[{"href":"https:\/\/nouveau.maisonmallet.com\/back05_01\/index.php?rest_route=\/wp\/v2\/event"}],"about":[{"href":"https:\/\/nouveau.maisonmallet.com\/back05_01\/index.php?rest_route=\/wp\/v2\/types\/event"}],"wp:featuredmedia":[{"embeddable":true,"href":"https:\/\/nouveau.maisonmallet.com\/back05_01\/index.php?rest_route=\/wp\/v2\/media\/27336"}],"wp:attachment":[{"href":"https:\/\/nouveau.maisonmallet.com\/back05_01\/index.php?rest_route=%2Fwp%2Fv2%2Fmedia&parent=27099"}],"wp:term":[{"taxonomy":"event_cat","embeddable":true,"href":"https:\/\/nouveau.maisonmallet.com\/back05_01\/index.php?rest_route=%2Fwp%2Fv2%2Fevent_cat&post=27099"}],"curies":[{"name":"wp","href":"https:\/\/api.w.org\/{rel}","templated":true}]}}

<p>1957 &#8211; 2022</p>
<p>GAGNON, Antonio</p>
<p>&nbsp;</p>
<p>À Sept-Îles (maison Élyme des Sables), le 6 janvier 2022, est décédé à l’âge de 64 ans, monsieur Antonio Gagnon époux de madame Suzanne Faucher et  domicilié à Rivière-au-Tonnerre.</p>
<p>Les funérailles de monsieur Antonio Gagnon auront lieu le samedi 18 juin 2022 à 13 h en l’église Saint-Hippolyte de Rivière-au-Tonnerre.</p>
<p>Selon ses volontés, il a été confié au crématorium de la Maison L.J.G. Mallet pour crémation.</p>
<p>Il laisse dans le deuil outre son épouse madame Suzanne Faucher, son fils Mathieu, ses frères : Willie Georges, Victor (Cécile Duguay), Aubert, Albini (Suzan Bernier) et Eddy, ses sœurs : Marie-Jeanne (Adrien Derosby), Guylaine (Eugène Pitre) et Dorothée (Bertrand Cloutier) ainsi que sa belle-sœur Monique Faucher (Roby Côté), ses petites-filles : Laurence et Romane, ses neveux, ses oncles, ses tantes, ses nièces, ses cousins, ses cousines et de nombreux amis.</p>
<p>Il était le père de feu Philippe Faucher Santerre.</p>
<p>Vos marques de sympathie peuvent se traduire par un don à l’Association du cancer Est du Québec <a href="http://www.aceq.org">www.aceq.org</a> ou</p>
<p>Vos marques de sympathie peuvent se traduire par un don à l’Élyme des sables <a href="http://www.elymedessables.com">www.elymedessables.com</a></p>
<p>La famille a confié les funérailles aux services professionnels de la Maison L.J.G. Mallet du 1429, du Canot à Havre-St-Pierre, maintenant reconnue Distinction et membre de la Corporation des Thanatologues du Québec.</p>
<p>Vous pouvez consulter cet avis de décès, sur le <a href="https://nouveau.maisonmallet.com/back05_01">www.maisonmallet.com</a></p>
<p>Ceux et celles qui le désirent, peuvent y envoyer des messages de sympathie.</p>
<p>&nbsp;</p>
<hr />
<p>Envoyer vos condoléances</p>
<p>[contact-form to= »suzannefaucher3@gmail.com » subject= »Condoléances Antonio Gagnon »][contact-field label= »Votre nom » type= »name » required= »1&Prime;][contact-field label= »Votre courriel » type= »email » required= »1&Prime;][contact-field label= »Condoléances » type= »textarea »][/contact-form]</p>
