{"id":27318,"date":"2022-06-26T21:16:45","date_gmt":"2022-06-27T01:16:45","guid":{"rendered":"https:\/\/nouveau.maisonmallet.com\/?post_type=event&#038;p=27318"},"modified":"2022-06-27T12:27:08","modified_gmt":"2022-06-27T16:27:08","slug":"modele-nom-prenom-58","status":"publish","type":"event","link":"https:\/\/nouveau.maisonmallet.com\/back05_01\/?event=modele-nom-prenom-58","title":{"rendered":"POULIN, Ludger"},"content":{"rendered":"<p>1938 \u2013 2022<\/p>\n<p>POULIN, Ludger<\/p>\n<p>&nbsp;<\/p>\n<p>\u00c0 Sept-\u00celes, le 7 janvier 2022, est d\u00e9c\u00e9d\u00e9 \u00e0 l\u2019\u00e2ge de 83 ans, monsieur Ludger Poulin \u00e9poux de madame Jocelyne Gauthier fils de feu Odina Poulin et de feue Marie Anne Jean domicili\u00e9 \u00e0 Port-Cartier.<\/p>\n<p>Les fun\u00e9railles de monsieur Ludger Poulin auront lieu le samedi 2 juillet 2022 \u00e0 11 h en l\u2019\u00e9glise Sacr\u00e9-C\u0153ur situ\u00e9e au 38, rue Parent \u00e0 Port-Cartier.<\/p>\n<p>Selon ses volont\u00e9s, il a \u00e9t\u00e9 confi\u00e9 au cr\u00e9matorium de la Maison Mallet &amp; fils pour cr\u00e9mation.<\/p>\n<p>La famille re\u00e7oit parents et amis le samedi 2 juillet 2022 jour des fun\u00e9railles \u00e0 compter de 10 h \u00e0 l\u2019\u00e9glise Sacr\u00e9-C\u0153ur de Port-Cartier.<\/p>\n<p>Il laisse dans le deuil outre son \u00e9pouse madame Jocelyne Gauthier Poulin, sa fille Diane (\u00c9ric Gagnon), ses fils\u00a0: Stephen (Belinda Bacon) et Richard (M\u00e9lanie L\u00e9vesque), ses petits-enfants\u00a0: St\u00e9phanie, \u00c9milie, Pierre-Luc, Patrick (Jo\u00eblle Hurley) et L\u00e9a-Catherine ainsi que sa s\u0153ur Ginette (feu R\u00e9al Claude Otis), ses beaux-fr\u00e8res, ses belles-s\u0153urs, ses neveux, ses ni\u00e8ces, ses cousins, ses cousines et de nombreux ami(e)s.<\/p>\n<p>Il \u00e9tait le fr\u00e8re de feue Patricia (feu Rom\u00e9o Bourque), feu Emmanuel (feue Th\u00e9r\u00e8se Bourque), feue Donalda, feu Rodrigue, feue Gladys (feu Marcelin Levesque) et feue Louise (Jean-Paul Bergeron).<\/p>\n<p>Vos marques de sympathie peuvent se traduire par un don la Fondation des maladies du c\u0153ur et de l\u2019AVC <a href=\"http:\/\/www.coeuretavc.ca\">www.coeuretavc.ca<\/a><\/p>\n<p>La famille a confi\u00e9 les arrangements aux services professionnels de la Maison Mallet &amp; fils du 57, route 138 \u00e0 Port-Cartier, maintenant reconnue Distinction et membre de la Corporation des Thanatologues du Qu\u00e9bec.<\/p>\n<p>Vous pouvez consulter cet avis de d\u00e9c\u00e8s, sur le <a href=\"https:\/\/nouveau.maisonmallet.com\/back05_01\">www.maisonmallet.com<\/a><\/p>\n<p>Ceux et celles qui le d\u00e9sirent, peuvent y envoyer des messages de sympathie.<\/p>\n<p>&nbsp;<\/p>\n<hr \/>\n<p>Envoyer vos condol\u00e9ances<\/p>\n<p>[contact-form to=\u00a0\u00bbdiane-poulin@telus.net\u00a0\u00bb subject=\u00a0\u00bbCondol\u00e9ances Ludger Poulin\u00a0\u00bb][contact-field label=\u00a0\u00bbVotre nom\u00a0\u00bb type=\u00a0\u00bbname\u00a0\u00bb required=\u00a0\u00bb1&Prime;][contact-field label=\u00a0\u00bbVotre courriel\u00a0\u00bb type=\u00a0\u00bbemail\u00a0\u00bb required=\u00a0\u00bb1&Prime;][contact-field label=\u00a0\u00bbCondol\u00e9ances\u00a0\u00bb type=\u00a0\u00bbtextarea\u00a0\u00bb][\/contact-form]<\/p>\n","protected":false},"featured_media":27322,"template":"","event_cat":[6],"class_list":["post-27318","event","type-event","status-publish","has-post-thumbnail","hentry","event_cat-maison-mallet-et-fils-inc"],"_links":{"self":[{"href":"https:\/\/nouveau.maisonmallet.com\/back05_01\/index.php?rest_route=\/wp\/v2\/event\/27318","targetHints":{"allow":["GET"]}}],"collection":[{"href":"https:\/\/nouveau.maisonmallet.com\/back05_01\/index.php?rest_route=\/wp\/v2\/event"}],"about":[{"href":"https:\/\/nouveau.maisonmallet.com\/back05_01\/index.php?rest_route=\/wp\/v2\/types\/event"}],"wp:featuredmedia":[{"embeddable":true,"href":"https:\/\/nouveau.maisonmallet.com\/back05_01\/index.php?rest_route=\/wp\/v2\/media\/27322"}],"wp:attachment":[{"href":"https:\/\/nouveau.maisonmallet.com\/back05_01\/index.php?rest_route=%2Fwp%2Fv2%2Fmedia&parent=27318"}],"wp:term":[{"taxonomy":"event_cat","embeddable":true,"href":"https:\/\/nouveau.maisonmallet.com\/back05_01\/index.php?rest_route=%2Fwp%2Fv2%2Fevent_cat&post=27318"}],"curies":[{"name":"wp","href":"https:\/\/api.w.org\/{rel}","templated":true}]}}

<p>1938 – 2022</p>
<p>POULIN, Ludger</p>
<p>&nbsp;</p>
<p>À Sept-Îles, le 7 janvier 2022, est décédé à l’âge de 83 ans, monsieur Ludger Poulin époux de madame Jocelyne Gauthier fils de feu Odina Poulin et de feue Marie Anne Jean domicilié à Port-Cartier.</p>
<p>Les funérailles de monsieur Ludger Poulin auront lieu le samedi 2 juillet 2022 à 11 h en l’église Sacré-Cœur située au 38, rue Parent à Port-Cartier.</p>
<p>Selon ses volontés, il a été confié au crématorium de la Maison Mallet &amp; fils pour crémation.</p>
<p>La famille reçoit parents et amis le samedi 2 juillet 2022 jour des funérailles à compter de 10 h à l’église Sacré-Cœur de Port-Cartier.</p>
<p>Il laisse dans le deuil outre son épouse madame Jocelyne Gauthier Poulin, sa fille Diane (Éric Gagnon), ses fils : Stephen (Belinda Bacon) et Richard (Mélanie Lévesque), ses petits-enfants : Stéphanie, Émilie, Pierre-Luc, Patrick (Joëlle Hurley) et Léa-Catherine ainsi que sa sœur Ginette (feu Réal Claude Otis), ses beaux-frères, ses belles-sœurs, ses neveux, ses nièces, ses cousins, ses cousines et de nombreux ami(e)s.</p>
<p>Il était le frère de feue Patricia (feu Roméo Bourque), feu Emmanuel (feue Thérèse Bourque), feue Donalda, feu Rodrigue, feue Gladys (feu Marcelin Levesque) et feue Louise (Jean-Paul Bergeron).</p>
<p>Vos marques de sympathie peuvent se traduire par un don la Fondation des maladies du cœur et de l’AVC <a href="http://www.coeuretavc.ca">www.coeuretavc.ca</a></p>
<p>La famille a confié les arrangements aux services professionnels de la Maison Mallet &amp; fils du 57, route 138 à Port-Cartier, maintenant reconnue Distinction et membre de la Corporation des Thanatologues du Québec.</p>
<p>Vous pouvez consulter cet avis de décès, sur le <a href="https://nouveau.maisonmallet.com/back05_01">www.maisonmallet.com</a></p>
<p>Ceux et celles qui le désirent, peuvent y envoyer des messages de sympathie.</p>
<p>&nbsp;</p>
<hr />
<p>Envoyer vos condoléances</p>
<p>[contact-form to= »diane-poulin@telus.net » subject= »Condoléances Ludger Poulin »][contact-field label= »Votre nom » type= »name » required= »1&Prime;][contact-field label= »Votre courriel » type= »email » required= »1&Prime;][contact-field label= »Condoléances » type= »textarea »][/contact-form]</p>
