{"id":2743,"date":"2019-05-09T15:47:53","date_gmt":"2019-05-09T19:47:53","guid":{"rendered":"https:\/\/nouveau.maisonmallet.com\/?post_type=event&#038;p=2743"},"modified":"2019-05-12T20:46:03","modified_gmt":"2019-05-13T00:46:03","slug":"ross-serge11101958","status":"publish","type":"event","link":"https:\/\/nouveau.maisonmallet.com\/back05_01\/?event=ross-serge11101958","title":{"rendered":"ROSS, Serge"},"content":{"rendered":"<p>1958 &#8211; 2019<\/p>\n<p>ROSS, Serge<\/p>\n<p>&nbsp;<\/p>\n<p>\u00c0 Sept-\u00celes, le 9 mai 2019, est d\u00e9c\u00e9d\u00e9 \u00e0 l\u2019\u00e2ge de 60 ans, monsieur Serge Ross fils de feu Jean-Marc Ross et de feue Laurette Pelletier domicili\u00e9 \u00e0 Sept-\u00celes.<\/p>\n<p>La c\u00e9r\u00e9monie comm\u00e9morative de monsieur Serge Ross aura lieu le lundi 13 mai 2019 \u00e0 20 h 30 \u00e0 la chapelle du Complexe Thanatologique Mallet &amp; fils.<\/p>\n<p>Selon ses volont\u00e9s, il a \u00e9t\u00e9 confi\u00e9 au cr\u00e9matorium de la Maison Mallet &amp; fils pour cr\u00e9mation.<\/p>\n<p>La famille re\u00e7oit parents et amis le lundi 13 mai 2019 jour de la c\u00e9r\u00e9monie de 19 h \u00e0 22 h au Complexe Thanatologique Mallet &amp; fils du 585, boul. Laure \u00e0 Sept-\u00celes.<\/p>\n<p>Il laisse dans le deuil son fils Sylvain (Brooxxie Grandy), sa petite-fille Simone, ses fr\u00e8res\u00a0: Andr\u00e9 (Diane St-Gelais), Claude (Rolande Cormier) et Guy (Danielle Beauchamp), ses s\u0153urs\u00a0: Carole (Henri Vignola), Marie-Paule (Claude Plamondon), Darl\u00e8ne (feu Roger C\u00f4t\u00e9) et Nathalie ainsi que sa filleule Anne-\u00c9lizabeth, ses neveux, ses ni\u00e8ces, ses oncles, ses tantes, ses cousins, ses cousines et de nombreux ami(e)s.<\/p>\n<p>Vos marques de sympathie peuvent se traduire par un don \u00e0 l\u2019\u00c9lyme des sables <a href=\"http:\/\/www.elymedessables.com\/\">www.elymedessables.com<\/a><\/p>\n<p>La famille a confi\u00e9 les arrangements aux services professionnels de la Maison Mallet &amp; fils du 585, boul. Laure \u00e0 Sept-\u00celes, maintenant reconnue Distinction et membre de la Corporation des Thanatologues du Qu\u00e9bec.<\/p>\n<p>Vous pouvez consulter cet avis de d\u00e9c\u00e8s, sur le <a href=\"https:\/\/nouveau.maisonmallet.com\/back05_01\/\">www.maisonmallet.com<\/a><\/p>\n<p>Ceux et celles qui le d\u00e9sirent peuvent y envoyer des messages de sympathie.<\/p>\n<p>&nbsp;<\/p>\n<hr \/>\n<p>Envoyer vos condol\u00e9ances<\/p>\n<p>[contact-form to=\u00a0\u00bbnatross@hotmail.com\u00a0\u00bb subject=\u00a0\u00bbCondol\u00e9ances Serge Ross\u00a0\u00bb][contact-field label=\u00a0\u00bbVotre nom\u00a0\u00bb type=\u00a0\u00bbname\u00a0\u00bb required=\u00a0\u00bb1&Prime;][contact-field label=\u00a0\u00bbVotre courriel\u00a0\u00bb type=\u00a0\u00bbemail\u00a0\u00bb required=\u00a0\u00bb1&Prime;][contact-field label=\u00a0\u00bbCondol\u00e9ances\u00a0\u00bb type=\u00a0\u00bbtextarea\u00a0\u00bb][\/contact-form]<\/p>\n","protected":false},"featured_media":2755,"template":"","event_cat":[6],"class_list":["post-2743","event","type-event","status-publish","has-post-thumbnail","hentry","event_cat-maison-mallet-et-fils-inc"],"_links":{"self":[{"href":"https:\/\/nouveau.maisonmallet.com\/back05_01\/index.php?rest_route=\/wp\/v2\/event\/2743","targetHints":{"allow":["GET"]}}],"collection":[{"href":"https:\/\/nouveau.maisonmallet.com\/back05_01\/index.php?rest_route=\/wp\/v2\/event"}],"about":[{"href":"https:\/\/nouveau.maisonmallet.com\/back05_01\/index.php?rest_route=\/wp\/v2\/types\/event"}],"wp:featuredmedia":[{"embeddable":true,"href":"https:\/\/nouveau.maisonmallet.com\/back05_01\/index.php?rest_route=\/wp\/v2\/media\/2755"}],"wp:attachment":[{"href":"https:\/\/nouveau.maisonmallet.com\/back05_01\/index.php?rest_route=%2Fwp%2Fv2%2Fmedia&parent=2743"}],"wp:term":[{"taxonomy":"event_cat","embeddable":true,"href":"https:\/\/nouveau.maisonmallet.com\/back05_01\/index.php?rest_route=%2Fwp%2Fv2%2Fevent_cat&post=2743"}],"curies":[{"name":"wp","href":"https:\/\/api.w.org\/{rel}","templated":true}]}}

<p>1958 &#8211; 2019</p>
<p>ROSS, Serge</p>
<p>&nbsp;</p>
<p>À Sept-Îles, le 9 mai 2019, est décédé à l’âge de 60 ans, monsieur Serge Ross fils de feu Jean-Marc Ross et de feue Laurette Pelletier domicilié à Sept-Îles.</p>
<p>La cérémonie commémorative de monsieur Serge Ross aura lieu le lundi 13 mai 2019 à 20 h 30 à la chapelle du Complexe Thanatologique Mallet &amp; fils.</p>
<p>Selon ses volontés, il a été confié au crématorium de la Maison Mallet &amp; fils pour crémation.</p>
<p>La famille reçoit parents et amis le lundi 13 mai 2019 jour de la cérémonie de 19 h à 22 h au Complexe Thanatologique Mallet &amp; fils du 585, boul. Laure à Sept-Îles.</p>
<p>Il laisse dans le deuil son fils Sylvain (Brooxxie Grandy), sa petite-fille Simone, ses frères : André (Diane St-Gelais), Claude (Rolande Cormier) et Guy (Danielle Beauchamp), ses sœurs : Carole (Henri Vignola), Marie-Paule (Claude Plamondon), Darlène (feu Roger Côté) et Nathalie ainsi que sa filleule Anne-Élizabeth, ses neveux, ses nièces, ses oncles, ses tantes, ses cousins, ses cousines et de nombreux ami(e)s.</p>
<p>Vos marques de sympathie peuvent se traduire par un don à l’Élyme des sables <a href="http://www.elymedessables.com/">www.elymedessables.com</a></p>
<p>La famille a confié les arrangements aux services professionnels de la Maison Mallet &amp; fils du 585, boul. Laure à Sept-Îles, maintenant reconnue Distinction et membre de la Corporation des Thanatologues du Québec.</p>
<p>Vous pouvez consulter cet avis de décès, sur le <a href="https://nouveau.maisonmallet.com/back05_01/">www.maisonmallet.com</a></p>
<p>Ceux et celles qui le désirent peuvent y envoyer des messages de sympathie.</p>
<p>&nbsp;</p>
<hr />
<p>Envoyer vos condoléances</p>
<p>[contact-form to= »natross@hotmail.com » subject= »Condoléances Serge Ross »][contact-field label= »Votre nom » type= »name » required= »1&Prime;][contact-field label= »Votre courriel » type= »email » required= »1&Prime;][contact-field label= »Condoléances » type= »textarea »][/contact-form]</p>
