{"id":27448,"date":"2022-01-15T18:08:47","date_gmt":"2022-01-15T23:08:47","guid":{"rendered":"https:\/\/nouveau.maisonmallet.com\/?post_type=event&#038;p=27448"},"modified":"2022-02-06T10:04:18","modified_gmt":"2022-02-06T15:04:18","slug":"richard-louise","status":"publish","type":"event","link":"https:\/\/nouveau.maisonmallet.com\/back05_01\/?event=richard-louise","title":{"rendered":"RICHARD, Louise"},"content":{"rendered":"<p>1954 &#8211; 2022<\/p>\n<p>RICHARD, Louise<\/p>\n<p>&nbsp;<\/p>\n<p>\u00c0 Sept-\u00celes (maison \u00c9lyme des Sables), le 15 janvier 2022, est d\u00e9c\u00e9d\u00e9e \u00e0 l\u2019\u00e2ge de 67 ans, madame Louise Richard \u00e9pouse de monsieur Andr\u00e9 Boudreau et domicili\u00e9e \u00e0 Sept-\u00celes.<\/p>\n<p><strong><u>\u00c9tant donn\u00e9e la situation de crise entourant le COVID-19 et par souci de se conformer aux recommandations gouvernementales en mati\u00e8re de rassemblements int\u00e9rieurs et des mesures d\u2019hygi\u00e8ne strictes pour les visiteurs, les rituels fun\u00e9raires de madame Louise Richard auront lieu dans la plus stricte intimit\u00e9 et sur invitation seulement.<\/u><\/strong><\/p>\n<p>Les fun\u00e9railles de madame Louise Richard seront diffus\u00e9es sur la page Facebook de la paroisse L`Ange-Gardien de Sept-\u00celes, le samedi 22 janvier 2022 \u00e0 compter de 14 h.<\/p>\n<p>Selon ses volont\u00e9s, elle a \u00e9t\u00e9 confi\u00e9e au cr\u00e9matorium de la maison Mallet &amp; fils pour cr\u00e9mation.<\/p>\n<p>Elle laisse dans le deuil outre son \u00e9poux Andr\u00e9 Boudreau, ses enfants : Simon, David (Marie-\u00c8ve Jacob) et H\u00e9l\u00e8ne, ses petits-enfants : \u00c9lo\u00efse et Lucas, ses s\u0153urs : Nicole (Pierre-Paul Cormier) et Marie (Adrien Boudreau), ses fr\u00e8res : \u00c9ric (Rose-Aim\u00e9e Pr\u00e9vereau), Toussaint (\u00c9velyne Boudreau), Michel (Denise Collard) et Pierre (Anne Paris\u00e9e), sa belle-m\u00e8re Blanche Willcott (feu Rosaire Boudreau) ainsi que ses belles-s\u0153urs : Sylvie Cyr (feu Roland Richard), Linda Boudreau (Louis Dupuis), Anne Boudreau (Pier Gilbert), Lucie Boudreau (Andr\u00e9 Doiron) et Louise Th\u00e9riault (feu Yves Boudreau), ses neveux, ses ni\u00e8ces, ses cousins, ses cousines et de nombreux ami(e)s.<\/p>\n<p>Elle \u00e9tait la fille de feu Lorenzo Richard et feue Marcelle Giasson ainsi que la s\u0153ur de feu Julien Richard (feue Lise Potvin).<\/p>\n<p>Vos marques de sympathie peuvent se traduire par un don \u00e0 l\u2019\u00c9lyme des Sables <a href=\"http:\/\/www.elymedessables.com\">www.elymedessables.com<\/a><\/p>\n<p>La famille a confi\u00e9 la direction des fun\u00e9railles aux services professionnels de la Maison Mallet &amp; fils du 585 boul. Laure \u00e0 Sept-\u00celes, maintenant reconnue Distinction et membre de la Corporation des Thanatologues du Qu\u00e9bec.<\/p>\n<p>Vous pouvez consulter cet avis de d\u00e9c\u00e8s sur le <a href=\"https:\/\/nouveau.maisonmallet.com\/back05_01\">www.maisonmallet.com<\/a><\/p>\n<p>Ceux et celles qui le d\u00e9sirent, peuvent y envoyer des messages de sympathie.<\/p>\n<p>&nbsp;<\/p>\n<hr \/>\n<p>Envoyer vos condol\u00e9ances<\/p>\n<p>[contact-form to=\u00a0\u00bblnboud@hotmail.com\u00a0\u00bb subject=\u00a0\u00bbCondol\u00e9ances Louise Richard\u00a0\u00bb][contact-field label=\u00a0\u00bbVotre nom\u00a0\u00bb type=\u00a0\u00bbname\u00a0\u00bb required=\u00a0\u00bb1&Prime;][contact-field label=\u00a0\u00bbVotre courriel\u00a0\u00bb type=\u00a0\u00bbemail\u00a0\u00bb required=\u00a0\u00bb1&Prime;][contact-field label=\u00a0\u00bbCondol\u00e9ances\u00a0\u00bb type=\u00a0\u00bbtextarea\u00a0\u00bb][\/contact-form]<\/p>\n","protected":false},"featured_media":27469,"template":"","event_cat":[6],"class_list":["post-27448","event","type-event","status-publish","has-post-thumbnail","hentry","event_cat-maison-mallet-et-fils-inc"],"_links":{"self":[{"href":"https:\/\/nouveau.maisonmallet.com\/back05_01\/index.php?rest_route=\/wp\/v2\/event\/27448","targetHints":{"allow":["GET"]}}],"collection":[{"href":"https:\/\/nouveau.maisonmallet.com\/back05_01\/index.php?rest_route=\/wp\/v2\/event"}],"about":[{"href":"https:\/\/nouveau.maisonmallet.com\/back05_01\/index.php?rest_route=\/wp\/v2\/types\/event"}],"wp:featuredmedia":[{"embeddable":true,"href":"https:\/\/nouveau.maisonmallet.com\/back05_01\/index.php?rest_route=\/wp\/v2\/media\/27469"}],"wp:attachment":[{"href":"https:\/\/nouveau.maisonmallet.com\/back05_01\/index.php?rest_route=%2Fwp%2Fv2%2Fmedia&parent=27448"}],"wp:term":[{"taxonomy":"event_cat","embeddable":true,"href":"https:\/\/nouveau.maisonmallet.com\/back05_01\/index.php?rest_route=%2Fwp%2Fv2%2Fevent_cat&post=27448"}],"curies":[{"name":"wp","href":"https:\/\/api.w.org\/{rel}","templated":true}]}}

<p>1954 &#8211; 2022</p>
<p>RICHARD, Louise</p>
<p>&nbsp;</p>
<p>À Sept-Îles (maison Élyme des Sables), le 15 janvier 2022, est décédée à l’âge de 67 ans, madame Louise Richard épouse de monsieur André Boudreau et domiciliée à Sept-Îles.</p>
<p><strong><u>Étant donnée la situation de crise entourant le COVID-19 et par souci de se conformer aux recommandations gouvernementales en matière de rassemblements intérieurs et des mesures d’hygiène strictes pour les visiteurs, les rituels funéraires de madame Louise Richard auront lieu dans la plus stricte intimité et sur invitation seulement.</u></strong></p>
<p>Les funérailles de madame Louise Richard seront diffusées sur la page Facebook de la paroisse L`Ange-Gardien de Sept-Îles, le samedi 22 janvier 2022 à compter de 14 h.</p>
<p>Selon ses volontés, elle a été confiée au crématorium de la maison Mallet &amp; fils pour crémation.</p>
<p>Elle laisse dans le deuil outre son époux André Boudreau, ses enfants : Simon, David (Marie-Ève Jacob) et Hélène, ses petits-enfants : Éloïse et Lucas, ses sœurs : Nicole (Pierre-Paul Cormier) et Marie (Adrien Boudreau), ses frères : Éric (Rose-Aimée Prévereau), Toussaint (Évelyne Boudreau), Michel (Denise Collard) et Pierre (Anne Parisée), sa belle-mère Blanche Willcott (feu Rosaire Boudreau) ainsi que ses belles-sœurs : Sylvie Cyr (feu Roland Richard), Linda Boudreau (Louis Dupuis), Anne Boudreau (Pier Gilbert), Lucie Boudreau (André Doiron) et Louise Thériault (feu Yves Boudreau), ses neveux, ses nièces, ses cousins, ses cousines et de nombreux ami(e)s.</p>
<p>Elle était la fille de feu Lorenzo Richard et feue Marcelle Giasson ainsi que la sœur de feu Julien Richard (feue Lise Potvin).</p>
<p>Vos marques de sympathie peuvent se traduire par un don à l’Élyme des Sables <a href="http://www.elymedessables.com">www.elymedessables.com</a></p>
<p>La famille a confié la direction des funérailles aux services professionnels de la Maison Mallet &amp; fils du 585 boul. Laure à Sept-Îles, maintenant reconnue Distinction et membre de la Corporation des Thanatologues du Québec.</p>
<p>Vous pouvez consulter cet avis de décès sur le <a href="https://nouveau.maisonmallet.com/back05_01">www.maisonmallet.com</a></p>
<p>Ceux et celles qui le désirent, peuvent y envoyer des messages de sympathie.</p>
<p>&nbsp;</p>
<hr />
<p>Envoyer vos condoléances</p>
<p>[contact-form to= »lnboud@hotmail.com » subject= »Condoléances Louise Richard »][contact-field label= »Votre nom » type= »name » required= »1&Prime;][contact-field label= »Votre courriel » type= »email » required= »1&Prime;][contact-field label= »Condoléances » type= »textarea »][/contact-form]</p>
