{"id":27518,"date":"2022-05-30T16:57:34","date_gmt":"2022-05-30T20:57:34","guid":{"rendered":"https:\/\/nouveau.maisonmallet.com\/?post_type=event&#038;p=27518"},"modified":"2022-05-31T11:28:52","modified_gmt":"2022-05-31T15:28:52","slug":"levesque-jean-guy","status":"publish","type":"event","link":"https:\/\/nouveau.maisonmallet.com\/back05_01\/?event=levesque-jean-guy","title":{"rendered":"L\u00c9VESQUE, Jean-Guy"},"content":{"rendered":"<p>1957 \u2013 2022<\/p>\n<p>LEVESQUE, Jean-Guy<\/p>\n<p>&nbsp;<\/p>\n<p>\u00c0 Sept-\u00celes (maison \u00c9lyme des Sables), le 16 janvier 2022, est d\u00e9c\u00e9d\u00e9 \u00e0 l\u2019\u00e2ge de 64 ans, monsieur Jean-Guy L\u00e9vesque \u00e9poux de madame France Hamilton et domicili\u00e9 \u00e0 Sept-\u00celes.<\/p>\n<p>Les fun\u00e9railles de monsieur Jean-Guy L\u00e9vesque auront lieu le samedi 4 juin 2022 \u00e0 10 h 30 en l\u2019\u00e9glise St-Joseph situ\u00e9e au 535, ave. Brochu \u00e0 Sept-\u00celes et de l\u00e0 au cimeti\u00e8re Catholique de Sept-\u00celes.<\/p>\n<p>Selon ses volont\u00e9s, il a \u00e9t\u00e9 confi\u00e9 au cr\u00e9matorium de la Maison Mallet &amp; fils pour cr\u00e9mation.<\/p>\n<p>La famille re\u00e7oit parents et amis le vendredi 3 juin 2022 de 13 h \u00e0 16 h et de 19 h \u00e0 22\u00a0h. Le samedi 4 juin 2022 jour des fun\u00e9railles \u00e0 compter de 9 h au Complexe Thanatologique Mallet &amp; fils du 585 Boul. Laure \u00e0 Sept-\u00celes.<\/p>\n<p>Il laisse dans le deuil outre son \u00e9pouse madame France Hamilton, ses fr\u00e8res\u00a0: G\u00e9rald Perron (Francine Larose) et Roger L\u00e9vesque, sa s\u0153ur Lise L\u00e9vesque (Sylvain Roussy), ses Belles-s\u0153urs\u00a0: Marcelle Hamilton (feu Ga\u00e9tan Rioux) et Louise Martel (feu G\u00e9rald Hamilton) ainsi que son beau-fr\u00e8re Douglas Hamilton (feue Yolande L\u00e9vesque), ses neveux, ses ni\u00e8ces, sa tante No\u00eblla L\u00e9vesque (feu Jules Ringuette), ses cousins, ses cousines et de nombreux ami(e)s.<\/p>\n<p>Un MERCI sp\u00e9cial \u00e0 toute l`\u00e9quipe m\u00e9dical des soins intensifs de L`H\u00f4tel-Dieu, \u00e0 mes amis Christian et Claudine de Qu\u00e9bec qui m`ont apport\u00e9 leur soutien ainsi qu`\u00e0 toute l`\u00e9quipe de l`\u00c9lyme des Sables.<\/p>\n<p>Vos marques de sympathie peuvent se traduire par un don \u00e0 l\u2019\u00c9lyme des Sables <a href=\"http:\/\/www.elymedessables.com\">www.elymedessables.com<\/a><\/p>\n<p>La famille a confi\u00e9 la direction des fun\u00e9railles aux services professionnels de la Maison Mallet &amp; fils du 585 Boul. Laure \u00e0 Sept-\u00celes, maintenant reconnue Distinction et membre de la Corporation des Thanatologues du Qu\u00e9bec.<\/p>\n<p>Vous pouvez consulter cet avis de d\u00e9c\u00e8s sur le\u00a0: <a href=\"https:\/\/nouveau.maisonmallet.com\/back05_01\">www.maisonmallet.com<\/a><\/p>\n<p>Ceux et celles qui le d\u00e9sirent, peuvent y envoyer des messages de sympathie.<\/p>\n<p>&nbsp;<\/p>\n<hr \/>\n<p>Envoyer vos condol\u00e9ances<\/p>\n<p>[contact-form to=\u00a0\u00bbbebechat@telus.net\u00a0\u00bb subject=\u00a0\u00bbCondol\u00e9ances Jean-Guy L\u00e9vesque\u00a0\u00bb][contact-field label=\u00a0\u00bbVotre nom\u00a0\u00bb type=\u00a0\u00bbname\u00a0\u00bb required=\u00a0\u00bb1&Prime;][contact-field label=\u00a0\u00bbVotre courriel\u00a0\u00bb type=\u00a0\u00bbemail\u00a0\u00bb required=\u00a0\u00bb1&Prime;][contact-field label=\u00a0\u00bbCondol\u00e9ances\u00a0\u00bb type=\u00a0\u00bbtextarea\u00a0\u00bb][\/contact-form]<\/p>\n","protected":false},"featured_media":27598,"template":"","event_cat":[6],"class_list":["post-27518","event","type-event","status-publish","has-post-thumbnail","hentry","event_cat-maison-mallet-et-fils-inc"],"_links":{"self":[{"href":"https:\/\/nouveau.maisonmallet.com\/back05_01\/index.php?rest_route=\/wp\/v2\/event\/27518","targetHints":{"allow":["GET"]}}],"collection":[{"href":"https:\/\/nouveau.maisonmallet.com\/back05_01\/index.php?rest_route=\/wp\/v2\/event"}],"about":[{"href":"https:\/\/nouveau.maisonmallet.com\/back05_01\/index.php?rest_route=\/wp\/v2\/types\/event"}],"wp:featuredmedia":[{"embeddable":true,"href":"https:\/\/nouveau.maisonmallet.com\/back05_01\/index.php?rest_route=\/wp\/v2\/media\/27598"}],"wp:attachment":[{"href":"https:\/\/nouveau.maisonmallet.com\/back05_01\/index.php?rest_route=%2Fwp%2Fv2%2Fmedia&parent=27518"}],"wp:term":[{"taxonomy":"event_cat","embeddable":true,"href":"https:\/\/nouveau.maisonmallet.com\/back05_01\/index.php?rest_route=%2Fwp%2Fv2%2Fevent_cat&post=27518"}],"curies":[{"name":"wp","href":"https:\/\/api.w.org\/{rel}","templated":true}]}}

LÉVESQUE, Jean-Guy

<p>1957 – 2022</p>
<p>LEVESQUE, Jean-Guy</p>
<p>&nbsp;</p>
<p>À Sept-Îles (maison Élyme des Sables), le 16 janvier 2022, est décédé à l’âge de 64 ans, monsieur Jean-Guy Lévesque époux de madame France Hamilton et domicilié à Sept-Îles.</p>
<p>Les funérailles de monsieur Jean-Guy Lévesque auront lieu le samedi 4 juin 2022 à 10 h 30 en l’église St-Joseph située au 535, ave. Brochu à Sept-Îles et de là au cimetière Catholique de Sept-Îles.</p>
<p>Selon ses volontés, il a été confié au crématorium de la Maison Mallet &amp; fils pour crémation.</p>
<p>La famille reçoit parents et amis le vendredi 3 juin 2022 de 13 h à 16 h et de 19 h à 22 h. Le samedi 4 juin 2022 jour des funérailles à compter de 9 h au Complexe Thanatologique Mallet &amp; fils du 585 Boul. Laure à Sept-Îles.</p>
<p>Il laisse dans le deuil outre son épouse madame France Hamilton, ses frères : Gérald Perron (Francine Larose) et Roger Lévesque, sa sœur Lise Lévesque (Sylvain Roussy), ses Belles-sœurs : Marcelle Hamilton (feu Gaétan Rioux) et Louise Martel (feu Gérald Hamilton) ainsi que son beau-frère Douglas Hamilton (feue Yolande Lévesque), ses neveux, ses nièces, sa tante Noëlla Lévesque (feu Jules Ringuette), ses cousins, ses cousines et de nombreux ami(e)s.</p>
<p>Un MERCI spécial à toute l`équipe médical des soins intensifs de L`Hôtel-Dieu, à mes amis Christian et Claudine de Québec qui m`ont apporté leur soutien ainsi qu`à toute l`équipe de l`Élyme des Sables.</p>
<p>Vos marques de sympathie peuvent se traduire par un don à l’Élyme des Sables <a href="http://www.elymedessables.com">www.elymedessables.com</a></p>
<p>La famille a confié la direction des funérailles aux services professionnels de la Maison Mallet &amp; fils du 585 Boul. Laure à Sept-Îles, maintenant reconnue Distinction et membre de la Corporation des Thanatologues du Québec.</p>
<p>Vous pouvez consulter cet avis de décès sur le : <a href="https://nouveau.maisonmallet.com/back05_01">www.maisonmallet.com</a></p>
<p>Ceux et celles qui le désirent, peuvent y envoyer des messages de sympathie.</p>
<p>&nbsp;</p>
<hr />
<p>Envoyer vos condoléances</p>
<p>[contact-form to= »bebechat@telus.net » subject= »Condoléances Jean-Guy Lévesque »][contact-field label= »Votre nom » type= »name » required= »1&Prime;][contact-field label= »Votre courriel » type= »email » required= »1&Prime;][contact-field label= »Condoléances » type= »textarea »][/contact-form]</p>
