{"id":27846,"date":"2022-05-07T16:05:14","date_gmt":"2022-05-07T20:05:14","guid":{"rendered":"https:\/\/nouveau.maisonmallet.com\/?post_type=event&#038;p=27846"},"modified":"2022-05-09T11:28:08","modified_gmt":"2022-05-09T15:28:08","slug":"paquet-yvon","status":"publish","type":"event","link":"https:\/\/nouveau.maisonmallet.com\/back05_01\/?event=paquet-yvon","title":{"rendered":"PAQUET, Yvon"},"content":{"rendered":"<p>1944 \u2013 2022<\/p>\n<p>PAQUET, Yvon.<\/p>\n<p>&nbsp;<\/p>\n<p>\u00c0 Sept-\u00celes, dimanche le 16 janvier 2022, est d\u00e9c\u00e9d\u00e9 monsieur Yvon Paquet, fils de feue Rose-de-Lima Santerre et feu G\u00e9rard Paquet, domicili\u00e9 \u00e0 Sept-\u00celes.<\/p>\n<p>Les fun\u00e9railles de monsieur Yvon Paquet auront lieu le samedi 14 mai 2022 \u00e0 14 h \u00e0 l\u2019\u00c9glise Marie-Immacul\u00e9e situ\u00e9e au 180, rue Papineau \u00e0 Sept-\u00celes et de l\u00e0, au cimeti\u00e8re de Sept-\u00celes.<\/p>\n<p>La famille recevra parents et amis le vendredi 13 mai 2022, de 19 h \u00e0 22 h au Complexe Thanatologique Mallet &amp; fils du 585 Boul. Laure \u00e0 Sept-\u00celes.<\/p>\n<p>Selon ses volont\u00e9s, il a \u00e9t\u00e9 confi\u00e9 aux bons soins de la Maison Mallet &amp; fils.<\/p>\n<p><strong><u>D\u00fb aux circonstances reli\u00e9es \u00e0 la pand\u00e9mie, vous pouvez venir pr\u00e9senter vos condol\u00e9ances en respectant la distanciation physique et le port du masque sera obligatoire.<\/u><\/strong><\/p>\n<p>Il \u00e9tait le fr\u00e8re de feu Louis (Flore Ouellet), feu Jean-Luc (Huguette Fournier), George (Tongkamon Paquet), Rose-Anna, Fran\u00e7oise, Raymond (Anne Duclos), Ghislain (Cindy Rowsell), Jacques et Mario (Anny Lavoie).<\/p>\n<p>Outre ses fr\u00e8res, s\u0153urs et belles-s\u0153urs, il laisse dans le deuil ses trois enfants, Myriam (Claudio Jeldres), Ugo (Danika Ouellette) et Marie-Soleil (Pascal Nicol) ainsi que la m\u00e8re de sa fille, dame C\u00e9line Robitaille.\u00a0 Il \u00e9tait le grand-p\u00e8re de sept petits-enfants\u00a0: L\u00e9a-Rose, Travis, Iriook, Lor\u00e9lie, Esteban, Ludovic et Lexiane.\u00a0 Plusieurs neveux et ni\u00e8ces le garderont en m\u00e9moire.<\/p>\n<p>Le regretteront aussi de nombreux amis, parmi lesquels Michelle, Jacques et Lyne qui ont eu le privil\u00e8ge de le c\u00f4toyer jusqu\u2019\u00e0 la fin du voyage.<\/p>\n<p>Yvon Paquet a \u0153uvr\u00e9 pendant pr\u00e8s de 60 ans sur la sc\u00e8ne musicale sept-\u00eelienne.\u00a0 Il a \u00e9t\u00e9 le phare de nombreux choristes, particuli\u00e8rement au sein du groupe le Ch\u0153ur en Sol.\u00a0 C\u2019est avec sa grande famille musicale qu\u2019il aura v\u00e9cu des moments parmi les plus beaux de sa vie. \u00a0Son d\u00e9part cr\u00e9\u00e9 un vide immense.<\/p>\n<p>Il \u00e9tait membre de l\u2019Ordre du m\u00e9rite nord-c\u00f4tier depuis 2005.<\/p>\n<p>La famille a confi\u00e9 la direction des fun\u00e9railles aux services professionnels de la Maison Mallet &amp; fils du 585 boul. Laure \u00e0 Sept-\u00celes, maintenant reconnue Distinction et membre de la Corporation des Thanatologues du Qu\u00e9bec.<\/p>\n<p>Vous pouvez consulter cet avis de d\u00e9c\u00e8s sur le\u00a0<a href=\"https:\/\/nouveau.maisonmallet.com\/back05_01\/\">www.maisonmallet.com<\/a><\/p>\n<p>Ceux et celles qui le d\u00e9sirent, peuvent y envoyer des messages de sympathie.<\/p>\n<p>&nbsp;<\/p>\n<hr \/>\n<p>Envoyer vos condol\u00e9ances<\/p>\n<p>[contact-form to=\u00a0\u00bbmpaquet.reliure@gmail.com\u00a0\u00bb subject=\u00a0\u00bbCondol\u00e9ances Yvon Paquet\u00a0\u00bb][contact-field label=\u00a0\u00bbVotre nom\u00a0\u00bb type=\u00a0\u00bbname\u00a0\u00bb required=\u00a0\u00bb1&Prime;][contact-field label=\u00a0\u00bbVotre courriel\u00a0\u00bb type=\u00a0\u00bbemail\u00a0\u00bb required=\u00a0\u00bb1&Prime;][contact-field label=\u00a0\u00bbCondol\u00e9ances\u00a0\u00bb type=\u00a0\u00bbtextarea\u00a0\u00bb][\/contact-form]<\/p>\n","protected":false},"featured_media":27860,"template":"","event_cat":[6],"class_list":["post-27846","event","type-event","status-publish","has-post-thumbnail","hentry","event_cat-maison-mallet-et-fils-inc"],"_links":{"self":[{"href":"https:\/\/nouveau.maisonmallet.com\/back05_01\/index.php?rest_route=\/wp\/v2\/event\/27846","targetHints":{"allow":["GET"]}}],"collection":[{"href":"https:\/\/nouveau.maisonmallet.com\/back05_01\/index.php?rest_route=\/wp\/v2\/event"}],"about":[{"href":"https:\/\/nouveau.maisonmallet.com\/back05_01\/index.php?rest_route=\/wp\/v2\/types\/event"}],"wp:featuredmedia":[{"embeddable":true,"href":"https:\/\/nouveau.maisonmallet.com\/back05_01\/index.php?rest_route=\/wp\/v2\/media\/27860"}],"wp:attachment":[{"href":"https:\/\/nouveau.maisonmallet.com\/back05_01\/index.php?rest_route=%2Fwp%2Fv2%2Fmedia&parent=27846"}],"wp:term":[{"taxonomy":"event_cat","embeddable":true,"href":"https:\/\/nouveau.maisonmallet.com\/back05_01\/index.php?rest_route=%2Fwp%2Fv2%2Fevent_cat&post=27846"}],"curies":[{"name":"wp","href":"https:\/\/api.w.org\/{rel}","templated":true}]}}

<p>1944 – 2022</p>
<p>PAQUET, Yvon.</p>
<p>&nbsp;</p>
<p>À Sept-Îles, dimanche le 16 janvier 2022, est décédé monsieur Yvon Paquet, fils de feue Rose-de-Lima Santerre et feu Gérard Paquet, domicilié à Sept-Îles.</p>
<p>Les funérailles de monsieur Yvon Paquet auront lieu le samedi 14 mai 2022 à 14 h à l’Église Marie-Immaculée située au 180, rue Papineau à Sept-Îles et de là, au cimetière de Sept-Îles.</p>
<p>La famille recevra parents et amis le vendredi 13 mai 2022, de 19 h à 22 h au Complexe Thanatologique Mallet &amp; fils du 585 Boul. Laure à Sept-Îles.</p>
<p>Selon ses volontés, il a été confié aux bons soins de la Maison Mallet &amp; fils.</p>
<p><strong><u>Dû aux circonstances reliées à la pandémie, vous pouvez venir présenter vos condoléances en respectant la distanciation physique et le port du masque sera obligatoire.</u></strong></p>
<p>Il était le frère de feu Louis (Flore Ouellet), feu Jean-Luc (Huguette Fournier), George (Tongkamon Paquet), Rose-Anna, Françoise, Raymond (Anne Duclos), Ghislain (Cindy Rowsell), Jacques et Mario (Anny Lavoie).</p>
<p>Outre ses frères, sœurs et belles-sœurs, il laisse dans le deuil ses trois enfants, Myriam (Claudio Jeldres), Ugo (Danika Ouellette) et Marie-Soleil (Pascal Nicol) ainsi que la mère de sa fille, dame Céline Robitaille.  Il était le grand-père de sept petits-enfants : Léa-Rose, Travis, Iriook, Lorélie, Esteban, Ludovic et Lexiane.  Plusieurs neveux et nièces le garderont en mémoire.</p>
<p>Le regretteront aussi de nombreux amis, parmi lesquels Michelle, Jacques et Lyne qui ont eu le privilège de le côtoyer jusqu’à la fin du voyage.</p>
<p>Yvon Paquet a œuvré pendant près de 60 ans sur la scène musicale sept-îlienne.  Il a été le phare de nombreux choristes, particulièrement au sein du groupe le Chœur en Sol.  C’est avec sa grande famille musicale qu’il aura vécu des moments parmi les plus beaux de sa vie.  Son départ créé un vide immense.</p>
<p>Il était membre de l’Ordre du mérite nord-côtier depuis 2005.</p>
<p>La famille a confié la direction des funérailles aux services professionnels de la Maison Mallet &amp; fils du 585 boul. Laure à Sept-Îles, maintenant reconnue Distinction et membre de la Corporation des Thanatologues du Québec.</p>
<p>Vous pouvez consulter cet avis de décès sur le <a href="https://nouveau.maisonmallet.com/back05_01/">www.maisonmallet.com</a></p>
<p>Ceux et celles qui le désirent, peuvent y envoyer des messages de sympathie.</p>
<p>&nbsp;</p>
<hr />
<p>Envoyer vos condoléances</p>
<p>[contact-form to= »mpaquet.reliure@gmail.com » subject= »Condoléances Yvon Paquet »][contact-field label= »Votre nom » type= »name » required= »1&Prime;][contact-field label= »Votre courriel » type= »email » required= »1&Prime;][contact-field label= »Condoléances » type= »textarea »][/contact-form]</p>
