{"id":27944,"date":"2022-06-07T09:15:51","date_gmt":"2022-06-07T13:15:51","guid":{"rendered":"https:\/\/nouveau.maisonmallet.com\/?post_type=event&#038;p=27944"},"modified":"2022-06-08T08:55:21","modified_gmt":"2022-06-08T12:55:21","slug":"modele-nom-prenom-62","status":"publish","type":"event","link":"https:\/\/nouveau.maisonmallet.com\/back05_01\/?event=modele-nom-prenom-62","title":{"rendered":"NORMAND, Serge"},"content":{"rendered":"<p>1962 &#8211; 2022<\/p>\n<p>NORMAND, Serge<\/p>\n<p>&nbsp;<\/p>\n<p>\u00c0 Gallix, le 22 janvier 2022, est d\u00e9c\u00e9d\u00e9 \u00e0 l\u2019\u00e2ge de 59 ans, monsieur Serge Normand conjoint de madame Lison Gauthier et domicili\u00e9 \u00e0 Gallix.<\/p>\n<p>La c\u00e9r\u00e9monie comm\u00e9morative de monsieur Serge Normand aura lieu le lundi 27 juin 2022 \u00e0 15 h \u00e0 la chapelle du Complexe Thanatologique Mallet &amp; fils du 585, Boul. Laure \u00e0 Sept-\u00celes.<\/p>\n<p>Selon ses volont\u00e9s, il a \u00e9t\u00e9 confi\u00e9 au cr\u00e9matorium de la Maison Mallet &amp; fils pour cr\u00e9mation.<\/p>\n<p>La famille re\u00e7oit parents et amis le lundi 27 juin 2022 jour de la c\u00e9r\u00e9monie de 13 h \u00e0 16 h au Complexe Thanatologique Mallet &amp; fils du 585 Boul. Laure \u00e0 Sept-\u00celes.<\/p>\n<p>Il laisse dans le deuil outre sa conjointe madame Lison Gauthier, sa m\u00e8re madame Rachel Morin (feu Marius Normand), son fr\u00e8re Gervais (Ren\u00e9e Barriault), ses s\u0153urs\u00a0: Monique (Carol Rioux) et Chantal ainsi que sa belle-m\u00e8re madame Laurette Blouin (feu Gilles Gauthier), sa belle-s\u0153ur France (feu Helder Duarte), son beau-fr\u00e8re Yanick (Chantale No\u00ebl), ses neveux, ses ni\u00e8ces, ses oncles, ses tantes, ses cousins, ses cousines et de nombreux amis(e).<\/p>\n<p>Vos marques de sympathie peuvent se traduire par un don la Fondation des maladies du c\u0153ur et de l\u2019AVC <a href=\"http:\/\/www.coeuretavc.ca\">www.coeuretavc.ca<\/a> et ou \u00e0 l\u2019\u00c9lyme des Sables <a href=\"http:\/\/www.elymedessables.com\">www.elymedessables.com<\/a><\/p>\n<p>La famille a confi\u00e9 les arrangements fun\u00e9raires aux services professionnels de la Maison Mallet &amp; fils du 585 boul. Laure \u00e0 Sept-\u00celes, maintenant reconnue Distinction et membre de la Corporation des Thanatologues du Qu\u00e9bec.<\/p>\n<p>Vous pouvez consulter cet avis de d\u00e9c\u00e8s sur le <a href=\"https:\/\/nouveau.maisonmallet.com\/back05_01\">www.maisonmallet.com<\/a><\/p>\n<p>Ceux et celles qui le d\u00e9sirent, peuvent y envoyer des messages de sympathie.<\/p>\n<p>&nbsp;<\/p>\n<hr \/>\n<p>Envoyer vos condol\u00e9ances<\/p>\n<p>[contact-form to=\u00a0\u00bblisongauthier@telus.net\u00a0\u00bb subject=\u00a0\u00bbCondol\u00e9ances Serge Normand\u00a0\u00bb][contact-field label=\u00a0\u00bbVotre nom\u00a0\u00bb type=\u00a0\u00bbname\u00a0\u00bb required=\u00a0\u00bb1&Prime;][contact-field label=\u00a0\u00bbVotre courriel\u00a0\u00bb type=\u00a0\u00bbemail\u00a0\u00bb required=\u00a0\u00bb1&Prime;][contact-field label=\u00a0\u00bbCondol\u00e9ances\u00a0\u00bb type=\u00a0\u00bbtextarea\u00a0\u00bb][\/contact-form]<\/p>\n","protected":false},"featured_media":28002,"template":"","event_cat":[6],"class_list":["post-27944","event","type-event","status-publish","has-post-thumbnail","hentry","event_cat-maison-mallet-et-fils-inc"],"_links":{"self":[{"href":"https:\/\/nouveau.maisonmallet.com\/back05_01\/index.php?rest_route=\/wp\/v2\/event\/27944","targetHints":{"allow":["GET"]}}],"collection":[{"href":"https:\/\/nouveau.maisonmallet.com\/back05_01\/index.php?rest_route=\/wp\/v2\/event"}],"about":[{"href":"https:\/\/nouveau.maisonmallet.com\/back05_01\/index.php?rest_route=\/wp\/v2\/types\/event"}],"wp:featuredmedia":[{"embeddable":true,"href":"https:\/\/nouveau.maisonmallet.com\/back05_01\/index.php?rest_route=\/wp\/v2\/media\/28002"}],"wp:attachment":[{"href":"https:\/\/nouveau.maisonmallet.com\/back05_01\/index.php?rest_route=%2Fwp%2Fv2%2Fmedia&parent=27944"}],"wp:term":[{"taxonomy":"event_cat","embeddable":true,"href":"https:\/\/nouveau.maisonmallet.com\/back05_01\/index.php?rest_route=%2Fwp%2Fv2%2Fevent_cat&post=27944"}],"curies":[{"name":"wp","href":"https:\/\/api.w.org\/{rel}","templated":true}]}}

<p>1962 &#8211; 2022</p>
<p>NORMAND, Serge</p>
<p>&nbsp;</p>
<p>À Gallix, le 22 janvier 2022, est décédé à l’âge de 59 ans, monsieur Serge Normand conjoint de madame Lison Gauthier et domicilié à Gallix.</p>
<p>La cérémonie commémorative de monsieur Serge Normand aura lieu le lundi 27 juin 2022 à 15 h à la chapelle du Complexe Thanatologique Mallet &amp; fils du 585, Boul. Laure à Sept-Îles.</p>
<p>Selon ses volontés, il a été confié au crématorium de la Maison Mallet &amp; fils pour crémation.</p>
<p>La famille reçoit parents et amis le lundi 27 juin 2022 jour de la cérémonie de 13 h à 16 h au Complexe Thanatologique Mallet &amp; fils du 585 Boul. Laure à Sept-Îles.</p>
<p>Il laisse dans le deuil outre sa conjointe madame Lison Gauthier, sa mère madame Rachel Morin (feu Marius Normand), son frère Gervais (Renée Barriault), ses sœurs : Monique (Carol Rioux) et Chantal ainsi que sa belle-mère madame Laurette Blouin (feu Gilles Gauthier), sa belle-sœur France (feu Helder Duarte), son beau-frère Yanick (Chantale Noël), ses neveux, ses nièces, ses oncles, ses tantes, ses cousins, ses cousines et de nombreux amis(e).</p>
<p>Vos marques de sympathie peuvent se traduire par un don la Fondation des maladies du cœur et de l’AVC <a href="http://www.coeuretavc.ca">www.coeuretavc.ca</a> et ou à l’Élyme des Sables <a href="http://www.elymedessables.com">www.elymedessables.com</a></p>
<p>La famille a confié les arrangements funéraires aux services professionnels de la Maison Mallet &amp; fils du 585 boul. Laure à Sept-Îles, maintenant reconnue Distinction et membre de la Corporation des Thanatologues du Québec.</p>
<p>Vous pouvez consulter cet avis de décès sur le <a href="https://nouveau.maisonmallet.com/back05_01">www.maisonmallet.com</a></p>
<p>Ceux et celles qui le désirent, peuvent y envoyer des messages de sympathie.</p>
<p>&nbsp;</p>
<hr />
<p>Envoyer vos condoléances</p>
<p>[contact-form to= »lisongauthier@telus.net » subject= »Condoléances Serge Normand »][contact-field label= »Votre nom » type= »name » required= »1&Prime;][contact-field label= »Votre courriel » type= »email » required= »1&Prime;][contact-field label= »Condoléances » type= »textarea »][/contact-form]</p>
