{"id":2846,"date":"2019-05-13T11:58:42","date_gmt":"2019-05-13T15:58:42","guid":{"rendered":"https:\/\/nouveau.maisonmallet.com\/?post_type=event&#038;p=2846"},"modified":"2019-05-17T20:19:05","modified_gmt":"2019-05-18T00:19:05","slug":"fortin-jeannine-06041934","status":"publish","type":"event","link":"https:\/\/nouveau.maisonmallet.com\/back05_01\/?event=fortin-jeannine-06041934","title":{"rendered":"FORTIN, Jeannine"},"content":{"rendered":"<p>1934-2019<\/p>\n<p>FORTIN, Jeannine<\/p>\n<p>&nbsp;<\/p>\n<p>\u00c0 Sept-\u00celes, le 13 mai 2019, est d\u00e9c\u00e9d\u00e9e \u00e0 l\u2019\u00e2ge de 85 ans, madame Jeannine Fortin, fille de feu Hector Fortin et de feue Ad\u00e9lia Marquis, domicili\u00e9e \u00e0 Sept-\u00celes, r\u00e9cemment, elle vivait le deuil de feu Fernand Banville, p\u00e8re de ses enfants.<\/p>\n<p>Les fun\u00e9railles de madame Jeannine Fortin auront lieu le vendredi 24 mai 2019 \u00e0 10 h 30 en l\u2019\u00e9glise Ste-Famille situ\u00e9e au 15 rue Comeau \u00e0 Sept-\u00celes.<\/p>\n<p>Selon ses volont\u00e9s, elle a \u00e9t\u00e9 confi\u00e9e au cr\u00e9matorium de la Maison Mallet &amp; fils pour cr\u00e9mation.<\/p>\n<p>La famille re\u00e7oit parents et amis le jeudi 23 mai 2019 de 19 h \u00e0 22 h. Le vendredi 24 mai 2019 jour des fun\u00e9railles \u00e0 compter de 9\u00a0h au Complexe Thanatologique Mallet &amp; fils du 585 boul. Laure \u00e0 Sept-\u00celes.<\/p>\n<p>Elle laisse dans le deuil son fils Serge (Suzanne Pelchat), ses filles\u00a0: Johanne (Gilles Chabot), Suzanne (Emmanuel Garon) et Chantale, ses petits-fils\u00a0: Fr\u00e9d\u00e9ric Chabot (Alexandra), J\u00e9r\u00e9mie Chabot (Alison) et Maxime Chabot, ses petites-filles\u00a0: \u00c9milie Rioux (Kevin), Marie-No\u00ebl Rioux (Pascal) et Carol-Ann Rioux (Emmanuel), ses arri\u00e8re-petites-filles\u00a0: Megan et Charlotte, son arri\u00e8re-petit-fils Jayck, son fr\u00e8re, ses s\u0153urs, ainsi que ses beaux-fr\u00e8res, sa belle-s\u0153ur, ses neveux, ses ni\u00e8ces, ses cousins, ses cousines et ses ami(e)s dont Annette Dechamplain.<\/p>\n<p>Vos marques de sympathie peuvent se traduire par un don \u00e0 la Fondation des maladies du c\u0153ur et de l\u2019AVC <a href=\"http:\/\/www.fmcoeur.qc.ca\/\">www.fmcoeur.qc.ca<\/a><\/p>\n<p>La famille tient sinc\u00e8rement \u00e0 remercier le personnel de la r\u00e9sidence Gustave-Gauvreau pour les bons soins apport\u00e9s \u00e0 notre m\u00e8re.<\/p>\n<p>La famille a confi\u00e9 la direction des fun\u00e9railles aux services professionnels de la Maison Mallet &amp; fils du 585 boul. Laure \u00e0 Sept-\u00celes, maintenant reconnue Distinction et membre de la Corporation des Thanatologues du Qu\u00e9bec.<\/p>\n<p>Vous pouvez consulter cet avis de d\u00e9c\u00e8s sur le <a href=\"https:\/\/nouveau.maisonmallet.com\/back05_01\/\">www.maisonmallet.com<\/a><\/p>\n<p>Ceux et celles qui le d\u00e9sirent, peuvent y envoyer des messages de sympathie.<\/p>\n<p>&nbsp;<\/p>\n<hr \/>\n<p>Envoyer vos condol\u00e9ances<\/p>\n<p>[contact-form to=\u00a0\u00bbbanvilleserge@yahoo.ca\u00a0\u00bb subject=\u00a0\u00bbCondol\u00e9ances Jeannine Fortin\u00a0\u00bb][contact-field label=\u00a0\u00bbVotre nom\u00a0\u00bb type=\u00a0\u00bbname\u00a0\u00bb required=\u00a0\u00bb1&Prime;][contact-field label=\u00a0\u00bbVotre courriel\u00a0\u00bb type=\u00a0\u00bbemail\u00a0\u00bb required=\u00a0\u00bb1&Prime;][contact-field label=\u00a0\u00bbCondol\u00e9ances\u00a0\u00bb type=\u00a0\u00bbtextarea\u00a0\u00bb][\/contact-form]<\/p>\n","protected":false},"featured_media":2916,"template":"","event_cat":[6],"class_list":["post-2846","event","type-event","status-publish","has-post-thumbnail","hentry","event_cat-maison-mallet-et-fils-inc"],"_links":{"self":[{"href":"https:\/\/nouveau.maisonmallet.com\/back05_01\/index.php?rest_route=\/wp\/v2\/event\/2846","targetHints":{"allow":["GET"]}}],"collection":[{"href":"https:\/\/nouveau.maisonmallet.com\/back05_01\/index.php?rest_route=\/wp\/v2\/event"}],"about":[{"href":"https:\/\/nouveau.maisonmallet.com\/back05_01\/index.php?rest_route=\/wp\/v2\/types\/event"}],"wp:featuredmedia":[{"embeddable":true,"href":"https:\/\/nouveau.maisonmallet.com\/back05_01\/index.php?rest_route=\/wp\/v2\/media\/2916"}],"wp:attachment":[{"href":"https:\/\/nouveau.maisonmallet.com\/back05_01\/index.php?rest_route=%2Fwp%2Fv2%2Fmedia&parent=2846"}],"wp:term":[{"taxonomy":"event_cat","embeddable":true,"href":"https:\/\/nouveau.maisonmallet.com\/back05_01\/index.php?rest_route=%2Fwp%2Fv2%2Fevent_cat&post=2846"}],"curies":[{"name":"wp","href":"https:\/\/api.w.org\/{rel}","templated":true}]}}

<p>1934-2019</p>
<p>FORTIN, Jeannine</p>
<p>&nbsp;</p>
<p>À Sept-Îles, le 13 mai 2019, est décédée à l’âge de 85 ans, madame Jeannine Fortin, fille de feu Hector Fortin et de feue Adélia Marquis, domiciliée à Sept-Îles, récemment, elle vivait le deuil de feu Fernand Banville, père de ses enfants.</p>
<p>Les funérailles de madame Jeannine Fortin auront lieu le vendredi 24 mai 2019 à 10 h 30 en l’église Ste-Famille située au 15 rue Comeau à Sept-Îles.</p>
<p>Selon ses volontés, elle a été confiée au crématorium de la Maison Mallet &amp; fils pour crémation.</p>
<p>La famille reçoit parents et amis le jeudi 23 mai 2019 de 19 h à 22 h. Le vendredi 24 mai 2019 jour des funérailles à compter de 9 h au Complexe Thanatologique Mallet &amp; fils du 585 boul. Laure à Sept-Îles.</p>
<p>Elle laisse dans le deuil son fils Serge (Suzanne Pelchat), ses filles : Johanne (Gilles Chabot), Suzanne (Emmanuel Garon) et Chantale, ses petits-fils : Frédéric Chabot (Alexandra), Jérémie Chabot (Alison) et Maxime Chabot, ses petites-filles : Émilie Rioux (Kevin), Marie-Noël Rioux (Pascal) et Carol-Ann Rioux (Emmanuel), ses arrière-petites-filles : Megan et Charlotte, son arrière-petit-fils Jayck, son frère, ses sœurs, ainsi que ses beaux-frères, sa belle-sœur, ses neveux, ses nièces, ses cousins, ses cousines et ses ami(e)s dont Annette Dechamplain.</p>
<p>Vos marques de sympathie peuvent se traduire par un don à la Fondation des maladies du cœur et de l’AVC <a href="http://www.fmcoeur.qc.ca/">www.fmcoeur.qc.ca</a></p>
<p>La famille tient sincèrement à remercier le personnel de la résidence Gustave-Gauvreau pour les bons soins apportés à notre mère.</p>
<p>La famille a confié la direction des funérailles aux services professionnels de la Maison Mallet &amp; fils du 585 boul. Laure à Sept-Îles, maintenant reconnue Distinction et membre de la Corporation des Thanatologues du Québec.</p>
<p>Vous pouvez consulter cet avis de décès sur le <a href="https://nouveau.maisonmallet.com/back05_01/">www.maisonmallet.com</a></p>
<p>Ceux et celles qui le désirent, peuvent y envoyer des messages de sympathie.</p>
<p>&nbsp;</p>
<hr />
<p>Envoyer vos condoléances</p>
<p>[contact-form to= »banvilleserge@yahoo.ca » subject= »Condoléances Jeannine Fortin »][contact-field label= »Votre nom » type= »name » required= »1&Prime;][contact-field label= »Votre courriel » type= »email » required= »1&Prime;][contact-field label= »Condoléances » type= »textarea »][/contact-form]</p>
