{"id":28994,"date":"2022-02-27T18:20:04","date_gmt":"2022-02-27T23:20:04","guid":{"rendered":"https:\/\/nouveau.maisonmallet.com\/?post_type=event&#038;p=28994"},"modified":"2022-02-28T18:27:38","modified_gmt":"2022-02-28T23:27:38","slug":"cormier-julien","status":"publish","type":"event","link":"https:\/\/nouveau.maisonmallet.com\/back05_01\/?event=cormier-julien","title":{"rendered":"CORMIER, Julien"},"content":{"rendered":"<p>1935 &#8211; 2022<\/p>\n<p>CORMIER, Julien<\/p>\n<p>&nbsp;<\/p>\n<p>\u00c0 Sept-\u00celes, le 22 f\u00e9vrier 2022, est d\u00e9c\u00e9d\u00e9 \u00e0 l\u2019\u00e2ge de 86 ans, monsieur Julien Cormier \u00e9poux de madame Lorraine Dasti et domicili\u00e9 \u00e0 Sept-\u00celes.<\/p>\n<p><strong><u>Les rituels fun\u00e9raires de monsieur Julien Cormier auront lieu dans la plus stricte intimit\u00e9 et sur invitation seulement.<\/u><\/strong><\/p>\n<p>Selon ses volont\u00e9s, il a \u00e9t\u00e9 confi\u00e9 au cr\u00e9matorium de la maison Mallet &amp; fils pour cr\u00e9mation.<\/p>\n<p>Il laisse dans le deuil outre son \u00e9pouse madame Lorraine Dasti Cormier, ses enfants\u00a0: Daniel (Andr\u00e9), Debbie (Guy) et Julie (Peter), ses petits-enfants\u00a0: Roxanne, Shawn, Tania, Maeve et Adahlia, ses arri\u00e8re-petits-enfants\u00a0: Michael, Sophia, Isla et Elias, ses fr\u00e8re et s\u0153urs\u00a0: Denise (feu Ren\u00e9), Ren\u00e9e (Lucien) et Maurice (feu Alice) ainsi que son beau-fr\u00e8re, sa belle-s\u0153ur, ses neveux, ses ni\u00e8ces et de bons ami(e)s.<\/p>\n<p>Il \u00e9tait le p\u00e8re de feu Terry ainsi que le fr\u00e8re de feu Marie (Rosaire) et feu Gilles.<\/p>\n<p>Vos marques de sympathie peuvent se traduire par un don la Fondation des maladies du c\u0153ur et de l\u2019AVC <a href=\"http:\/\/www.coeuretavc.ca\">www.coeuretavc.ca<\/a><\/p>\n<p>La famille a confi\u00e9 la direction des fun\u00e9railles aux services professionnels de la Maison Mallet &amp; fils du 585 boul. Laure \u00e0 Sept-\u00celes, maintenant reconnue Distinction et membre de la Corporation des Thanatologues du Qu\u00e9bec.<\/p>\n<p>Vous pouvez consulter cet avis de d\u00e9c\u00e8s sur le <a href=\"https:\/\/nouveau.maisonmallet.com\/back05_01\">www.maisonmallet.com<\/a><\/p>\n<p>Ceux et celles qui le d\u00e9sirent, peuvent y envoyer des messages de sympathie.<\/p>\n<p>&nbsp;<\/p>\n<hr \/>\n<p>Envoyer vos condol\u00e9ances<\/p>\n<p>[contact-form to=\u00a0\u00bbjulianncormier@gmail.com\u00a0\u00bb subject=\u00a0\u00bbCondol\u00e9ances Julien Cormier\u00a0\u00bb][contact-field label=\u00a0\u00bbVotre nom\u00a0\u00bb type=\u00a0\u00bbname\u00a0\u00bb required=\u00a0\u00bb1&Prime;][contact-field label=\u00a0\u00bbVotre courriel\u00a0\u00bb type=\u00a0\u00bbemail\u00a0\u00bb required=\u00a0\u00bb1&Prime;][contact-field label=\u00a0\u00bbCondol\u00e9ances\u00a0\u00bb type=\u00a0\u00bbtextarea\u00a0\u00bb][\/contact-form]<\/p>\n","protected":false},"featured_media":29001,"template":"","event_cat":[6],"class_list":["post-28994","event","type-event","status-publish","has-post-thumbnail","hentry","event_cat-maison-mallet-et-fils-inc"],"_links":{"self":[{"href":"https:\/\/nouveau.maisonmallet.com\/back05_01\/index.php?rest_route=\/wp\/v2\/event\/28994","targetHints":{"allow":["GET"]}}],"collection":[{"href":"https:\/\/nouveau.maisonmallet.com\/back05_01\/index.php?rest_route=\/wp\/v2\/event"}],"about":[{"href":"https:\/\/nouveau.maisonmallet.com\/back05_01\/index.php?rest_route=\/wp\/v2\/types\/event"}],"wp:featuredmedia":[{"embeddable":true,"href":"https:\/\/nouveau.maisonmallet.com\/back05_01\/index.php?rest_route=\/wp\/v2\/media\/29001"}],"wp:attachment":[{"href":"https:\/\/nouveau.maisonmallet.com\/back05_01\/index.php?rest_route=%2Fwp%2Fv2%2Fmedia&parent=28994"}],"wp:term":[{"taxonomy":"event_cat","embeddable":true,"href":"https:\/\/nouveau.maisonmallet.com\/back05_01\/index.php?rest_route=%2Fwp%2Fv2%2Fevent_cat&post=28994"}],"curies":[{"name":"wp","href":"https:\/\/api.w.org\/{rel}","templated":true}]}}

<p>1935 &#8211; 2022</p>
<p>CORMIER, Julien</p>
<p>&nbsp;</p>
<p>À Sept-Îles, le 22 février 2022, est décédé à l’âge de 86 ans, monsieur Julien Cormier époux de madame Lorraine Dasti et domicilié à Sept-Îles.</p>
<p><strong><u>Les rituels funéraires de monsieur Julien Cormier auront lieu dans la plus stricte intimité et sur invitation seulement.</u></strong></p>
<p>Selon ses volontés, il a été confié au crématorium de la maison Mallet &amp; fils pour crémation.</p>
<p>Il laisse dans le deuil outre son épouse madame Lorraine Dasti Cormier, ses enfants : Daniel (André), Debbie (Guy) et Julie (Peter), ses petits-enfants : Roxanne, Shawn, Tania, Maeve et Adahlia, ses arrière-petits-enfants : Michael, Sophia, Isla et Elias, ses frère et sœurs : Denise (feu René), Renée (Lucien) et Maurice (feu Alice) ainsi que son beau-frère, sa belle-sœur, ses neveux, ses nièces et de bons ami(e)s.</p>
<p>Il était le père de feu Terry ainsi que le frère de feu Marie (Rosaire) et feu Gilles.</p>
<p>Vos marques de sympathie peuvent se traduire par un don la Fondation des maladies du cœur et de l’AVC <a href="http://www.coeuretavc.ca">www.coeuretavc.ca</a></p>
<p>La famille a confié la direction des funérailles aux services professionnels de la Maison Mallet &amp; fils du 585 boul. Laure à Sept-Îles, maintenant reconnue Distinction et membre de la Corporation des Thanatologues du Québec.</p>
<p>Vous pouvez consulter cet avis de décès sur le <a href="https://nouveau.maisonmallet.com/back05_01">www.maisonmallet.com</a></p>
<p>Ceux et celles qui le désirent, peuvent y envoyer des messages de sympathie.</p>
<p>&nbsp;</p>
<hr />
<p>Envoyer vos condoléances</p>
<p>[contact-form to= »julianncormier@gmail.com » subject= »Condoléances Julien Cormier »][contact-field label= »Votre nom » type= »name » required= »1&Prime;][contact-field label= »Votre courriel » type= »email » required= »1&Prime;][contact-field label= »Condoléances » type= »textarea »][/contact-form]</p>
