{"id":29021,"date":"2022-02-28T20:47:37","date_gmt":"2022-03-01T01:47:37","guid":{"rendered":"https:\/\/nouveau.maisonmallet.com\/?post_type=event&#038;p=29021"},"modified":"2022-03-01T21:01:42","modified_gmt":"2022-03-02T02:01:42","slug":"mckenzie-anne-marie","status":"publish","type":"event","link":"https:\/\/nouveau.maisonmallet.com\/back05_01\/?event=mckenzie-anne-marie","title":{"rendered":"MCKENZIE, Anne-Marie"},"content":{"rendered":"<p>1957 \u2013 2022<\/p>\n<p>MCKENZIE, Anne-Marie (Andr\u00e9)<\/p>\n<p>&nbsp;<\/p>\n<p>\u00c0 Sept-\u00celes (maison \u00c9lyme des sables), le 1<sup>er<\/sup> mars 2022, est d\u00e9c\u00e9d\u00e9e \u00e0 l\u2019\u00e2ge de 64 ans madame Anne-Marie Mckenzie \u00e9pouse de feu Pierre Andr\u00e9 et domicili\u00e9e \u00e0 Matimekush-Lac John.<\/p>\n<p>Les fun\u00e9railles de madame Anne-Marie Mckenzie auront lieu le mercredi 9 mars 2022 \u00e0 14 h en l\u2019\u00e9glise Notre-Dame-des-Indiens de Matimekush-Lac John et de l\u00e0 au cimeti\u00e8re de l\u2019endroit.<\/p>\n<p>La famille re\u00e7oit pare<u>n<\/u>ts et amis le mercredi 2 mars 2022 de 13 h \u00e0 16 \u00a0h. au Complexe Thanatologique Mallet &amp; fils du 585, boul. Laure \u00e0 Sept-\u00celes. Le mardi 8 mars 2022 \u00e0 compter de 10 h au 169, ave.Babel \u00e0 Matimekush-Lac John.<\/p>\n<p><strong><u>D\u00fb aux circonstances reli\u00e9es \u00e0 la pand\u00e9mie, vous pouvez venir pr\u00e9senter vos condol\u00e9ances en respectant la distanciation physique et le port du masque sera obligatoire.<\/u><\/strong><\/p>\n<p>Elle laisse dans le deuil son fils St\u00e9phane, ses filles\u00a0: St\u00e9phanie (Roland St-Onge), Roxanne (Jasmin Ashini) et Tshi-Teinsh, ses dix-sept petits-enfants, ses cinq arri\u00e8re-petits-enfants ainsi que ses fr\u00e8res, ses s\u0153urs, ses beaux-fr\u00e8res, ses belles-s\u0153urs, ses neveux, ses ni\u00e8ces, ses cousins, ses cousines et de nombreux ami(e)s.<\/p>\n<p>La famille a confi\u00e9 les arrangements fun\u00e9raires aux services professionnels de la Maison Mallet &amp; fils du 585, boul. Laure \u00e0 Sept-\u00celes et la direction des fun\u00e9railles \u00e0 la Maison Porlier du 515, rue French \u00e0 Schefferville, membre de la Corporation des Thanatologues du Qu\u00e9bec.<\/p>\n<p>Vous pouvez consulter cet avis de d\u00e9c\u00e8s, sur le\u00a0 <a href=\"https:\/\/nouveau.maisonmallet.com\/back05_01\">www.maisonmallet.com<\/a><\/p>\n<p>Ceux et celle qui le d\u00e9sirent, peuvent y envoyer des messages de sympathie.<\/p>\n<p>&nbsp;<\/p>\n<hr \/>\n<p>Envoyer vos condol\u00e9ances<\/p>\n<p>[contact-form to=\u00a0\u00bbroxanneandremckenzie@hotmail.com\u00a0\u00bb subject=\u00a0\u00bbCondol\u00e9ances Anne-Marie Mckenzie\u00a0\u00bb][contact-field label=\u00a0\u00bbVotre nom\u00a0\u00bb type=\u00a0\u00bbname\u00a0\u00bb required=\u00a0\u00bb1&Prime;][contact-field label=\u00a0\u00bbVotre courriel\u00a0\u00bb type=\u00a0\u00bbemail\u00a0\u00bb required=\u00a0\u00bb1&Prime;][contact-field label=\u00a0\u00bbCondol\u00e9ances\u00a0\u00bb type=\u00a0\u00bbtextarea\u00a0\u00bb][\/contact-form]<\/p>\n","protected":false},"featured_media":29076,"template":"","event_cat":[6],"class_list":["post-29021","event","type-event","status-publish","has-post-thumbnail","hentry","event_cat-maison-mallet-et-fils-inc"],"_links":{"self":[{"href":"https:\/\/nouveau.maisonmallet.com\/back05_01\/index.php?rest_route=\/wp\/v2\/event\/29021","targetHints":{"allow":["GET"]}}],"collection":[{"href":"https:\/\/nouveau.maisonmallet.com\/back05_01\/index.php?rest_route=\/wp\/v2\/event"}],"about":[{"href":"https:\/\/nouveau.maisonmallet.com\/back05_01\/index.php?rest_route=\/wp\/v2\/types\/event"}],"wp:featuredmedia":[{"embeddable":true,"href":"https:\/\/nouveau.maisonmallet.com\/back05_01\/index.php?rest_route=\/wp\/v2\/media\/29076"}],"wp:attachment":[{"href":"https:\/\/nouveau.maisonmallet.com\/back05_01\/index.php?rest_route=%2Fwp%2Fv2%2Fmedia&parent=29021"}],"wp:term":[{"taxonomy":"event_cat","embeddable":true,"href":"https:\/\/nouveau.maisonmallet.com\/back05_01\/index.php?rest_route=%2Fwp%2Fv2%2Fevent_cat&post=29021"}],"curies":[{"name":"wp","href":"https:\/\/api.w.org\/{rel}","templated":true}]}}

<p>1957 – 2022</p>
<p>MCKENZIE, Anne-Marie (André)</p>
<p>&nbsp;</p>
<p>À Sept-Îles (maison Élyme des sables), le 1<sup>er</sup> mars 2022, est décédée à l’âge de 64 ans madame Anne-Marie Mckenzie épouse de feu Pierre André et domiciliée à Matimekush-Lac John.</p>
<p>Les funérailles de madame Anne-Marie Mckenzie auront lieu le mercredi 9 mars 2022 à 14 h en l’église Notre-Dame-des-Indiens de Matimekush-Lac John et de là au cimetière de l’endroit.</p>
<p>La famille reçoit pare<u>n</u>ts et amis le mercredi 2 mars 2022 de 13 h à 16  h. au Complexe Thanatologique Mallet &amp; fils du 585, boul. Laure à Sept-Îles. Le mardi 8 mars 2022 à compter de 10 h au 169, ave.Babel à Matimekush-Lac John.</p>
<p><strong><u>Dû aux circonstances reliées à la pandémie, vous pouvez venir présenter vos condoléances en respectant la distanciation physique et le port du masque sera obligatoire.</u></strong></p>
<p>Elle laisse dans le deuil son fils Stéphane, ses filles : Stéphanie (Roland St-Onge), Roxanne (Jasmin Ashini) et Tshi-Teinsh, ses dix-sept petits-enfants, ses cinq arrière-petits-enfants ainsi que ses frères, ses sœurs, ses beaux-frères, ses belles-sœurs, ses neveux, ses nièces, ses cousins, ses cousines et de nombreux ami(e)s.</p>
<p>La famille a confié les arrangements funéraires aux services professionnels de la Maison Mallet &amp; fils du 585, boul. Laure à Sept-Îles et la direction des funérailles à la Maison Porlier du 515, rue French à Schefferville, membre de la Corporation des Thanatologues du Québec.</p>
<p>Vous pouvez consulter cet avis de décès, sur le  <a href="https://nouveau.maisonmallet.com/back05_01">www.maisonmallet.com</a></p>
<p>Ceux et celle qui le désirent, peuvent y envoyer des messages de sympathie.</p>
<p>&nbsp;</p>
<hr />
<p>Envoyer vos condoléances</p>
<p>[contact-form to= »roxanneandremckenzie@hotmail.com » subject= »Condoléances Anne-Marie Mckenzie »][contact-field label= »Votre nom » type= »name » required= »1&Prime;][contact-field label= »Votre courriel » type= »email » required= »1&Prime;][contact-field label= »Condoléances » type= »textarea »][/contact-form]</p>
