{"id":29075,"date":"2022-03-01T17:30:27","date_gmt":"2022-03-01T22:30:27","guid":{"rendered":"https:\/\/nouveau.maisonmallet.com\/?post_type=event&#038;p=29075"},"modified":"2022-03-02T17:38:12","modified_gmt":"2022-03-02T22:38:12","slug":"picard-lucille-deschenes","status":"publish","type":"event","link":"https:\/\/nouveau.maisonmallet.com\/back05_01\/?event=picard-lucille-deschenes","title":{"rendered":"PICARD, Lucille (Desch\u00eanes)"},"content":{"rendered":"<p>1932-2022<\/p>\n<p>PICARD, Lucille (Desch\u00eanes)<\/p>\n<p>&nbsp;<\/p>\n<p>\u00c0 Sept-\u00celes (maison \u00c9lyme des Sables), le 25 f\u00e9vrier 2022, est d\u00e9c\u00e9d\u00e9e \u00e0 l\u2019\u00e2ge de 89 ans, madame Lucille Picard \u00e9pouse de feu Antonio Desch\u00eanes et domicili\u00e9e \u00e0 Pentec\u00f4te.<\/p>\n<p>Les fun\u00e9railles de madame Lucille Picard auront lieu le mardi 8 mars 2022 \u00e0 10 h en l\u2019\u00e9glise Saint-Esprit de Pentec\u00f4te et de l\u00e0 au cimeti\u00e8re de Pentec\u00f4te.<\/p>\n<p>La famille re\u00e7oit parents et amis le lundi 7 mars 2022 de 13 h \u00e0 16 h et de 19 h \u00e0 22 h au Complexe Thanatologique Mallet &amp; fils du 57, route 138 \u00e0 Port-Cartier.<\/p>\n<p><strong><u>D\u00fb aux circonstances reli\u00e9es \u00e0 la pand\u00e9mie, vous pouvez venir pr\u00e9senter vos condol\u00e9ances en respectant la distanciation physique et le port du masque sera obligatoire.<\/u><\/strong><\/p>\n<p>Elle laisse dans le deuil ses enfants\u00a0: Line (John Beaupr\u00e9), Mario (Marie-Jeanne B\u00e9rub\u00e9), Gilles, Alain (Marie Gauthier), Jean-Luc (Linda Langevin), Marie (Lawrence B\u00e9rub\u00e9), El\u00e8ne (Bruno Ross) et Edith (Thomas Gaudin), ses petits-enfants, ses arri\u00e8re-petits-enfants, sa s\u0153ur Eliane, ses fr\u00e8res\u00a0: Paul-Aim\u00e9, Jean-Claude et Florian ainsi que ses beaux-fr\u00e8res, ses belles-s\u0153urs, ses neveux, ses ni\u00e8ces, ses cousins, ses cousines et de nombreux ami(e)s.<\/p>\n<p>Vos marques de sympathie peuvent se traduire par un don \u00e0 l\u2019\u00c9lyme des Sables <a href=\"http:\/\/www.elymedessables.com\">www.elymedessables.com<\/a><\/p>\n<p>La famille a confi\u00e9 la direction des fun\u00e9railles aux services professionnels de la maison Mallet &amp; fils du 57, route 138 \u00e0 Port-Cartier, maintenant reconnue Distinction et membre de la Corporation des Thanatologues du Qu\u00e9bec.<\/p>\n<p>Vous pouvez consulter cet avis de d\u00e9c\u00e8s, sur le <a href=\"https:\/\/nouveau.maisonmallet.com\/back05_01\">www.maisonmallet.com<\/a><\/p>\n<p>Ceux et celles qui le d\u00e9sirent, peuvent y envoyer des messages de sympathie.<\/p>\n<p>&nbsp;<\/p>\n<hr \/>\n<p>Envoyer vos condol\u00e9ances<\/p>\n<p>[contact-form to=\u00a0\u00bblindes1@telus.net\u00a0\u00bb subject=\u00a0\u00bbCondol\u00e9ances Lucille Picard\u00a0\u00bb][contact-field label=\u00a0\u00bbVotre nom\u00a0\u00bb type=\u00a0\u00bbname\u00a0\u00bb required=\u00a0\u00bb1&Prime;][contact-field label=\u00a0\u00bbVotre courriel\u00a0\u00bb type=\u00a0\u00bbemail\u00a0\u00bb required=\u00a0\u00bb1&Prime;][contact-field label=\u00a0\u00bbCondol\u00e9ances\u00a0\u00bb type=\u00a0\u00bbtextarea\u00a0\u00bb][\/contact-form]<\/p>\n","protected":false},"featured_media":29119,"template":"","event_cat":[6],"class_list":["post-29075","event","type-event","status-publish","has-post-thumbnail","hentry","event_cat-maison-mallet-et-fils-inc"],"_links":{"self":[{"href":"https:\/\/nouveau.maisonmallet.com\/back05_01\/index.php?rest_route=\/wp\/v2\/event\/29075","targetHints":{"allow":["GET"]}}],"collection":[{"href":"https:\/\/nouveau.maisonmallet.com\/back05_01\/index.php?rest_route=\/wp\/v2\/event"}],"about":[{"href":"https:\/\/nouveau.maisonmallet.com\/back05_01\/index.php?rest_route=\/wp\/v2\/types\/event"}],"wp:featuredmedia":[{"embeddable":true,"href":"https:\/\/nouveau.maisonmallet.com\/back05_01\/index.php?rest_route=\/wp\/v2\/media\/29119"}],"wp:attachment":[{"href":"https:\/\/nouveau.maisonmallet.com\/back05_01\/index.php?rest_route=%2Fwp%2Fv2%2Fmedia&parent=29075"}],"wp:term":[{"taxonomy":"event_cat","embeddable":true,"href":"https:\/\/nouveau.maisonmallet.com\/back05_01\/index.php?rest_route=%2Fwp%2Fv2%2Fevent_cat&post=29075"}],"curies":[{"name":"wp","href":"https:\/\/api.w.org\/{rel}","templated":true}]}}

PICARD, Lucille (Deschênes)

<p>1932-2022</p>
<p>PICARD, Lucille (Deschênes)</p>
<p>&nbsp;</p>
<p>À Sept-Îles (maison Élyme des Sables), le 25 février 2022, est décédée à l’âge de 89 ans, madame Lucille Picard épouse de feu Antonio Deschênes et domiciliée à Pentecôte.</p>
<p>Les funérailles de madame Lucille Picard auront lieu le mardi 8 mars 2022 à 10 h en l’église Saint-Esprit de Pentecôte et de là au cimetière de Pentecôte.</p>
<p>La famille reçoit parents et amis le lundi 7 mars 2022 de 13 h à 16 h et de 19 h à 22 h au Complexe Thanatologique Mallet &amp; fils du 57, route 138 à Port-Cartier.</p>
<p><strong><u>Dû aux circonstances reliées à la pandémie, vous pouvez venir présenter vos condoléances en respectant la distanciation physique et le port du masque sera obligatoire.</u></strong></p>
<p>Elle laisse dans le deuil ses enfants : Line (John Beaupré), Mario (Marie-Jeanne Bérubé), Gilles, Alain (Marie Gauthier), Jean-Luc (Linda Langevin), Marie (Lawrence Bérubé), Elène (Bruno Ross) et Edith (Thomas Gaudin), ses petits-enfants, ses arrière-petits-enfants, sa sœur Eliane, ses frères : Paul-Aimé, Jean-Claude et Florian ainsi que ses beaux-frères, ses belles-sœurs, ses neveux, ses nièces, ses cousins, ses cousines et de nombreux ami(e)s.</p>
<p>Vos marques de sympathie peuvent se traduire par un don à l’Élyme des Sables <a href="http://www.elymedessables.com">www.elymedessables.com</a></p>
<p>La famille a confié la direction des funérailles aux services professionnels de la maison Mallet &amp; fils du 57, route 138 à Port-Cartier, maintenant reconnue Distinction et membre de la Corporation des Thanatologues du Québec.</p>
<p>Vous pouvez consulter cet avis de décès, sur le <a href="https://nouveau.maisonmallet.com/back05_01">www.maisonmallet.com</a></p>
<p>Ceux et celles qui le désirent, peuvent y envoyer des messages de sympathie.</p>
<p>&nbsp;</p>
<hr />
<p>Envoyer vos condoléances</p>
<p>[contact-form to= »lindes1@telus.net » subject= »Condoléances Lucille Picard »][contact-field label= »Votre nom » type= »name » required= »1&Prime;][contact-field label= »Votre courriel » type= »email » required= »1&Prime;][contact-field label= »Condoléances » type= »textarea »][/contact-form]</p>
