{"id":29173,"date":"2022-03-03T17:49:11","date_gmt":"2022-03-03T22:49:11","guid":{"rendered":"https:\/\/nouveau.maisonmallet.com\/?post_type=event&#038;p=29173"},"modified":"2022-03-06T17:29:50","modified_gmt":"2022-03-06T22:29:50","slug":"castilloux-gervais","status":"publish","type":"event","link":"https:\/\/nouveau.maisonmallet.com\/back05_01\/?event=castilloux-gervais","title":{"rendered":"CASTILLOUX, Gervais"},"content":{"rendered":"<p>1956\u2013 2022<\/p>\n<p>Castilloux, Gervais<\/p>\n<p>&nbsp;<\/p>\n<p>\u00c0 Sept-\u00celes (maison Elyme des Sables), le 2 mars 2022, est d\u00e9c\u00e9d\u00e9 \u00e0 l\u2019\u00e2ge de 65 ans, monsieur Gervais Castilloux conjoint de madame Marielle Fullum et domicili\u00e9 \u00e0 Sept-\u00celes.<\/p>\n<p>Les fun\u00e9railles de monsieur Gervais Castilloux auront lieu \u00e0 une date ult\u00e9rieure \u00e0 Newport en Gasp\u00e9sie.<\/p>\n<p>La famille re\u00e7oit parents et amis le lundi 7 mars 2022 de 13 h \u00e0 16 h et de 19 h \u00e0 22 h au Complexe Thanatologique Mallet &amp; fils du 585 Boul. Laure \u00e0 Sept-\u00celes.<\/p>\n<p><strong><u>D\u00fb aux circonstances reli\u00e9es \u00e0 la pand\u00e9mie, vous pouvez venir pr\u00e9senter vos condol\u00e9ances en respectant la distanciation physique et le port du masque sera obligatoire.<\/u><\/strong><\/p>\n<p>Il laisse dans le deuil outre sa conjointe madame Marielle Fullum, ses filles\u00a0: Carole-Ann (Vincent No\u00ebl) et Myriam (Fr\u00e9d\u00e9ric Arsenault), ses fr\u00e8res\u00a0: G\u00e9rard (feu Mathilda Lejeune), Fran\u00e7ois (Murielle Cormier), Renaud (Louise Cieslik) et Yves (Pierrette Huard), ses s\u0153urs\u00a0: R\u00e9jane (Marcel D`Astous), Lorraine (M\u00e9nard Castilloux), Carole (G\u00e9rard Vigneault), Colette (Normand P\u00e9loquin), Josette et Maryse (Daniel Bolduc), ses beaux-parents\u00a0: monsieur Cyrille Fullum et madame Evelyne Sweeney, \u00a0ses belles-s\u0153urs\u00a0: Sylvianne Fullum (Denis Duguay) et Micheline Fullum (Gino Langelier) ainsi que son beau-fr\u00e8re Albert Fullum, ses neveux, ses ni\u00e8ces, ses cousins, ses cousines et de nombreux ami(e)s.<\/p>\n<p>Il \u00e9tait le fr\u00e8re de feu Raymond (Michelle Benoit), feu Claude et feu Sylva.<\/p>\n<p>Vos marques de sympathie peuvent se traduire par un don \u00e0 l\u2019Association du cancer Est du Qu\u00e9bec <a href=\"http:\/\/www.aceq.org\">www.aceq.org<\/a><\/p>\n<p>La famille a confi\u00e9 les arrangements aux services professionnels de la Maison Mallet &amp; fils du 585 Boul. Laure \u00e0 Sept-\u00celes, maintenant reconnue Distinction et membre de la Corporation des Thanatologues du Qu\u00e9bec.<\/p>\n<p>Vous pouvez consulter cet avis de d\u00e9c\u00e8s sur le\u00a0: <a href=\"https:\/\/nouveau.maisonmallet.com\/back05_01\">www.maisonmallet.com<\/a><\/p>\n<p>Ceux et celles qui le d\u00e9sirent, peuvent y envoyer des messages de sympathie.<\/p>\n<p>&nbsp;<\/p>\n<hr \/>\n<p>Envoyer vos condol\u00e9ances<\/p>\n<p>[contact-form to=\u00a0\u00bblimy64@hotmail.com\u00a0\u00bb subject=\u00a0\u00bbCondol\u00e9ances Gervais Castilloux\u00a0\u00bb][contact-field label=\u00a0\u00bbVotre nom\u00a0\u00bb type=\u00a0\u00bbname\u00a0\u00bb required=\u00a0\u00bb1&Prime;][contact-field label=\u00a0\u00bbVotre courriel\u00a0\u00bb type=\u00a0\u00bbemail\u00a0\u00bb required=\u00a0\u00bb1&Prime;][contact-field label=\u00a0\u00bbCondol\u00e9ances\u00a0\u00bb type=\u00a0\u00bbtextarea\u00a0\u00bb][\/contact-form]<\/p>\n","protected":false},"featured_media":29176,"template":"","event_cat":[6],"class_list":["post-29173","event","type-event","status-publish","has-post-thumbnail","hentry","event_cat-maison-mallet-et-fils-inc"],"_links":{"self":[{"href":"https:\/\/nouveau.maisonmallet.com\/back05_01\/index.php?rest_route=\/wp\/v2\/event\/29173","targetHints":{"allow":["GET"]}}],"collection":[{"href":"https:\/\/nouveau.maisonmallet.com\/back05_01\/index.php?rest_route=\/wp\/v2\/event"}],"about":[{"href":"https:\/\/nouveau.maisonmallet.com\/back05_01\/index.php?rest_route=\/wp\/v2\/types\/event"}],"wp:featuredmedia":[{"embeddable":true,"href":"https:\/\/nouveau.maisonmallet.com\/back05_01\/index.php?rest_route=\/wp\/v2\/media\/29176"}],"wp:attachment":[{"href":"https:\/\/nouveau.maisonmallet.com\/back05_01\/index.php?rest_route=%2Fwp%2Fv2%2Fmedia&parent=29173"}],"wp:term":[{"taxonomy":"event_cat","embeddable":true,"href":"https:\/\/nouveau.maisonmallet.com\/back05_01\/index.php?rest_route=%2Fwp%2Fv2%2Fevent_cat&post=29173"}],"curies":[{"name":"wp","href":"https:\/\/api.w.org\/{rel}","templated":true}]}}

<p>1956– 2022</p>
<p>Castilloux, Gervais</p>
<p>&nbsp;</p>
<p>À Sept-Îles (maison Elyme des Sables), le 2 mars 2022, est décédé à l’âge de 65 ans, monsieur Gervais Castilloux conjoint de madame Marielle Fullum et domicilié à Sept-Îles.</p>
<p>Les funérailles de monsieur Gervais Castilloux auront lieu à une date ultérieure à Newport en Gaspésie.</p>
<p>La famille reçoit parents et amis le lundi 7 mars 2022 de 13 h à 16 h et de 19 h à 22 h au Complexe Thanatologique Mallet &amp; fils du 585 Boul. Laure à Sept-Îles.</p>
<p><strong><u>Dû aux circonstances reliées à la pandémie, vous pouvez venir présenter vos condoléances en respectant la distanciation physique et le port du masque sera obligatoire.</u></strong></p>
<p>Il laisse dans le deuil outre sa conjointe madame Marielle Fullum, ses filles : Carole-Ann (Vincent Noël) et Myriam (Frédéric Arsenault), ses frères : Gérard (feu Mathilda Lejeune), François (Murielle Cormier), Renaud (Louise Cieslik) et Yves (Pierrette Huard), ses sœurs : Réjane (Marcel D`Astous), Lorraine (Ménard Castilloux), Carole (Gérard Vigneault), Colette (Normand Péloquin), Josette et Maryse (Daniel Bolduc), ses beaux-parents : monsieur Cyrille Fullum et madame Evelyne Sweeney,  ses belles-sœurs : Sylvianne Fullum (Denis Duguay) et Micheline Fullum (Gino Langelier) ainsi que son beau-frère Albert Fullum, ses neveux, ses nièces, ses cousins, ses cousines et de nombreux ami(e)s.</p>
<p>Il était le frère de feu Raymond (Michelle Benoit), feu Claude et feu Sylva.</p>
<p>Vos marques de sympathie peuvent se traduire par un don à l’Association du cancer Est du Québec <a href="http://www.aceq.org">www.aceq.org</a></p>
<p>La famille a confié les arrangements aux services professionnels de la Maison Mallet &amp; fils du 585 Boul. Laure à Sept-Îles, maintenant reconnue Distinction et membre de la Corporation des Thanatologues du Québec.</p>
<p>Vous pouvez consulter cet avis de décès sur le : <a href="https://nouveau.maisonmallet.com/back05_01">www.maisonmallet.com</a></p>
<p>Ceux et celles qui le désirent, peuvent y envoyer des messages de sympathie.</p>
<p>&nbsp;</p>
<hr />
<p>Envoyer vos condoléances</p>
<p>[contact-form to= »limy64@hotmail.com » subject= »Condoléances Gervais Castilloux »][contact-field label= »Votre nom » type= »name » required= »1&Prime;][contact-field label= »Votre courriel » type= »email » required= »1&Prime;][contact-field label= »Condoléances » type= »textarea »][/contact-form]</p>
