{"id":29175,"date":"2022-03-05T11:46:46","date_gmt":"2022-03-05T16:46:46","guid":{"rendered":"https:\/\/nouveau.maisonmallet.com\/?post_type=event&#038;p=29175"},"modified":"2022-03-06T11:53:51","modified_gmt":"2022-03-06T16:53:51","slug":"harvey-emerilda-jourdain","status":"publish","type":"event","link":"https:\/\/nouveau.maisonmallet.com\/back05_01\/?event=harvey-emerilda-jourdain","title":{"rendered":"HARVEY, Emerilda (Jourdain)"},"content":{"rendered":"<p>1930 &#8211; 2022<\/p>\n<p>HARVEY, Emirelda (Jourdain)<\/p>\n<p>&nbsp;<\/p>\n<p>\u00c0 Port-Cartier, le 1<sup>er<\/sup> mars 2022, est d\u00e9c\u00e9d\u00e9e \u00e0 l\u2019\u00e2ge de 91 ans, madame Emerilda Harvey \u00e9pouse de feu Ludovic Jourdain et domicili\u00e9e \u00e0 Port-Cartier.<\/p>\n<p>Les fun\u00e9railles de madame Emerilda Harvey Jourdain auront lieu le vendredi 11 mars 2022 \u00e0 14 h en l\u2019\u00e9glise Sacr\u00e9-C\u0153ur situ\u00e9e au 38, rue Parent \u00e0 Port-Cartier et de l\u00e0 au cimeti\u00e8re de Port-Cartier.<\/p>\n<p>Selon ses volont\u00e9s, elle a \u00e9t\u00e9 confi\u00e9e au cr\u00e9matorium de la maison Mallet &amp; fils pour cr\u00e9mation.<\/p>\n<p>La famille re\u00e7oit parents et amis le vendredi 11 mars 2022 jour des fun\u00e9railles \u00e0 compter de 12 h au Complexe Thanatologique Mallet &amp; fils du 57, route 138 \u00e0 Port-Cartier.<\/p>\n<p><strong><u>D\u00fb aux circonstances reli\u00e9es \u00e0 la pand\u00e9mie, vous pouvez venir pr\u00e9senter vos condol\u00e9ances en respectant la distanciation physique et le port du masque sera obligatoire.<\/u><\/strong><\/p>\n<p>Elle laisse dans le deuil sa fille Eliane (feu Normand Chisholm), sa petite-fille Brenda (Yves Ringuette), son petit-fils Steven (V\u00e9ronique Gilbert), ses arri\u00e8re-petites-filles\u00a0: Genevi\u00e8ve, Ang\u00e9lique et Annabelle, ses arri\u00e8re-petits-fils\u00a0: Alexandre et Antonin, son arri\u00e8re-arri\u00e8re-petite-fille Mya ainsi que ses fr\u00e8res\u00a0: Roland (Francine) et G\u00e9rard (Jocelyne), sa s\u0153ur Rolande (Jocelyn) , sa belle-s\u0153ur Reine Bouchard, ses neveux, ses ni\u00e8ces et de nombreux amis.<\/p>\n<p>Elle \u00e9tait l\u2019arri\u00e8re-grand-m\u00e8re de feu Karyne.<\/p>\n<p>La famille a confi\u00e9 la direction des fun\u00e9railles aux services professionnels de la maison Mallet &amp; fils du 57, route 138 \u00e0 Port-Cartier, maintenant reconnue Distinction et membre de la Corporation des Thanatologues du Qu\u00e9bec.<\/p>\n<p>Vous pouvez consulter cet avis de d\u00e9c\u00e8s, sur le <a href=\"https:\/\/nouveau.maisonmallet.com\/back05_01\">www.maisonmallet.com<\/a><\/p>\n<p>Ceux et celles qui le d\u00e9sirent, peuvent y envoyer des messages de sympathie.<\/p>\n<p>&nbsp;<\/p>\n<hr \/>\n<p>Envoyer vos condol\u00e9ances<\/p>\n<p>[contact-form to=\u00a0\u00bbringchi@outlook.com\u00a0\u00bb subject=\u00a0\u00bbCondol\u00e9ances Emerilda Harvey\u00a0\u00bb][contact-field label=\u00a0\u00bbVotre nom\u00a0\u00bb type=\u00a0\u00bbname\u00a0\u00bb required=\u00a0\u00bb1&Prime;][contact-field label=\u00a0\u00bbVotre courriel\u00a0\u00bb type=\u00a0\u00bbemail\u00a0\u00bb required=\u00a0\u00bb1&Prime;][contact-field label=\u00a0\u00bbCondol\u00e9ances\u00a0\u00bb type=\u00a0\u00bbtextarea\u00a0\u00bb][\/contact-form]<\/p>\n","protected":false},"featured_media":29249,"template":"","event_cat":[6],"class_list":["post-29175","event","type-event","status-publish","has-post-thumbnail","hentry","event_cat-maison-mallet-et-fils-inc"],"_links":{"self":[{"href":"https:\/\/nouveau.maisonmallet.com\/back05_01\/index.php?rest_route=\/wp\/v2\/event\/29175","targetHints":{"allow":["GET"]}}],"collection":[{"href":"https:\/\/nouveau.maisonmallet.com\/back05_01\/index.php?rest_route=\/wp\/v2\/event"}],"about":[{"href":"https:\/\/nouveau.maisonmallet.com\/back05_01\/index.php?rest_route=\/wp\/v2\/types\/event"}],"wp:featuredmedia":[{"embeddable":true,"href":"https:\/\/nouveau.maisonmallet.com\/back05_01\/index.php?rest_route=\/wp\/v2\/media\/29249"}],"wp:attachment":[{"href":"https:\/\/nouveau.maisonmallet.com\/back05_01\/index.php?rest_route=%2Fwp%2Fv2%2Fmedia&parent=29175"}],"wp:term":[{"taxonomy":"event_cat","embeddable":true,"href":"https:\/\/nouveau.maisonmallet.com\/back05_01\/index.php?rest_route=%2Fwp%2Fv2%2Fevent_cat&post=29175"}],"curies":[{"name":"wp","href":"https:\/\/api.w.org\/{rel}","templated":true}]}}

<p>1930 &#8211; 2022</p>
<p>HARVEY, Emirelda (Jourdain)</p>
<p>&nbsp;</p>
<p>À Port-Cartier, le 1<sup>er</sup> mars 2022, est décédée à l’âge de 91 ans, madame Emerilda Harvey épouse de feu Ludovic Jourdain et domiciliée à Port-Cartier.</p>
<p>Les funérailles de madame Emerilda Harvey Jourdain auront lieu le vendredi 11 mars 2022 à 14 h en l’église Sacré-Cœur située au 38, rue Parent à Port-Cartier et de là au cimetière de Port-Cartier.</p>
<p>Selon ses volontés, elle a été confiée au crématorium de la maison Mallet &amp; fils pour crémation.</p>
<p>La famille reçoit parents et amis le vendredi 11 mars 2022 jour des funérailles à compter de 12 h au Complexe Thanatologique Mallet &amp; fils du 57, route 138 à Port-Cartier.</p>
<p><strong><u>Dû aux circonstances reliées à la pandémie, vous pouvez venir présenter vos condoléances en respectant la distanciation physique et le port du masque sera obligatoire.</u></strong></p>
<p>Elle laisse dans le deuil sa fille Eliane (feu Normand Chisholm), sa petite-fille Brenda (Yves Ringuette), son petit-fils Steven (Véronique Gilbert), ses arrière-petites-filles : Geneviève, Angélique et Annabelle, ses arrière-petits-fils : Alexandre et Antonin, son arrière-arrière-petite-fille Mya ainsi que ses frères : Roland (Francine) et Gérard (Jocelyne), sa sœur Rolande (Jocelyn) , sa belle-sœur Reine Bouchard, ses neveux, ses nièces et de nombreux amis.</p>
<p>Elle était l’arrière-grand-mère de feu Karyne.</p>
<p>La famille a confié la direction des funérailles aux services professionnels de la maison Mallet &amp; fils du 57, route 138 à Port-Cartier, maintenant reconnue Distinction et membre de la Corporation des Thanatologues du Québec.</p>
<p>Vous pouvez consulter cet avis de décès, sur le <a href="https://nouveau.maisonmallet.com/back05_01">www.maisonmallet.com</a></p>
<p>Ceux et celles qui le désirent, peuvent y envoyer des messages de sympathie.</p>
<p>&nbsp;</p>
<hr />
<p>Envoyer vos condoléances</p>
<p>[contact-form to= »ringchi@outlook.com » subject= »Condoléances Emerilda Harvey »][contact-field label= »Votre nom » type= »name » required= »1&Prime;][contact-field label= »Votre courriel » type= »email » required= »1&Prime;][contact-field label= »Condoléances » type= »textarea »][/contact-form]</p>
