{"id":29332,"date":"2022-03-10T07:01:51","date_gmt":"2022-03-10T12:01:51","guid":{"rendered":"https:\/\/nouveau.maisonmallet.com\/?post_type=event&#038;p=29332"},"modified":"2022-03-11T11:19:29","modified_gmt":"2022-03-11T16:19:29","slug":"modele-nom-prenom-65","status":"publish","type":"event","link":"https:\/\/nouveau.maisonmallet.com\/back05_01\/?event=modele-nom-prenom-65","title":{"rendered":"LAPIERRE, Gilberte (Pag\u00e9)"},"content":{"rendered":"<p>1934 \u2013 2020<\/p>\n<p>LAPIERRE, Gilberte (PAG\u00c9)<\/p>\n<p>&nbsp;<\/p>\n<p>\u00c0 Havre-Saint-Pierre, le 21 f\u00e9vrier 2022, est d\u00e9c\u00e9d\u00e9e \u00e0 l\u2019\u00e2ge de 87 ans et 3 mois madame Gilberte Lapierre \u00e9pouse de feu Robert Pag\u00e9 (Ti-Num) et domicili\u00e9e \u00e0 Rivi\u00e8re-au-Tonnerre.<\/p>\n<p>Les fun\u00e9railles de madame Gilberte Lapierre Pag\u00e9 auront lieu le samedi 2 juillet 2022 \u00e0 13 h en l\u2019\u00c9glise Saint-Hippolyte de Rivi\u00e8re-au-Tonnerre et de l\u00e0 au cimeti\u00e8re de l\u2019endroit.<\/p>\n<p>Selon ses volont\u00e9s, elle a \u00e9t\u00e9 confi\u00e9e au cr\u00e9matorium de la Maison L.J.G. Mallet pour cr\u00e9mation.<\/p>\n<p>La famille re\u00e7oit parents et amis le samedi 2 juillet 2022 jour des fun\u00e9railles \u00e0 compter de 12 h 30 \u00e0 l\u2019\u00c9glise Saint-Hippolyte de Rivi\u00e8re-au-Tonnerre.<\/p>\n<p><strong>D\u00fb aux circonstances reli\u00e9es \u00e0 la pand\u00e9mie, vous pouvez venir pr\u00e9senter vos condol\u00e9ances en respectant la distanciation physique et le port du masque sera obligatoire.<\/strong><\/p>\n<p>Elle laisse dans le deuil ses fils\u00a0: Danny (Alain Gagnon) et R\u00e9my (Susan William), ses filles\u00a0: Marl\u00e8ne (Jean-Luc Bond) et Manon (Jacques Bernier), ses petits-enfants\u00a0: \u00c9ric, Fran\u00e7ois (Caroline Chiasson), \u00c9my (Charles Arsenault), J\u00e9r\u00e9my (Saira Ahmed), Alex (St\u00e9phanie Mathon), Genevi\u00e8ve et Marie-Andr\u00e9e (Jean-Philippe Gagn\u00e9), ses arri\u00e8re-petits-enfants\u00a0: Tommy, Anna-Mae, Thomas, Jeanne, Wyatt, Arthur, Zara, Lyla, Keyden, Olivia, J\u00e9r\u00e9my, Ismael et Ibrahin, son fr\u00e8re Roland (Solange Bernier), ses s\u0153urs\u00a0: Gis\u00e8le (Yvon Lirette), R\u00e9jeanne et Rosella (Michel Dubois), ses belles-s\u0153urs\u00a0: Aline et Marcelle, ses neveux, ses ni\u00e8ces, ses cousins, ses cousines et ainsi que nombreux ami(e)s.<\/p>\n<p>Un merci sp\u00e9cial \u00e0 tous le personnel du Foyer de Havre-Saint-Pierre.<\/p>\n<p>Vos marques de sympathie peuvent se traduire par un don \u00e0 l\u2019\u00c9lyme des sables www.elymedessable.com.<\/p>\n<p>La famille a confi\u00e9 les arrangements fun\u00e9raires aux services professionnels de la Maison L.J.G. Mallet du 1429, rue du Canot \u00e0 Havre-Saint-Pierre, maintenant reconnue Distinction et membre de la Corporation des Thanatologues du Qu\u00e9bec.<\/p>\n<p>Vous pouvez consulter cet avis de d\u00e9c\u00e8s sur le\u00a0<a href=\"https:\/\/nouveau.maisonmallet.com\/back05_01\/\">www.maisonmallet.com<\/a><\/p>\n<p>Ceux et celles qui le d\u00e9sirent, peuvent y envoyer des messages de sympathie.<\/p>\n<p>&nbsp;<\/p>\n<p>&nbsp;<\/p>\n<hr \/>\n<p>Envoyer vos condol\u00e9ances<\/p>\n<p>[contact-form to=\u00a0\u00bbmarlenepage@hotmail.com\u00a0\u00bb subject=\u00a0\u00bbCondol\u00e9ances Gilberte Lapierre\u00a0\u00bb][contact-field label=\u00a0\u00bbVotre nom\u00a0\u00bb type=\u00a0\u00bbname\u00a0\u00bb required=\u00a0\u00bb1&Prime;][contact-field label=\u00a0\u00bbVotre courriel\u00a0\u00bb type=\u00a0\u00bbemail\u00a0\u00bb required=\u00a0\u00bb1&Prime;][contact-field label=\u00a0\u00bbCondol\u00e9ances\u00a0\u00bb type=\u00a0\u00bbtextarea\u00a0\u00bb][\/contact-form]<\/p>\n","protected":false},"featured_media":29381,"template":"","event_cat":[7],"class_list":["post-29332","event","type-event","status-publish","has-post-thumbnail","hentry","event_cat-maison-l-j-g-mallet-inc"],"_links":{"self":[{"href":"https:\/\/nouveau.maisonmallet.com\/back05_01\/index.php?rest_route=\/wp\/v2\/event\/29332","targetHints":{"allow":["GET"]}}],"collection":[{"href":"https:\/\/nouveau.maisonmallet.com\/back05_01\/index.php?rest_route=\/wp\/v2\/event"}],"about":[{"href":"https:\/\/nouveau.maisonmallet.com\/back05_01\/index.php?rest_route=\/wp\/v2\/types\/event"}],"wp:featuredmedia":[{"embeddable":true,"href":"https:\/\/nouveau.maisonmallet.com\/back05_01\/index.php?rest_route=\/wp\/v2\/media\/29381"}],"wp:attachment":[{"href":"https:\/\/nouveau.maisonmallet.com\/back05_01\/index.php?rest_route=%2Fwp%2Fv2%2Fmedia&parent=29332"}],"wp:term":[{"taxonomy":"event_cat","embeddable":true,"href":"https:\/\/nouveau.maisonmallet.com\/back05_01\/index.php?rest_route=%2Fwp%2Fv2%2Fevent_cat&post=29332"}],"curies":[{"name":"wp","href":"https:\/\/api.w.org\/{rel}","templated":true}]}}

LAPIERRE, Gilberte (Pagé)

<p>1934 – 2020</p>
<p>LAPIERRE, Gilberte (PAGÉ)</p>
<p>&nbsp;</p>
<p>À Havre-Saint-Pierre, le 21 février 2022, est décédée à l’âge de 87 ans et 3 mois madame Gilberte Lapierre épouse de feu Robert Pagé (Ti-Num) et domiciliée à Rivière-au-Tonnerre.</p>
<p>Les funérailles de madame Gilberte Lapierre Pagé auront lieu le samedi 2 juillet 2022 à 13 h en l’Église Saint-Hippolyte de Rivière-au-Tonnerre et de là au cimetière de l’endroit.</p>
<p>Selon ses volontés, elle a été confiée au crématorium de la Maison L.J.G. Mallet pour crémation.</p>
<p>La famille reçoit parents et amis le samedi 2 juillet 2022 jour des funérailles à compter de 12 h 30 à l’Église Saint-Hippolyte de Rivière-au-Tonnerre.</p>
<p><strong>Dû aux circonstances reliées à la pandémie, vous pouvez venir présenter vos condoléances en respectant la distanciation physique et le port du masque sera obligatoire.</strong></p>
<p>Elle laisse dans le deuil ses fils : Danny (Alain Gagnon) et Rémy (Susan William), ses filles : Marlène (Jean-Luc Bond) et Manon (Jacques Bernier), ses petits-enfants : Éric, François (Caroline Chiasson), Émy (Charles Arsenault), Jérémy (Saira Ahmed), Alex (Stéphanie Mathon), Geneviève et Marie-Andrée (Jean-Philippe Gagné), ses arrière-petits-enfants : Tommy, Anna-Mae, Thomas, Jeanne, Wyatt, Arthur, Zara, Lyla, Keyden, Olivia, Jérémy, Ismael et Ibrahin, son frère Roland (Solange Bernier), ses sœurs : Gisèle (Yvon Lirette), Réjeanne et Rosella (Michel Dubois), ses belles-sœurs : Aline et Marcelle, ses neveux, ses nièces, ses cousins, ses cousines et ainsi que nombreux ami(e)s.</p>
<p>Un merci spécial à tous le personnel du Foyer de Havre-Saint-Pierre.</p>
<p>Vos marques de sympathie peuvent se traduire par un don à l’Élyme des sables www.elymedessable.com.</p>
<p>La famille a confié les arrangements funéraires aux services professionnels de la Maison L.J.G. Mallet du 1429, rue du Canot à Havre-Saint-Pierre, maintenant reconnue Distinction et membre de la Corporation des Thanatologues du Québec.</p>
<p>Vous pouvez consulter cet avis de décès sur le <a href="https://nouveau.maisonmallet.com/back05_01/">www.maisonmallet.com</a></p>
<p>Ceux et celles qui le désirent, peuvent y envoyer des messages de sympathie.</p>
<p>&nbsp;</p>
<p>&nbsp;</p>
<hr />
<p>Envoyer vos condoléances</p>
<p>[contact-form to= »marlenepage@hotmail.com » subject= »Condoléances Gilberte Lapierre »][contact-field label= »Votre nom » type= »name » required= »1&Prime;][contact-field label= »Votre courriel » type= »email » required= »1&Prime;][contact-field label= »Condoléances » type= »textarea »][/contact-form]</p>
