{"id":29430,"date":"2022-03-17T16:40:50","date_gmt":"2022-03-17T20:40:50","guid":{"rendered":"https:\/\/nouveau.maisonmallet.com\/?post_type=event&#038;p=29430"},"modified":"2022-03-18T16:47:15","modified_gmt":"2022-03-18T20:47:15","slug":"belanger-therese-gagnon","status":"publish","type":"event","link":"https:\/\/nouveau.maisonmallet.com\/back05_01\/?event=belanger-therese-gagnon","title":{"rendered":"B\u00c9LANGER, Th\u00e9r\u00e8se (Gagnon)"},"content":{"rendered":"<p>1930 &#8211; 2022<\/p>\n<p>B\u00c9LANGER, Th\u00e9r\u00e8se (Gagnon)<\/p>\n<p>&nbsp;<\/p>\n<p>\u00c0 Sept-\u00celes, le 1<sup>er<\/sup> mars 2022, est d\u00e9c\u00e9d\u00e9e \u00e0 l\u2019\u00e2ge de 91 ans, madame Th\u00e9r\u00e8se B\u00e9langer \u00e9pouse de feu Georges Gagnon et domicili\u00e9e \u00e0 Sept-\u00celes.<\/p>\n<p>Les fun\u00e9railles de madame Th\u00e9r\u00e8se B\u00e9langer Gagnon auront lieu le samedi 3 septembre 2022 \u00e0 10 h 30 en l\u2019\u00e9glise de Sayabec.<\/p>\n<p>La famille re\u00e7oit parents et amis le vendredi 2 septembre 2022 de 19 h \u00e0 22 h. Le samedi 3 septembre 2022, jour des fun\u00e9railles, \u00e0 compter de 9 h \u00e0 la Maison comm\u00e9morative familiale Fournier du 1, avenue Marcheterre \u00e0 Sayabec.<\/p>\n<p>Elle laisse dans le deuil sa fille Danielle (feu R\u00e9gis Bolduc), son petit-fils Guillaume, ses arri\u00e8re-petits-enfants\u00a0: Olivier et Marie-Laurence, sa s\u0153ur Fran\u00e7oise B\u00e9langer ainsi que sa belle-s\u0153ur Claudette Gagnon (Carol Marcheterre), ses neveux, ses ni\u00e8ces et de nombreux ami(e)s.<\/p>\n<p>Elle \u00e9tait la grand-m\u00e8re de feu Christian Bolduc.<\/p>\n<p>Vos marques de sympathie peuvent se traduire par un don \u00e0 la soci\u00e9t\u00e9 Alzheimer Cote-Nord <a href=\"http:\/\/www.societealzheimercotenord.com\">www.societealzheimercotenord.com<\/a><\/p>\n<p>La famille a confi\u00e9 les arrangements aux services professionnels de la Maison Mallet &amp; fils du 585 Boul. Laure \u00e0 Sept-\u00celes, maintenant reconnue Distinction et membre de la Corporation des Thanatologues du Qu\u00e9bec.<\/p>\n<p>Vous pouvez consulter cet avis de d\u00e9c\u00e8s sur le <a href=\"https:\/\/nouveau.maisonmallet.com\/back05_01\">www.maisonmallet.com<\/a><\/p>\n<p>Ceux et celles qui le d\u00e9sirent, peuvent y envoyer des messages de sympathies.<\/p>\n<p>&nbsp;<\/p>\n<hr \/>\n<p>Envoyer vos condol\u00e9ances<\/p>\n<p>[contact-form to=\u00a0\u00bbdanielle.gagnon@telus.net\u00a0\u00bb subject=\u00a0\u00bbCondol\u00e9ances Th\u00e9r\u00e8se\u00a0 B\u00e9langer\u00a0\u00bb][contact-field label=\u00a0\u00bbVotre nom\u00a0\u00bb type=\u00a0\u00bbname\u00a0\u00bb required=\u00a0\u00bb1&Prime;][contact-field label=\u00a0\u00bbVotre courriel\u00a0\u00bb type=\u00a0\u00bbemail\u00a0\u00bb required=\u00a0\u00bb1&Prime;][contact-field label=\u00a0\u00bbCondol\u00e9ances\u00a0\u00bb type=\u00a0\u00bbtextarea\u00a0\u00bb][\/contact-form]<\/p>\n","protected":false},"featured_media":29477,"template":"","event_cat":[6],"class_list":["post-29430","event","type-event","status-publish","has-post-thumbnail","hentry","event_cat-maison-mallet-et-fils-inc"],"_links":{"self":[{"href":"https:\/\/nouveau.maisonmallet.com\/back05_01\/index.php?rest_route=\/wp\/v2\/event\/29430","targetHints":{"allow":["GET"]}}],"collection":[{"href":"https:\/\/nouveau.maisonmallet.com\/back05_01\/index.php?rest_route=\/wp\/v2\/event"}],"about":[{"href":"https:\/\/nouveau.maisonmallet.com\/back05_01\/index.php?rest_route=\/wp\/v2\/types\/event"}],"wp:featuredmedia":[{"embeddable":true,"href":"https:\/\/nouveau.maisonmallet.com\/back05_01\/index.php?rest_route=\/wp\/v2\/media\/29477"}],"wp:attachment":[{"href":"https:\/\/nouveau.maisonmallet.com\/back05_01\/index.php?rest_route=%2Fwp%2Fv2%2Fmedia&parent=29430"}],"wp:term":[{"taxonomy":"event_cat","embeddable":true,"href":"https:\/\/nouveau.maisonmallet.com\/back05_01\/index.php?rest_route=%2Fwp%2Fv2%2Fevent_cat&post=29430"}],"curies":[{"name":"wp","href":"https:\/\/api.w.org\/{rel}","templated":true}]}}

BÉLANGER, Thérèse (Gagnon)

<p>1930 &#8211; 2022</p>
<p>BÉLANGER, Thérèse (Gagnon)</p>
<p>&nbsp;</p>
<p>À Sept-Îles, le 1<sup>er</sup> mars 2022, est décédée à l’âge de 91 ans, madame Thérèse Bélanger épouse de feu Georges Gagnon et domiciliée à Sept-Îles.</p>
<p>Les funérailles de madame Thérèse Bélanger Gagnon auront lieu le samedi 3 septembre 2022 à 10 h 30 en l’église de Sayabec.</p>
<p>La famille reçoit parents et amis le vendredi 2 septembre 2022 de 19 h à 22 h. Le samedi 3 septembre 2022, jour des funérailles, à compter de 9 h à la Maison commémorative familiale Fournier du 1, avenue Marcheterre à Sayabec.</p>
<p>Elle laisse dans le deuil sa fille Danielle (feu Régis Bolduc), son petit-fils Guillaume, ses arrière-petits-enfants : Olivier et Marie-Laurence, sa sœur Françoise Bélanger ainsi que sa belle-sœur Claudette Gagnon (Carol Marcheterre), ses neveux, ses nièces et de nombreux ami(e)s.</p>
<p>Elle était la grand-mère de feu Christian Bolduc.</p>
<p>Vos marques de sympathie peuvent se traduire par un don à la société Alzheimer Cote-Nord <a href="http://www.societealzheimercotenord.com">www.societealzheimercotenord.com</a></p>
<p>La famille a confié les arrangements aux services professionnels de la Maison Mallet &amp; fils du 585 Boul. Laure à Sept-Îles, maintenant reconnue Distinction et membre de la Corporation des Thanatologues du Québec.</p>
<p>Vous pouvez consulter cet avis de décès sur le <a href="https://nouveau.maisonmallet.com/back05_01">www.maisonmallet.com</a></p>
<p>Ceux et celles qui le désirent, peuvent y envoyer des messages de sympathies.</p>
<p>&nbsp;</p>
<hr />
<p>Envoyer vos condoléances</p>
<p>[contact-form to= »danielle.gagnon@telus.net » subject= »Condoléances Thérèse  Bélanger »][contact-field label= »Votre nom » type= »name » required= »1&Prime;][contact-field label= »Votre courriel » type= »email » required= »1&Prime;][contact-field label= »Condoléances » type= »textarea »][/contact-form]</p>
