{"id":29478,"date":"2022-03-20T14:53:43","date_gmt":"2022-03-20T18:53:43","guid":{"rendered":"https:\/\/nouveau.maisonmallet.com\/?post_type=event&#038;p=29478"},"modified":"2022-03-21T14:59:46","modified_gmt":"2022-03-21T18:59:46","slug":"bourque-julienne-vigneault","status":"publish","type":"event","link":"https:\/\/nouveau.maisonmallet.com\/back05_01\/?event=bourque-julienne-vigneault","title":{"rendered":"BOURQUE, Julienne (Vigneault)"},"content":{"rendered":"<p>1931 &#8211; 2022<\/p>\n<p>BOURQUE, Julienne (Vigneault)<\/p>\n<p>&nbsp;<\/p>\n<p>\u00c0 Sept-\u00celes (r\u00e9sidence Gustave-Gauvreau), le 18 mars 2022, est d\u00e9c\u00e9d\u00e9e \u00e0 l\u2019\u00e2ge de 90 ans, madame Julienne Bourque \u00e9pouse de feu Antoine Vigneault et domicili\u00e9e \u00e0 Sept-\u00celes.<\/p>\n<p>Les fun\u00e9railles de madame Julienne Bourque Vigneault auront lieu le vendredi 25 mars 2022 \u00e0 10 h 30 en l\u2019\u00e9glise St-C\u0153ur de Marie situ\u00e9e au 175, rue de l\u2019\u00e9glise \u00e0 Clarke-City.<\/p>\n<p>La famille re\u00e7oit parents et amis le jeudi 24 mars 2022 de 13 h \u00e0 16 h et de 19 h \u00e0 22 h. Le vendredi 25 mars 2022 jour des fun\u00e9railles \u00e0 compter de 8 h 30 au Complexe Thanatologique Mallet &amp; fils du 585, boul. Laure \u00e0 Sept-\u00celes.<\/p>\n<p><strong><u>D\u00fb aux circonstances reli\u00e9es \u00e0 la pand\u00e9mie, vous pouvez venir pr\u00e9senter vos condol\u00e9ances en respectant la distanciation physique et le port du masque sera obligatoire.<\/u><\/strong><\/p>\n<p>Elle laisse dans le deuil ses enfants\u00a0: Marie-Anne (Jacques Lachapelle), Roland (Nicole Vigneault) et Diane (Pierre Vigneault), ses petits-enfants, ses arri\u00e8res petits-enfants, sa s\u0153ur Annie (Laurent Deroy), ses fr\u00e8res\u00a0: Hypolite (Monique Imbeault) et Roger (feu Nicole Poulin), sa belle-s\u0153ur C\u00e9cile Vigneault (feu Jacques Savary) ainsi que ses neveux, ses ni\u00e8ces, ses cousins, ses cousines et de nombreux ami(e)s.<\/p>\n<p>Elle \u00e9tait la m\u00e8re de feu Bertrand Vigneault (Lucie Vigneault).<\/p>\n<p>La famille a confi\u00e9 la direction des fun\u00e9railles aux services professionnels de la Maison Mallet &amp; fils du 585 boul. Laure \u00e0 Sept-\u00celes, maintenant reconnue Distinction et membre de la Corporation des Thanatologues du Qu\u00e9bec.<\/p>\n<p>Vous pouvez consulter cet avis de d\u00e9c\u00e8s sur le <a href=\"https:\/\/nouveau.maisonmallet.com\/back05_01\">www.maisonmallet.com<\/a><\/p>\n<p>Ceux et celles qui le d\u00e9sirent peuvent y envoyer des t\u00e9moignages de sympathie.<\/p>\n<p>&nbsp;<\/p>\n<p>&nbsp;<\/p>\n<hr \/>\n<p>Envoyer vos condol\u00e9ances<\/p>\n<p>[contact-form to=\u00a0\u00bbkarine_vigneault@hotmail.com\u00a0\u00bb subject=\u00a0\u00bbCondol\u00e9ances Julienne Bourque\u00a0\u00bb][contact-field label=\u00a0\u00bbVotre nom\u00a0\u00bb type=\u00a0\u00bbname\u00a0\u00bb required=\u00a0\u00bb1&Prime;][contact-field label=\u00a0\u00bbVotre courriel\u00a0\u00bb type=\u00a0\u00bbemail\u00a0\u00bb required=\u00a0\u00bb1&Prime;][contact-field label=\u00a0\u00bbCondol\u00e9ances\u00a0\u00bb type=\u00a0\u00bbtextarea\u00a0\u00bb][\/contact-form]<\/p>\n","protected":false},"featured_media":29540,"template":"","event_cat":[6],"class_list":["post-29478","event","type-event","status-publish","has-post-thumbnail","hentry","event_cat-maison-mallet-et-fils-inc"],"_links":{"self":[{"href":"https:\/\/nouveau.maisonmallet.com\/back05_01\/index.php?rest_route=\/wp\/v2\/event\/29478","targetHints":{"allow":["GET"]}}],"collection":[{"href":"https:\/\/nouveau.maisonmallet.com\/back05_01\/index.php?rest_route=\/wp\/v2\/event"}],"about":[{"href":"https:\/\/nouveau.maisonmallet.com\/back05_01\/index.php?rest_route=\/wp\/v2\/types\/event"}],"wp:featuredmedia":[{"embeddable":true,"href":"https:\/\/nouveau.maisonmallet.com\/back05_01\/index.php?rest_route=\/wp\/v2\/media\/29540"}],"wp:attachment":[{"href":"https:\/\/nouveau.maisonmallet.com\/back05_01\/index.php?rest_route=%2Fwp%2Fv2%2Fmedia&parent=29478"}],"wp:term":[{"taxonomy":"event_cat","embeddable":true,"href":"https:\/\/nouveau.maisonmallet.com\/back05_01\/index.php?rest_route=%2Fwp%2Fv2%2Fevent_cat&post=29478"}],"curies":[{"name":"wp","href":"https:\/\/api.w.org\/{rel}","templated":true}]}}

<p>1931 &#8211; 2022</p>
<p>BOURQUE, Julienne (Vigneault)</p>
<p>&nbsp;</p>
<p>À Sept-Îles (résidence Gustave-Gauvreau), le 18 mars 2022, est décédée à l’âge de 90 ans, madame Julienne Bourque épouse de feu Antoine Vigneault et domiciliée à Sept-Îles.</p>
<p>Les funérailles de madame Julienne Bourque Vigneault auront lieu le vendredi 25 mars 2022 à 10 h 30 en l’église St-Cœur de Marie située au 175, rue de l’église à Clarke-City.</p>
<p>La famille reçoit parents et amis le jeudi 24 mars 2022 de 13 h à 16 h et de 19 h à 22 h. Le vendredi 25 mars 2022 jour des funérailles à compter de 8 h 30 au Complexe Thanatologique Mallet &amp; fils du 585, boul. Laure à Sept-Îles.</p>
<p><strong><u>Dû aux circonstances reliées à la pandémie, vous pouvez venir présenter vos condoléances en respectant la distanciation physique et le port du masque sera obligatoire.</u></strong></p>
<p>Elle laisse dans le deuil ses enfants : Marie-Anne (Jacques Lachapelle), Roland (Nicole Vigneault) et Diane (Pierre Vigneault), ses petits-enfants, ses arrières petits-enfants, sa sœur Annie (Laurent Deroy), ses frères : Hypolite (Monique Imbeault) et Roger (feu Nicole Poulin), sa belle-sœur Cécile Vigneault (feu Jacques Savary) ainsi que ses neveux, ses nièces, ses cousins, ses cousines et de nombreux ami(e)s.</p>
<p>Elle était la mère de feu Bertrand Vigneault (Lucie Vigneault).</p>
<p>La famille a confié la direction des funérailles aux services professionnels de la Maison Mallet &amp; fils du 585 boul. Laure à Sept-Îles, maintenant reconnue Distinction et membre de la Corporation des Thanatologues du Québec.</p>
<p>Vous pouvez consulter cet avis de décès sur le <a href="https://nouveau.maisonmallet.com/back05_01">www.maisonmallet.com</a></p>
<p>Ceux et celles qui le désirent peuvent y envoyer des témoignages de sympathie.</p>
<p>&nbsp;</p>
<p>&nbsp;</p>
<hr />
<p>Envoyer vos condoléances</p>
<p>[contact-form to= »karine_vigneault@hotmail.com » subject= »Condoléances Julienne Bourque »][contact-field label= »Votre nom » type= »name » required= »1&Prime;][contact-field label= »Votre courriel » type= »email » required= »1&Prime;][contact-field label= »Condoléances » type= »textarea »][/contact-form]</p>
