{"id":29689,"date":"2022-03-29T08:00:29","date_gmt":"2022-03-29T12:00:29","guid":{"rendered":"https:\/\/nouveau.maisonmallet.com\/?post_type=event&#038;p=29689"},"modified":"2022-03-30T08:16:49","modified_gmt":"2022-03-30T12:16:49","slug":"ross-yolande-duguay","status":"publish","type":"event","link":"https:\/\/nouveau.maisonmallet.com\/back05_01\/?event=ross-yolande-duguay","title":{"rendered":"ROSS, Yolande (Duguay)"},"content":{"rendered":"<p>1937 &#8211; 2022<\/p>\n<p>ROSS, Yolande (Duguay)<\/p>\n<p>&nbsp;<\/p>\n<p>\u00c0 Sept-\u00celes (r\u00e9sidence Urgel Pelletier), le 28 mars 2022, est d\u00e9c\u00e9d\u00e9e \u00e0 l\u2019\u00e2ge de 85 ans, madame Yolande Ross \u00e9pouse de monsieur Henri Duguay domicili\u00e9e \u00e0 Sept-\u00celes.<\/p>\n<p>Les fun\u00e9railles de madame Yolande Ross Duguay auront lieu le lundi 4 avril 2022 \u00e0 14 h en l\u2019\u00e9glise Marie-Immacul\u00e9e situ\u00e9e au 180, rue Papineau \u00e0 Sept-\u00celes.<\/p>\n<p>La famille re\u00e7oit parents et amis le dimanche 3 avril 2022 de 19 h \u00e0 22h. Le lundi 4 avril 2022 jour des fun\u00e9railles \u00e0 compter de 12 h 30 au Complexe Thanatologique Mallet &amp; fils du 585 Boul. Laure \u00e0 Sept-\u00celes.<\/p>\n<p><strong><u>D\u00fb aux circonstances reli\u00e9es \u00e0 la pand\u00e9mie, vous pouvez venir pr\u00e9senter vos condol\u00e9ances en respectant la distanciation physique et le port du masque sera obligatoire.<\/u><\/strong><\/p>\n<p>Elle laisse dans le deuil outre son \u00e9poux monsieur Henri Duguay, son fils R\u00e9gis, sa fille Nathalie (Alain Blais), son petit-fils Bruno-Pierre (Agathe Maltais Hardy), ses petites-filles\u00a0: Joany (Michael Boivin) et Krystel (Gabriel Mercier), ses arri\u00e8re-petits-fils\u00a0: Louka, Hubert et \u00c9loi, son arri\u00e8re-petite-fille Anna ainsi que ses fr\u00e8res, ses s\u0153urs, ses beaux-fr\u00e8res, ses belles-s\u0153urs, Francine et F\u00e9lix, ses neveux, ses ni\u00e8ces et de nombreux ami(e)s.<\/p>\n<p>Nous tenons \u00e0 remercier le personnel de la r\u00e9sidence Urgel Pelletier pour les soins fournis tout au long de son h\u00e9bergement. Mais sp\u00e9cialement pour le respect et le d\u00e9vouement que vous lui avez transmis. Un MERCI sp\u00e9cial aux infirmi\u00e8res Annick et Nadine pour votre soutien et votre accompagnement lors de cette \u00e9tape douloureuse aupr\u00e8s de notre famille.<\/p>\n<p>Merci au Docteure Laila Popescue pour son support, son accompagnement et sa disponibilit\u00e9 tout au long de sa maladie.<\/p>\n<p>Vos marques de sympathie peuvent se traduire par un don \u00e0 la soci\u00e9t\u00e9 Alzheimer Cote-Nord <a href=\"http:\/\/www.societealzheimercotenord.com\">www.societealzheimercotenord.com<\/a> et ou \u00e0 l\u2019\u00c9lyme des sables <a href=\"http:\/\/www.elymedessables.com\">www.elymedessables.com<\/a><\/p>\n<p>La famille a confi\u00e9 la direction des fun\u00e9railles aux services professionnels de la Maison Mallet &amp; fils du 585 boul. Laure \u00e0 Sept-\u00celes, maintenant reconnue Distinction et membre de la Corporation des Thanatologues du Qu\u00e9bec.<\/p>\n<p>Vous pouvez consulter cet avis de d\u00e9c\u00e8s sur le <a href=\"https:\/\/nouveau.maisonmallet.com\/back05_01\">www.maisonmallet.com<\/a><\/p>\n<p>Ceux et celles qui le d\u00e9sirent, peuvent y envoyer des messages de sympathie.<\/p>\n<p>&nbsp;<\/p>\n<hr \/>\n<p>Envoyer vos condol\u00e9ances<\/p>\n<p>[contact-form to=\u00a0\u00bbnatalyduguay@hotmail.com\u00a0\u00bb subject=\u00a0\u00bbCondol\u00e9ances Yolande Ross\u00a0\u00bb][contact-field label=\u00a0\u00bbVotre nom\u00a0\u00bb type=\u00a0\u00bbname\u00a0\u00bb required=\u00a0\u00bb1&Prime;][contact-field label=\u00a0\u00bbVotre courriel\u00a0\u00bb type=\u00a0\u00bbemail\u00a0\u00bb required=\u00a0\u00bb1&Prime;][contact-field label=\u00a0\u00bbCondol\u00e9ances\u00a0\u00bb type=\u00a0\u00bbtextarea\u00a0\u00bb][\/contact-form]<\/p>\n","protected":false},"featured_media":29715,"template":"","event_cat":[6],"class_list":["post-29689","event","type-event","status-publish","has-post-thumbnail","hentry","event_cat-maison-mallet-et-fils-inc"],"_links":{"self":[{"href":"https:\/\/nouveau.maisonmallet.com\/back05_01\/index.php?rest_route=\/wp\/v2\/event\/29689","targetHints":{"allow":["GET"]}}],"collection":[{"href":"https:\/\/nouveau.maisonmallet.com\/back05_01\/index.php?rest_route=\/wp\/v2\/event"}],"about":[{"href":"https:\/\/nouveau.maisonmallet.com\/back05_01\/index.php?rest_route=\/wp\/v2\/types\/event"}],"wp:featuredmedia":[{"embeddable":true,"href":"https:\/\/nouveau.maisonmallet.com\/back05_01\/index.php?rest_route=\/wp\/v2\/media\/29715"}],"wp:attachment":[{"href":"https:\/\/nouveau.maisonmallet.com\/back05_01\/index.php?rest_route=%2Fwp%2Fv2%2Fmedia&parent=29689"}],"wp:term":[{"taxonomy":"event_cat","embeddable":true,"href":"https:\/\/nouveau.maisonmallet.com\/back05_01\/index.php?rest_route=%2Fwp%2Fv2%2Fevent_cat&post=29689"}],"curies":[{"name":"wp","href":"https:\/\/api.w.org\/{rel}","templated":true}]}}

<p>1937 &#8211; 2022</p>
<p>ROSS, Yolande (Duguay)</p>
<p>&nbsp;</p>
<p>À Sept-Îles (résidence Urgel Pelletier), le 28 mars 2022, est décédée à l’âge de 85 ans, madame Yolande Ross épouse de monsieur Henri Duguay domiciliée à Sept-Îles.</p>
<p>Les funérailles de madame Yolande Ross Duguay auront lieu le lundi 4 avril 2022 à 14 h en l’église Marie-Immaculée située au 180, rue Papineau à Sept-Îles.</p>
<p>La famille reçoit parents et amis le dimanche 3 avril 2022 de 19 h à 22h. Le lundi 4 avril 2022 jour des funérailles à compter de 12 h 30 au Complexe Thanatologique Mallet &amp; fils du 585 Boul. Laure à Sept-Îles.</p>
<p><strong><u>Dû aux circonstances reliées à la pandémie, vous pouvez venir présenter vos condoléances en respectant la distanciation physique et le port du masque sera obligatoire.</u></strong></p>
<p>Elle laisse dans le deuil outre son époux monsieur Henri Duguay, son fils Régis, sa fille Nathalie (Alain Blais), son petit-fils Bruno-Pierre (Agathe Maltais Hardy), ses petites-filles : Joany (Michael Boivin) et Krystel (Gabriel Mercier), ses arrière-petits-fils : Louka, Hubert et Éloi, son arrière-petite-fille Anna ainsi que ses frères, ses sœurs, ses beaux-frères, ses belles-sœurs, Francine et Félix, ses neveux, ses nièces et de nombreux ami(e)s.</p>
<p>Nous tenons à remercier le personnel de la résidence Urgel Pelletier pour les soins fournis tout au long de son hébergement. Mais spécialement pour le respect et le dévouement que vous lui avez transmis. Un MERCI spécial aux infirmières Annick et Nadine pour votre soutien et votre accompagnement lors de cette étape douloureuse auprès de notre famille.</p>
<p>Merci au Docteure Laila Popescue pour son support, son accompagnement et sa disponibilité tout au long de sa maladie.</p>
<p>Vos marques de sympathie peuvent se traduire par un don à la société Alzheimer Cote-Nord <a href="http://www.societealzheimercotenord.com">www.societealzheimercotenord.com</a> et ou à l’Élyme des sables <a href="http://www.elymedessables.com">www.elymedessables.com</a></p>
<p>La famille a confié la direction des funérailles aux services professionnels de la Maison Mallet &amp; fils du 585 boul. Laure à Sept-Îles, maintenant reconnue Distinction et membre de la Corporation des Thanatologues du Québec.</p>
<p>Vous pouvez consulter cet avis de décès sur le <a href="https://nouveau.maisonmallet.com/back05_01">www.maisonmallet.com</a></p>
<p>Ceux et celles qui le désirent, peuvent y envoyer des messages de sympathie.</p>
<p>&nbsp;</p>
<hr />
<p>Envoyer vos condoléances</p>
<p>[contact-form to= »natalyduguay@hotmail.com » subject= »Condoléances Yolande Ross »][contact-field label= »Votre nom » type= »name » required= »1&Prime;][contact-field label= »Votre courriel » type= »email » required= »1&Prime;][contact-field label= »Condoléances » type= »textarea »][/contact-form]</p>
