{"id":2985,"date":"2019-05-20T08:32:47","date_gmt":"2019-05-20T12:32:47","guid":{"rendered":"https:\/\/nouveau.maisonmallet.com\/?post_type=event&#038;p=2985"},"modified":"2019-05-22T09:54:05","modified_gmt":"2019-05-22T13:54:05","slug":"cody-angeline-07031937","status":"publish","type":"event","link":"https:\/\/nouveau.maisonmallet.com\/back05_01\/?event=cody-angeline-07031937","title":{"rendered":"CODY, Ang\u00e9line (Bouchard)"},"content":{"rendered":"<p>1937-2019<\/p>\n<p>CODY, Ang\u00e9line (Bouchard)<\/p>\n<p>&nbsp;<\/p>\n<p>\u00c0 Sept-\u00celes (maison \u00c9lyme des sables), le 20 mai 2019, est d\u00e9c\u00e9d\u00e9e \u00e0 l\u2019\u00e2ge de 82 ans, madame Ang\u00e9line Cody \u00e9pouse de monsieur Lionel Bouchard et domicili\u00e9e \u00e0 Sept-\u00celes.<\/p>\n<p>La c\u00e9r\u00e9monie comm\u00e9morative de madame Ang\u00e9line Cody Bouchard aura lieu le jeudi 23 mai 2019 \u00e0 15 h 30 \u00e0 la chapelle du Complexe Thanatologique Mallet &amp; fils du 585, Boul. Laure \u00e0 Sept-\u00celes.<\/p>\n<p>Selon ses volont\u00e9s, elle a \u00e9t\u00e9 confi\u00e9e au cr\u00e9matorium de la Maison Mallet &amp; fils pour cr\u00e9mation.<\/p>\n<p>La famille re\u00e7oit parents et amis le jeudi 23 mai 2019 jour de la c\u00e9r\u00e9monie de 13 h \u00e0 16 h au Complexe Thanatologique Mallet &amp; fils du 585 boul. Laure \u00e0 Sept-\u00celes et de l\u00e0 au columbarium du Cimeti\u00e8re Catholique de Sept-\u00celes.<\/p>\n<p>Elle laisse dans le deuil outre son \u00e9poux monsieur Lionel Bouchard, ses filles\u00a0: Florence (Gerry Thomas), Suzie (Dan McDuff) et Line (Marco Laforge), ses petites-filles\u00a0: Caroline (Gilles Beaulieu) et Marie-Kristine (Joanie Perron), ses petits-fils\u00a0: Jonny (M\u00e9lissa St-Laurent), Yanik (Ariane M\u00e9tivier), Simon (Roxanne Boudreau) et Derik, cinq arri\u00e8re-petits-enfants ainsi que ses fr\u00e8res\u00a0: Jean-No\u00ebl et Ir\u00e8n\u00e9, ses beaux-fr\u00e8res, ses belles-s\u0153urs, ses neveux, ses ni\u00e8ces, ses cousins, ses cousines et de nombreux ami(e)s.<\/p>\n<p>Vos marques de sympathie peuvent se traduire par un don \u00e0 l\u2019\u00c9lyme des sables <a href=\"http:\/\/www.elymedessables.com\/\">www.elymedessables.com<\/a><\/p>\n<p>Nous remercions le personnel soignant de l\u2019h\u00f4pital de Sept-\u00celes ainsi que les m\u00e9decins internistes. Merci aussi au personnel soignant de l\u2019\u00c9lyme des sables et \u00e0 son m\u00e9decin Dre Annie Lebel.<\/p>\n<p>La famille a confi\u00e9 les arrangements aux services professionnels de la Maison Mallet et Fils du 585 Boul. Laure \u00e0 Sept-\u00celes, maintenant reconnue Distinction et membre de la Corporation des Thanatologues du Qu\u00e9bec.<\/p>\n<p>Vous pouvez consulter cet avis de d\u00e9c\u00e8s sur le\u00a0: <a href=\"https:\/\/nouveau.maisonmallet.com\/back05_01\/\">www.maisonmallet.com<\/a><\/p>\n<p>Ceux et celles qui le d\u00e9sirent, peuvent y envoyer des messages de sympathie.<\/p>\n<p>&nbsp;<\/p>\n<hr \/>\n<p>Envoyer vos condol\u00e9ances<\/p>\n<p>[contact-form to=\u00a0\u00bbbouchardflo@hotmail.com\u00a0\u00bb subject=\u00a0\u00bbCondol\u00e9ances Angeline Cody\u00a0\u00bb][contact-field label=\u00a0\u00bbVotre nom\u00a0\u00bb type=\u00a0\u00bbname\u00a0\u00bb required=\u00a0\u00bb1&Prime;][contact-field label=\u00a0\u00bbVotre courriel\u00a0\u00bb type=\u00a0\u00bbemail\u00a0\u00bb required=\u00a0\u00bb1&Prime;][contact-field label=\u00a0\u00bbCondol\u00e9ances\u00a0\u00bb type=\u00a0\u00bbtextarea\u00a0\u00bb][\/contact-form]<\/p>\n","protected":false},"featured_media":2987,"template":"","event_cat":[6],"class_list":["post-2985","event","type-event","status-publish","has-post-thumbnail","hentry","event_cat-maison-mallet-et-fils-inc"],"_links":{"self":[{"href":"https:\/\/nouveau.maisonmallet.com\/back05_01\/index.php?rest_route=\/wp\/v2\/event\/2985","targetHints":{"allow":["GET"]}}],"collection":[{"href":"https:\/\/nouveau.maisonmallet.com\/back05_01\/index.php?rest_route=\/wp\/v2\/event"}],"about":[{"href":"https:\/\/nouveau.maisonmallet.com\/back05_01\/index.php?rest_route=\/wp\/v2\/types\/event"}],"wp:featuredmedia":[{"embeddable":true,"href":"https:\/\/nouveau.maisonmallet.com\/back05_01\/index.php?rest_route=\/wp\/v2\/media\/2987"}],"wp:attachment":[{"href":"https:\/\/nouveau.maisonmallet.com\/back05_01\/index.php?rest_route=%2Fwp%2Fv2%2Fmedia&parent=2985"}],"wp:term":[{"taxonomy":"event_cat","embeddable":true,"href":"https:\/\/nouveau.maisonmallet.com\/back05_01\/index.php?rest_route=%2Fwp%2Fv2%2Fevent_cat&post=2985"}],"curies":[{"name":"wp","href":"https:\/\/api.w.org\/{rel}","templated":true}]}}

CODY, Angéline (Bouchard)

<p>1937-2019</p>
<p>CODY, Angéline (Bouchard)</p>
<p>&nbsp;</p>
<p>À Sept-Îles (maison Élyme des sables), le 20 mai 2019, est décédée à l’âge de 82 ans, madame Angéline Cody épouse de monsieur Lionel Bouchard et domiciliée à Sept-Îles.</p>
<p>La cérémonie commémorative de madame Angéline Cody Bouchard aura lieu le jeudi 23 mai 2019 à 15 h 30 à la chapelle du Complexe Thanatologique Mallet &amp; fils du 585, Boul. Laure à Sept-Îles.</p>
<p>Selon ses volontés, elle a été confiée au crématorium de la Maison Mallet &amp; fils pour crémation.</p>
<p>La famille reçoit parents et amis le jeudi 23 mai 2019 jour de la cérémonie de 13 h à 16 h au Complexe Thanatologique Mallet &amp; fils du 585 boul. Laure à Sept-Îles et de là au columbarium du Cimetière Catholique de Sept-Îles.</p>
<p>Elle laisse dans le deuil outre son époux monsieur Lionel Bouchard, ses filles : Florence (Gerry Thomas), Suzie (Dan McDuff) et Line (Marco Laforge), ses petites-filles : Caroline (Gilles Beaulieu) et Marie-Kristine (Joanie Perron), ses petits-fils : Jonny (Mélissa St-Laurent), Yanik (Ariane Métivier), Simon (Roxanne Boudreau) et Derik, cinq arrière-petits-enfants ainsi que ses frères : Jean-Noël et Irèné, ses beaux-frères, ses belles-sœurs, ses neveux, ses nièces, ses cousins, ses cousines et de nombreux ami(e)s.</p>
<p>Vos marques de sympathie peuvent se traduire par un don à l’Élyme des sables <a href="http://www.elymedessables.com/">www.elymedessables.com</a></p>
<p>Nous remercions le personnel soignant de l’hôpital de Sept-Îles ainsi que les médecins internistes. Merci aussi au personnel soignant de l’Élyme des sables et à son médecin Dre Annie Lebel.</p>
<p>La famille a confié les arrangements aux services professionnels de la Maison Mallet et Fils du 585 Boul. Laure à Sept-Îles, maintenant reconnue Distinction et membre de la Corporation des Thanatologues du Québec.</p>
<p>Vous pouvez consulter cet avis de décès sur le : <a href="https://nouveau.maisonmallet.com/back05_01/">www.maisonmallet.com</a></p>
<p>Ceux et celles qui le désirent, peuvent y envoyer des messages de sympathie.</p>
<p>&nbsp;</p>
<hr />
<p>Envoyer vos condoléances</p>
<p>[contact-form to= »bouchardflo@hotmail.com » subject= »Condoléances Angeline Cody »][contact-field label= »Votre nom » type= »name » required= »1&Prime;][contact-field label= »Votre courriel » type= »email » required= »1&Prime;][contact-field label= »Condoléances » type= »textarea »][/contact-form]</p>
