{"id":30043,"date":"2022-04-07T10:17:36","date_gmt":"2022-04-07T14:17:36","guid":{"rendered":"https:\/\/nouveau.maisonmallet.com\/?post_type=event&#038;p=30043"},"modified":"2022-04-08T10:23:08","modified_gmt":"2022-04-08T14:23:08","slug":"lebrun-rose-aimee-cody","status":"publish","type":"event","link":"https:\/\/nouveau.maisonmallet.com\/back05_01\/?event=lebrun-rose-aimee-cody","title":{"rendered":"LEBRUN, Rose-Aim\u00e9e (Cody)"},"content":{"rendered":"<p>1942 \u2013 2022<\/p>\n<p>LEBRUN, Rose-Aim\u00e9e (Cody)<\/p>\n<p>&nbsp;<\/p>\n<p>&nbsp;<\/p>\n<p>\u00c0 Sept-\u00celes (r\u00e9sidence Urgel Pelletier), le 27 mars 2022, est d\u00e9c\u00e9d\u00e9e \u00e0 l\u2019\u00e2ge de 79 ans 10 mois madame Rose-Aim\u00e9e Lebrun \u00e9pouse de feu Raymond Cody et domicili\u00e9e \u00e0 Sept-\u00celes autrefois de Rivi\u00e8re-au-Tonnerre.<\/p>\n<p>Les fun\u00e9railles de madame Rose-Aim\u00e9e Lebrun Cody auront lieu le samedi 28 mai 2022 \u00e0 10 h 30 en l\u2019\u00c9glise Saint-Hippolyte de Rivi\u00e8re-au-Tonnerre et de l\u00e0 au cimeti\u00e8re de l\u2019endroit.<\/p>\n<p>Selon ses volont\u00e9s, elle a \u00e9t\u00e9 confi\u00e9e au cr\u00e9matorium de la Maison L.J.G. Mallet pour cr\u00e9mation.<\/p>\n<p>La famille re\u00e7oit parents et amis le vendredi 27 mai 2022 de 19 h \u00e0 22 h. Le samedi 28 mai 2022 jour des fun\u00e9railles \u00e0 compter de 9 h \u00e0 l\u2019\u00c9glise Saint-Hippolyte de Rivi\u00e8re-au-Tonnerre.<\/p>\n<p><strong>D\u00fb aux circonstances reli\u00e9es \u00e0 la pand\u00e9mie, vous pouvez venir pr\u00e9senter vos condol\u00e9ances en respectant la distanciation physique et le port du masque sera obligatoire.<\/strong><\/p>\n<p>Elle laisse dans le deuil son fils Rock (Brigitte Poirier), sa fille Julie (Gilles Lebrun), ses petits-enfants\u00a0:Fanny, Genevi\u00e8ve (Maxime Bernier), Joanie (C\u00e9dric Belliveau), \u00c9milie (Jean-Philippe Lavall\u00e9e) et Simon (\u00c8ve-Marie Claveau), ses arri\u00e8re-petits-fils\u00a0: Zack et L\u00e9o ainsi que ses fr\u00e8res\u00a0: Jean-Guy (Diane No\u00ebl) et Georges (Suzette Bergeron), sa s\u0153ur Francine (Gilles Lebrasseur), ses beaux-fr\u00e8res, ses belles-s\u0153urs, ses neveux, ses ni\u00e8ces, ses cousins, ses cousines et ainsi que nombreux ami(e)s.<\/p>\n<p>Vos marques de sympathie peuvent se traduire par un don \u00e0 la soci\u00e9t\u00e9 Alzheimer Cote-Nord <a href=\"http:\/\/www.societealzheimercotenord.com\">www.societealzheimercotenord.com<\/a><\/p>\n<p>La famille a confi\u00e9 la direction des fun\u00e9railles aux services professionnels de la Maison L.J.G. Mallet du 1429, rue du Canot \u00e0 Havre-Saint-Pierre, maintenant reconnue Distinction et membre de la Corporation des Thanatologues du Qu\u00e9bec.<\/p>\n<p>Vous pouvez consulter cet avis de d\u00e9c\u00e8s sur le\u00a0<a href=\"https:\/\/nouveau.maisonmallet.com\/back05_01\/\">www.maisonmallet.com<\/a><\/p>\n<p>Ceux et celles qui le d\u00e9sirent, peuvent y envoyer des messages de sympathie.<\/p>\n<p>&nbsp;<\/p>\n<hr \/>\n<p>Envoyer vos condol\u00e9ances<\/p>\n<p>[contact-form to=\u00a0\u00bbjuliecody@hotmail.fr\u00a0\u00bb subject=\u00a0\u00bbCondol\u00e9ances Rose-Aim\u00e9e Lebrun\u00a0\u00bb][contact-field label=\u00a0\u00bbVotre nom\u00a0\u00bb type=\u00a0\u00bbname\u00a0\u00bb required=\u00a0\u00bb1&Prime;][contact-field label=\u00a0\u00bbVotre courriel\u00a0\u00bb type=\u00a0\u00bbemail\u00a0\u00bb required=\u00a0\u00bb1&Prime;][contact-field label=\u00a0\u00bbCondol\u00e9ances\u00a0\u00bb type=\u00a0\u00bbtextarea\u00a0\u00bb][\/contact-form]<\/p>\n","protected":false},"featured_media":30069,"template":"","event_cat":[7],"class_list":["post-30043","event","type-event","status-publish","has-post-thumbnail","hentry","event_cat-maison-l-j-g-mallet-inc"],"_links":{"self":[{"href":"https:\/\/nouveau.maisonmallet.com\/back05_01\/index.php?rest_route=\/wp\/v2\/event\/30043","targetHints":{"allow":["GET"]}}],"collection":[{"href":"https:\/\/nouveau.maisonmallet.com\/back05_01\/index.php?rest_route=\/wp\/v2\/event"}],"about":[{"href":"https:\/\/nouveau.maisonmallet.com\/back05_01\/index.php?rest_route=\/wp\/v2\/types\/event"}],"wp:featuredmedia":[{"embeddable":true,"href":"https:\/\/nouveau.maisonmallet.com\/back05_01\/index.php?rest_route=\/wp\/v2\/media\/30069"}],"wp:attachment":[{"href":"https:\/\/nouveau.maisonmallet.com\/back05_01\/index.php?rest_route=%2Fwp%2Fv2%2Fmedia&parent=30043"}],"wp:term":[{"taxonomy":"event_cat","embeddable":true,"href":"https:\/\/nouveau.maisonmallet.com\/back05_01\/index.php?rest_route=%2Fwp%2Fv2%2Fevent_cat&post=30043"}],"curies":[{"name":"wp","href":"https:\/\/api.w.org\/{rel}","templated":true}]}}

LEBRUN, Rose-Aimée (Cody)

<p>1942 – 2022</p>
<p>LEBRUN, Rose-Aimée (Cody)</p>
<p>&nbsp;</p>
<p>&nbsp;</p>
<p>À Sept-Îles (résidence Urgel Pelletier), le 27 mars 2022, est décédée à l’âge de 79 ans 10 mois madame Rose-Aimée Lebrun épouse de feu Raymond Cody et domiciliée à Sept-Îles autrefois de Rivière-au-Tonnerre.</p>
<p>Les funérailles de madame Rose-Aimée Lebrun Cody auront lieu le samedi 28 mai 2022 à 10 h 30 en l’Église Saint-Hippolyte de Rivière-au-Tonnerre et de là au cimetière de l’endroit.</p>
<p>Selon ses volontés, elle a été confiée au crématorium de la Maison L.J.G. Mallet pour crémation.</p>
<p>La famille reçoit parents et amis le vendredi 27 mai 2022 de 19 h à 22 h. Le samedi 28 mai 2022 jour des funérailles à compter de 9 h à l’Église Saint-Hippolyte de Rivière-au-Tonnerre.</p>
<p><strong>Dû aux circonstances reliées à la pandémie, vous pouvez venir présenter vos condoléances en respectant la distanciation physique et le port du masque sera obligatoire.</strong></p>
<p>Elle laisse dans le deuil son fils Rock (Brigitte Poirier), sa fille Julie (Gilles Lebrun), ses petits-enfants :Fanny, Geneviève (Maxime Bernier), Joanie (Cédric Belliveau), Émilie (Jean-Philippe Lavallée) et Simon (Ève-Marie Claveau), ses arrière-petits-fils : Zack et Léo ainsi que ses frères : Jean-Guy (Diane Noël) et Georges (Suzette Bergeron), sa sœur Francine (Gilles Lebrasseur), ses beaux-frères, ses belles-sœurs, ses neveux, ses nièces, ses cousins, ses cousines et ainsi que nombreux ami(e)s.</p>
<p>Vos marques de sympathie peuvent se traduire par un don à la société Alzheimer Cote-Nord <a href="http://www.societealzheimercotenord.com">www.societealzheimercotenord.com</a></p>
<p>La famille a confié la direction des funérailles aux services professionnels de la Maison L.J.G. Mallet du 1429, rue du Canot à Havre-Saint-Pierre, maintenant reconnue Distinction et membre de la Corporation des Thanatologues du Québec.</p>
<p>Vous pouvez consulter cet avis de décès sur le <a href="https://nouveau.maisonmallet.com/back05_01/">www.maisonmallet.com</a></p>
<p>Ceux et celles qui le désirent, peuvent y envoyer des messages de sympathie.</p>
<p>&nbsp;</p>
<hr />
<p>Envoyer vos condoléances</p>
<p>[contact-form to= »juliecody@hotmail.fr » subject= »Condoléances Rose-Aimée Lebrun »][contact-field label= »Votre nom » type= »name » required= »1&Prime;][contact-field label= »Votre courriel » type= »email » required= »1&Prime;][contact-field label= »Condoléances » type= »textarea »][/contact-form]</p>
