{"id":30067,"date":"2022-04-08T17:10:20","date_gmt":"2022-04-08T21:10:20","guid":{"rendered":"https:\/\/nouveau.maisonmallet.com\/?post_type=event&#038;p=30067"},"modified":"2022-04-09T17:20:45","modified_gmt":"2022-04-09T21:20:45","slug":"hamilton-sylvain","status":"publish","type":"event","link":"https:\/\/nouveau.maisonmallet.com\/back05_01\/?event=hamilton-sylvain","title":{"rendered":"HAMILTON, Sylvain"},"content":{"rendered":"<p>1960 \u2013 2022<\/p>\n<p>HAMILTON, Sylvain<\/p>\n<p>&nbsp;<\/p>\n<p>\u00c0 Sept-\u00celes (maison \u00c9lyme des sables), le 9 avril 2022, est d\u00e9c\u00e9d\u00e9 \u00e0 l\u2019\u00e2ge de 61 ans, monsieur Sylvain Hamilton conjoint de madame Danielle McDonald et domicili\u00e9 \u00e0 Sept-\u00celes.<\/p>\n<p>La c\u00e9r\u00e9monie comm\u00e9morative de monsieur Sylvain Hamilton aura lieu le vendredi 15 avril 2022 \u00e0 14 h \u00e0 la chapelle du Complexe Thanatologique Mallet &amp; fils du 585, Boul. Laure \u00e0 Sept-\u00celes.<\/p>\n<p>La famille re\u00e7oit parents et amis le jeudi 14 avril 2022 de 13 h \u00e0 16 h et de 19 h \u00e0 22 h. Le vendredi 15 avril 2022 jour de la c\u00e9r\u00e9monie \u00e0 compter de 12 h 30 au Complexe Thanatologique Mallet &amp; fils du 585 Boul. Laure \u00e0 Sept-\u00celes.<\/p>\n<p><strong><u>D\u00fb aux circonstances reli\u00e9es \u00e0 la pand\u00e9mie, vous pouvez venir pr\u00e9senter vos condol\u00e9ances en respectant la distanciation physique et le port du masque sera obligatoire.<\/u><\/strong><\/p>\n<p>Il laisse dans le deuil outre sa conjointe madame Danielle McDonald, sa fille Cynthia, sa belle-fille Am\u00e9lie (Micha\u00ebl St-Laurent), son beau-fils Jean-Fran\u00e7ois (Sarah-Lee Scherrer), ses petits-enfants\u00a0: Alexis, Rapha\u00ebl, Lohann et Mah\u00e9e ainsi que sa m\u00e8re madame No\u00eblla Hamilton (feu Omer Goupil), sa s\u0153ur Marie-Marthe, ses fr\u00e8res\u00a0: Serge, Yves, Maxime, Andr\u00e9 et Daniel, son beau-p\u00e8re monsieur Bernard McDonald, sa belle-m\u00e8re madame Adeline Simard, sa belle-s\u0153ur Ren\u00e9 (Kenny Whittom), son beau-fr\u00e8re Yves (Nancy Pratte), ses neveux, ses ni\u00e8ces, ses cousins, ses cousines et de nombreux ami(e)s.<\/p>\n<p>Il \u00e9tait le fr\u00e8re de feu Ga\u00e9tan.<\/p>\n<p>Vos marques de sympathie peuvent se traduire par un don \u00e0 l\u2019\u00c9lyme des Sables <a href=\"http:\/\/www.elymedessables.com\">www.elymedessables.com<\/a><\/p>\n<p>La famille a confi\u00e9 les arrangements aux services professionnels de la Maison Mallet &amp; fils du 585 Boul. Laure \u00e0 Sept-\u00celes, maintenant reconnue Distinction et membre de la Corporation des Thanatologues du Qu\u00e9bec.<\/p>\n<p>Vous pouvez consulter cet avis de d\u00e9c\u00e8s sur le\u00a0: <a href=\"https:\/\/nouveau.maisonmallet.com\/back05_01\">www.maisonmallet.com<\/a><\/p>\n<p>Ceux et celles qui le d\u00e9sirent, peuvent y envoyer des messages de sympathie.<\/p>\n<hr \/>\n<p>Envoyer vos condol\u00e9ances<\/p>\n<p>[contact-form to=\u00a0\u00bbminicynthia28@hotmail.com\u00a0\u00bb subject=\u00a0\u00bbCondol\u00e9ances Sylvain Hamilton\u00a0\u00bb][contact-field label=\u00a0\u00bbVotre nom\u00a0\u00bb type=\u00a0\u00bbname\u00a0\u00bb required=\u00a0\u00bb1&Prime;][contact-field label=\u00a0\u00bbVotre courriel\u00a0\u00bb type=\u00a0\u00bbemail\u00a0\u00bb required=\u00a0\u00bb1&Prime;][contact-field label=\u00a0\u00bbCondol\u00e9ances\u00a0\u00bb type=\u00a0\u00bbtextarea\u00a0\u00bb][\/contact-form]<\/p>\n","protected":false},"featured_media":30118,"template":"","event_cat":[6],"class_list":["post-30067","event","type-event","status-publish","has-post-thumbnail","hentry","event_cat-maison-mallet-et-fils-inc"],"_links":{"self":[{"href":"https:\/\/nouveau.maisonmallet.com\/back05_01\/index.php?rest_route=\/wp\/v2\/event\/30067","targetHints":{"allow":["GET"]}}],"collection":[{"href":"https:\/\/nouveau.maisonmallet.com\/back05_01\/index.php?rest_route=\/wp\/v2\/event"}],"about":[{"href":"https:\/\/nouveau.maisonmallet.com\/back05_01\/index.php?rest_route=\/wp\/v2\/types\/event"}],"wp:featuredmedia":[{"embeddable":true,"href":"https:\/\/nouveau.maisonmallet.com\/back05_01\/index.php?rest_route=\/wp\/v2\/media\/30118"}],"wp:attachment":[{"href":"https:\/\/nouveau.maisonmallet.com\/back05_01\/index.php?rest_route=%2Fwp%2Fv2%2Fmedia&parent=30067"}],"wp:term":[{"taxonomy":"event_cat","embeddable":true,"href":"https:\/\/nouveau.maisonmallet.com\/back05_01\/index.php?rest_route=%2Fwp%2Fv2%2Fevent_cat&post=30067"}],"curies":[{"name":"wp","href":"https:\/\/api.w.org\/{rel}","templated":true}]}}

<p>1960 – 2022</p>
<p>HAMILTON, Sylvain</p>
<p>&nbsp;</p>
<p>À Sept-Îles (maison Élyme des sables), le 9 avril 2022, est décédé à l’âge de 61 ans, monsieur Sylvain Hamilton conjoint de madame Danielle McDonald et domicilié à Sept-Îles.</p>
<p>La cérémonie commémorative de monsieur Sylvain Hamilton aura lieu le vendredi 15 avril 2022 à 14 h à la chapelle du Complexe Thanatologique Mallet &amp; fils du 585, Boul. Laure à Sept-Îles.</p>
<p>La famille reçoit parents et amis le jeudi 14 avril 2022 de 13 h à 16 h et de 19 h à 22 h. Le vendredi 15 avril 2022 jour de la cérémonie à compter de 12 h 30 au Complexe Thanatologique Mallet &amp; fils du 585 Boul. Laure à Sept-Îles.</p>
<p><strong><u>Dû aux circonstances reliées à la pandémie, vous pouvez venir présenter vos condoléances en respectant la distanciation physique et le port du masque sera obligatoire.</u></strong></p>
<p>Il laisse dans le deuil outre sa conjointe madame Danielle McDonald, sa fille Cynthia, sa belle-fille Amélie (Michaël St-Laurent), son beau-fils Jean-François (Sarah-Lee Scherrer), ses petits-enfants : Alexis, Raphaël, Lohann et Mahée ainsi que sa mère madame Noëlla Hamilton (feu Omer Goupil), sa sœur Marie-Marthe, ses frères : Serge, Yves, Maxime, André et Daniel, son beau-père monsieur Bernard McDonald, sa belle-mère madame Adeline Simard, sa belle-sœur René (Kenny Whittom), son beau-frère Yves (Nancy Pratte), ses neveux, ses nièces, ses cousins, ses cousines et de nombreux ami(e)s.</p>
<p>Il était le frère de feu Gaétan.</p>
<p>Vos marques de sympathie peuvent se traduire par un don à l’Élyme des Sables <a href="http://www.elymedessables.com">www.elymedessables.com</a></p>
<p>La famille a confié les arrangements aux services professionnels de la Maison Mallet &amp; fils du 585 Boul. Laure à Sept-Îles, maintenant reconnue Distinction et membre de la Corporation des Thanatologues du Québec.</p>
<p>Vous pouvez consulter cet avis de décès sur le : <a href="https://nouveau.maisonmallet.com/back05_01">www.maisonmallet.com</a></p>
<p>Ceux et celles qui le désirent, peuvent y envoyer des messages de sympathie.</p>
<hr />
<p>Envoyer vos condoléances</p>
<p>[contact-form to= »minicynthia28@hotmail.com » subject= »Condoléances Sylvain Hamilton »][contact-field label= »Votre nom » type= »name » required= »1&Prime;][contact-field label= »Votre courriel » type= »email » required= »1&Prime;][contact-field label= »Condoléances » type= »textarea »][/contact-form]</p>
