{"id":30240,"date":"2022-04-19T10:47:42","date_gmt":"2022-04-19T14:47:42","guid":{"rendered":"https:\/\/nouveau.maisonmallet.com\/?post_type=event&#038;p=30240"},"modified":"2022-04-20T11:06:04","modified_gmt":"2022-04-20T15:06:04","slug":"beaudin-leontine","status":"publish","type":"event","link":"https:\/\/nouveau.maisonmallet.com\/back05_01\/?event=beaudin-leontine","title":{"rendered":"BEAUDIN, L\u00e9ontine"},"content":{"rendered":"<p>1927 \u2013 2022<\/p>\n<p>BEAUDIN, L\u00e9ontine<\/p>\n<p>&nbsp;<\/p>\n<p>\u00c0 Havre-Saint-Pierre, le 4 avril 2022, est d\u00e9c\u00e9d\u00e9e \u00e0 l\u2019\u00e2ge de 94 ans 11 mois, madame L\u00e9ontine Beaudin \u00e9pouse de feu Robert Beaudin et domicili\u00e9e \u00e0 Havre Saint-Pierre autrefois de Rivi\u00e8re Saint-Jean.<\/p>\n<p>Les fun\u00e9railles de madame L\u00e9ontine Beaudin auront lieu le samedi 23 avril 2022 \u00e0 14 h en l\u2019\u00e9glise Saint-Jean-Ap\u00f4tre de Rivi\u00e8re Saint-Jean.<\/p>\n<p>Selon ses volont\u00e9s, elle a \u00e9t\u00e9 confi\u00e9e au cr\u00e9matorium de la Maison L.J.G. Mallet pour cr\u00e9mation.<\/p>\n<p>La famille re\u00e7oit parents et amis le samedi 23 avril 2022 jour des fun\u00e9railles \u00e0 compter de 13 h \u00e0 \u00a0l\u2019\u00e9glise Saint-Jean-Ap\u00f4tre de Rivi\u00e8re Saint-Jean.<\/p>\n<p><strong><u>D\u00fb aux circonstances reli\u00e9es \u00e0 la pand\u00e9mie, vous pouvez venir pr\u00e9senter vos condol\u00e9ances en respectant la distanciation sociale et le port du masque sera obligatoire.<\/u><\/strong><\/p>\n<p>Elle laisse dans le deuil ses filles\u00a0: Ludivine (Hugues Gamache), Ir\u00e8ne (Yoland Beaudin) et Yvette, ses fils\u00a0: Rosaire (Lise Boulanger), Gabriel, Dany, Jean-Robert et Fernand, ses petits-enfants, ses arri\u00e8re-petits-enfants, son arri\u00e8re-arri\u00e8re-petit-fils ainsi que ses s\u0153urs\u00a0: Annette et G\u00e9raldine (G\u00e9rard Beaudin), ses beaux-fr\u00e8res, ses belles-s\u0153urs, ses neveux, ses ni\u00e8ces et de nombreux ami(e)s.<\/p>\n<p>La famille a confi\u00e9 la direction des fun\u00e9railles aux services professionnels de la Maison L.J.G. Mallet du 1429, rue du Canot \u00e0 Havre-Saint-Pierre, maintenant reconnue Distinction et membre de la Corporation des Thanatologues du Qu\u00e9bec.<\/p>\n<p>Vous pouvez consulter cet avis de d\u00e9c\u00e8s sur le <a href=\"https:\/\/nouveau.maisonmallet.com\/back05_01\">www.maisonmallet.com<\/a><\/p>\n<p>Ceux et celles qui le d\u00e9sirent, peuvent y envoyer des messages de sympathie.<\/p>\n<p>&nbsp;<\/p>\n<hr \/>\n<p>Envoyer vos condol\u00e9ances<\/p>\n<p>[contact-form to=\u00a0\u00bbnanouxb@hotmail.com\u00a0\u00bb subject=\u00a0\u00bbCondol\u00e9ances L\u00e9ontine Beaudin\u00a0\u00bb][contact-field label=\u00a0\u00bbVotre nom\u00a0\u00bb type=\u00a0\u00bbname\u00a0\u00bb required=\u00a0\u00bb1&Prime;][contact-field label=\u00a0\u00bbVotre courriel\u00a0\u00bb type=\u00a0\u00bbemail\u00a0\u00bb required=\u00a0\u00bb1&Prime;][contact-field label=\u00a0\u00bbCondol\u00e9ances\u00a0\u00bb type=\u00a0\u00bbtextarea\u00a0\u00bb][\/contact-form]<\/p>\n","protected":false},"featured_media":30305,"template":"","event_cat":[7],"class_list":["post-30240","event","type-event","status-publish","has-post-thumbnail","hentry","event_cat-maison-l-j-g-mallet-inc"],"_links":{"self":[{"href":"https:\/\/nouveau.maisonmallet.com\/back05_01\/index.php?rest_route=\/wp\/v2\/event\/30240","targetHints":{"allow":["GET"]}}],"collection":[{"href":"https:\/\/nouveau.maisonmallet.com\/back05_01\/index.php?rest_route=\/wp\/v2\/event"}],"about":[{"href":"https:\/\/nouveau.maisonmallet.com\/back05_01\/index.php?rest_route=\/wp\/v2\/types\/event"}],"wp:featuredmedia":[{"embeddable":true,"href":"https:\/\/nouveau.maisonmallet.com\/back05_01\/index.php?rest_route=\/wp\/v2\/media\/30305"}],"wp:attachment":[{"href":"https:\/\/nouveau.maisonmallet.com\/back05_01\/index.php?rest_route=%2Fwp%2Fv2%2Fmedia&parent=30240"}],"wp:term":[{"taxonomy":"event_cat","embeddable":true,"href":"https:\/\/nouveau.maisonmallet.com\/back05_01\/index.php?rest_route=%2Fwp%2Fv2%2Fevent_cat&post=30240"}],"curies":[{"name":"wp","href":"https:\/\/api.w.org\/{rel}","templated":true}]}}

BEAUDIN, Léontine

<p>1927 – 2022</p>
<p>BEAUDIN, Léontine</p>
<p>&nbsp;</p>
<p>À Havre-Saint-Pierre, le 4 avril 2022, est décédée à l’âge de 94 ans 11 mois, madame Léontine Beaudin épouse de feu Robert Beaudin et domiciliée à Havre Saint-Pierre autrefois de Rivière Saint-Jean.</p>
<p>Les funérailles de madame Léontine Beaudin auront lieu le samedi 23 avril 2022 à 14 h en l’église Saint-Jean-Apôtre de Rivière Saint-Jean.</p>
<p>Selon ses volontés, elle a été confiée au crématorium de la Maison L.J.G. Mallet pour crémation.</p>
<p>La famille reçoit parents et amis le samedi 23 avril 2022 jour des funérailles à compter de 13 h à  l’église Saint-Jean-Apôtre de Rivière Saint-Jean.</p>
<p><strong><u>Dû aux circonstances reliées à la pandémie, vous pouvez venir présenter vos condoléances en respectant la distanciation sociale et le port du masque sera obligatoire.</u></strong></p>
<p>Elle laisse dans le deuil ses filles : Ludivine (Hugues Gamache), Irène (Yoland Beaudin) et Yvette, ses fils : Rosaire (Lise Boulanger), Gabriel, Dany, Jean-Robert et Fernand, ses petits-enfants, ses arrière-petits-enfants, son arrière-arrière-petit-fils ainsi que ses sœurs : Annette et Géraldine (Gérard Beaudin), ses beaux-frères, ses belles-sœurs, ses neveux, ses nièces et de nombreux ami(e)s.</p>
<p>La famille a confié la direction des funérailles aux services professionnels de la Maison L.J.G. Mallet du 1429, rue du Canot à Havre-Saint-Pierre, maintenant reconnue Distinction et membre de la Corporation des Thanatologues du Québec.</p>
<p>Vous pouvez consulter cet avis de décès sur le <a href="https://nouveau.maisonmallet.com/back05_01">www.maisonmallet.com</a></p>
<p>Ceux et celles qui le désirent, peuvent y envoyer des messages de sympathie.</p>
<p>&nbsp;</p>
<hr />
<p>Envoyer vos condoléances</p>
<p>[contact-form to= »nanouxb@hotmail.com » subject= »Condoléances Léontine Beaudin »][contact-field label= »Votre nom » type= »name » required= »1&Prime;][contact-field label= »Votre courriel » type= »email » required= »1&Prime;][contact-field label= »Condoléances » type= »textarea »][/contact-form]</p>
