{"id":30354,"date":"2022-04-21T14:33:30","date_gmt":"2022-04-21T18:33:30","guid":{"rendered":"https:\/\/nouveau.maisonmallet.com\/?post_type=event&#038;p=30354"},"modified":"2022-04-22T14:40:23","modified_gmt":"2022-04-22T18:40:23","slug":"gobeil-robert","status":"publish","type":"event","link":"https:\/\/nouveau.maisonmallet.com\/back05_01\/?event=gobeil-robert","title":{"rendered":"GOBEIL, Robert"},"content":{"rendered":"<p>1951 \u2013 2022<\/p>\n<p>GOBEIL, Robert<\/p>\n<p>&nbsp;<\/p>\n<p>\u00c0 Shawinigan, le 18 mars 2022, est d\u00e9c\u00e9d\u00e9 \u00e0 l\u2019\u00e2ge de 71 ans, monsieur Robert Gobeil \u00e9poux de madame Lucille Landry et domicili\u00e9 \u00e0 Havre-Saint-Pierre.<\/p>\n<p>La c\u00e9r\u00e9monie comm\u00e9morative de monsieur Robert Gobeil aura lieu le dimanche 29 mai 2022 \u00e0 15 h au salon de la Maison L.J.G. Mallet du 1429, rue du Canot \u00e0 Havre-Saint-Pierre.<\/p>\n<p>Selon ses volont\u00e9s, Il a \u00e9t\u00e9 confi\u00e9 au cr\u00e9matorium de la Maison L.J.G. Mallet pour cr\u00e9mation.<\/p>\n<p>La famille re\u00e7oit parents et amis le dimanche 29 mai 2022 de 13 h \u00e0 16 h au salon de la Maison L.J.G. Mallet du 1429, rue du Canot \u00e0 Havre-Saint-Pierre.<\/p>\n<p><strong>D\u00fb aux circonstances reli\u00e9es \u00e0 la pand\u00e9mie, vous pouvez venir pr\u00e9senter vos condol\u00e9ances en respectant la distanciation sociale et le port du masque sera obligatoire.<\/strong><\/p>\n<p>Il laisse dans le deuil outre son \u00e9pouse madame Lucille Landry, son fils Simon (Marie-Pier Thibault), ses filles\u00a0: Myl\u00e8ne et St\u00e9phanie, ses petits-fils\u00a0: Laurent et Jayson, sa petite-fille Karly ainsi que son fr\u00e8re Jean-Baptiste (Colette Bouliane), ses beaux-fr\u00e8res, ses belles-s\u0153urs, ses neveux, ses ni\u00e8ces, ses cousins, ses cousines et de nombreux ami(e)s.<\/p>\n<p>Il \u00e9tait le fr\u00e8re de feu Claude, feu Bernard et feu Nicole.<\/p>\n<p>Vos marques de sympathie peuvent se traduire par un don \u00e0 la fondation des maladies du c\u0153ur<\/p>\n<p>La famille a confi\u00e9 les arrangements aux services professionnels de la Maison L.J.G. Mallet du 1429, rue du Canot \u00e0 Havre-Saint-Pierre, maintenant reconnue Distinction et membre de la Corporation des Thanatologues du Qu\u00e9bec.<\/p>\n<p>Vous pouvez consulter cet avis de d\u00e9c\u00e8s sur le <a href=\"https:\/\/nouveau.maisonmallet.com\/back05_01\">www.maisonmallet.com<\/a><\/p>\n<p>Ceux et celles qui le d\u00e9sirent, peuvent y envoyer des messages de sympathie.<\/p>\n<p>&nbsp;<\/p>\n<hr \/>\n<p>Envoyer vos condol\u00e9ances<\/p>\n<p>[contact-form to=\u00a0\u00bbstephanie.gobeil@hotmail.com\u00a0\u00bb subject=\u00a0\u00bbCondol\u00e9ances Robert Gobeil\u00a0\u00bb][contact-field label=\u00a0\u00bbVotre nom\u00a0\u00bb type=\u00a0\u00bbname\u00a0\u00bb required=\u00a0\u00bb1&Prime;][contact-field label=\u00a0\u00bbVotre courriel\u00a0\u00bb type=\u00a0\u00bbemail\u00a0\u00bb required=\u00a0\u00bb1&Prime;][contact-field label=\u00a0\u00bbCondol\u00e9ances\u00a0\u00bb type=\u00a0\u00bbtextarea\u00a0\u00bb][\/contact-form]<\/p>\n","protected":false},"featured_media":30406,"template":"","event_cat":[7],"class_list":["post-30354","event","type-event","status-publish","has-post-thumbnail","hentry","event_cat-maison-l-j-g-mallet-inc"],"_links":{"self":[{"href":"https:\/\/nouveau.maisonmallet.com\/back05_01\/index.php?rest_route=\/wp\/v2\/event\/30354","targetHints":{"allow":["GET"]}}],"collection":[{"href":"https:\/\/nouveau.maisonmallet.com\/back05_01\/index.php?rest_route=\/wp\/v2\/event"}],"about":[{"href":"https:\/\/nouveau.maisonmallet.com\/back05_01\/index.php?rest_route=\/wp\/v2\/types\/event"}],"wp:featuredmedia":[{"embeddable":true,"href":"https:\/\/nouveau.maisonmallet.com\/back05_01\/index.php?rest_route=\/wp\/v2\/media\/30406"}],"wp:attachment":[{"href":"https:\/\/nouveau.maisonmallet.com\/back05_01\/index.php?rest_route=%2Fwp%2Fv2%2Fmedia&parent=30354"}],"wp:term":[{"taxonomy":"event_cat","embeddable":true,"href":"https:\/\/nouveau.maisonmallet.com\/back05_01\/index.php?rest_route=%2Fwp%2Fv2%2Fevent_cat&post=30354"}],"curies":[{"name":"wp","href":"https:\/\/api.w.org\/{rel}","templated":true}]}}

<p>1951 – 2022</p>
<p>GOBEIL, Robert</p>
<p>&nbsp;</p>
<p>À Shawinigan, le 18 mars 2022, est décédé à l’âge de 71 ans, monsieur Robert Gobeil époux de madame Lucille Landry et domicilié à Havre-Saint-Pierre.</p>
<p>La cérémonie commémorative de monsieur Robert Gobeil aura lieu le dimanche 29 mai 2022 à 15 h au salon de la Maison L.J.G. Mallet du 1429, rue du Canot à Havre-Saint-Pierre.</p>
<p>Selon ses volontés, Il a été confié au crématorium de la Maison L.J.G. Mallet pour crémation.</p>
<p>La famille reçoit parents et amis le dimanche 29 mai 2022 de 13 h à 16 h au salon de la Maison L.J.G. Mallet du 1429, rue du Canot à Havre-Saint-Pierre.</p>
<p><strong>Dû aux circonstances reliées à la pandémie, vous pouvez venir présenter vos condoléances en respectant la distanciation sociale et le port du masque sera obligatoire.</strong></p>
<p>Il laisse dans le deuil outre son épouse madame Lucille Landry, son fils Simon (Marie-Pier Thibault), ses filles : Mylène et Stéphanie, ses petits-fils : Laurent et Jayson, sa petite-fille Karly ainsi que son frère Jean-Baptiste (Colette Bouliane), ses beaux-frères, ses belles-sœurs, ses neveux, ses nièces, ses cousins, ses cousines et de nombreux ami(e)s.</p>
<p>Il était le frère de feu Claude, feu Bernard et feu Nicole.</p>
<p>Vos marques de sympathie peuvent se traduire par un don à la fondation des maladies du cœur</p>
<p>La famille a confié les arrangements aux services professionnels de la Maison L.J.G. Mallet du 1429, rue du Canot à Havre-Saint-Pierre, maintenant reconnue Distinction et membre de la Corporation des Thanatologues du Québec.</p>
<p>Vous pouvez consulter cet avis de décès sur le <a href="https://nouveau.maisonmallet.com/back05_01">www.maisonmallet.com</a></p>
<p>Ceux et celles qui le désirent, peuvent y envoyer des messages de sympathie.</p>
<p>&nbsp;</p>
<hr />
<p>Envoyer vos condoléances</p>
<p>[contact-form to= »stephanie.gobeil@hotmail.com » subject= »Condoléances Robert Gobeil »][contact-field label= »Votre nom » type= »name » required= »1&Prime;][contact-field label= »Votre courriel » type= »email » required= »1&Prime;][contact-field label= »Condoléances » type= »textarea »][/contact-form]</p>
