{"id":30476,"date":"2022-04-26T20:42:14","date_gmt":"2022-04-27T00:42:14","guid":{"rendered":"https:\/\/nouveau.maisonmallet.com\/?post_type=event&#038;p=30476"},"modified":"2022-04-27T20:53:57","modified_gmt":"2022-04-28T00:53:57","slug":"vezina-jonathan","status":"publish","type":"event","link":"https:\/\/nouveau.maisonmallet.com\/back05_01\/?event=vezina-jonathan","title":{"rendered":"V\u00c9ZINA, Jonathan"},"content":{"rendered":"<p>1979 \u2013 2022<\/p>\n<p>V\u00c9ZINA, Jonathan<\/p>\n<p>&nbsp;<\/p>\n<p>\u00c0 l&rsquo;H\u00f4tel-Dieu de L\u00e9vis, le 15 avril 2022, \u00e0 l&rsquo;\u00e2ge de 43 ans, est d\u00e9c\u00e9d\u00e9 Jonathan V\u00e9zina, fils de Cl\u00e9ment V\u00e9zina et de Diane V\u00e9zina Canuel.<\/p>\n<p>Il demeurait \u00e0 L\u00e9vis, secteur Saint-Jean-Chrysostome et autrefois \u00e0 Sept-\u00celes.<\/p>\n<p>Outre ses parents, il laisse dans le deuil sa s\u0153ur Marie-Jos\u00e9e V\u00e9zina (J\u00e9r\u00e9mie B\u00e9rub\u00e9), ses neveux, Jayson, Maxim, Alexi, Jordan; ainsi que ses oncles, tantes, cousins, cousines et ami(e)s.<\/p>\n<p>Un grand merci \u00e0 tout le personnel soignant et les m\u00e9decins des soins intensifs de l&rsquo;H\u00f4tel-Dieu de L\u00e9vis.<\/p>\n<p>Vos t\u00e9moignages de sympathie peuvent se traduire par un don \u00e0 <a href=\"https:\/\/www.diabete.qc.ca\/fr\/\">Diab\u00e8te Qu\u00e9bec<\/a>\u00a0ou \u00e0 la <a href=\"https:\/\/rein.ca\/\">Fondation canadienne du rein<\/a>.<\/p>\n<p>Il a \u00e9t\u00e9 confi\u00e9 au <strong>Groupe Garneau Thanatologue<\/strong><br \/>\n418-839-8823<br \/>\nwww.groupegarneau.com<\/p>\n<p>Membre de la Corporation des thanatologues du Qu\u00e9bec<\/p>\n<p>Ceux et celles qui le d\u00e9sirent, peuvent y envoyer des messages de sympathie.<\/p>\n<p>&nbsp;<\/p>\n<hr \/>\n<p>Envoyer vos condol\u00e9ances<\/p>\n<p>[contact-form to=\u00a0\u00bbclementvezina5@gmail.com\u00a0\u00bb subject=\u00a0\u00bbCondol\u00e9ances Jonathan V\u00e9zina \u00ab\u00a0][contact-field label=\u00a0\u00bbVotre nom\u00a0\u00bb type=\u00a0\u00bbname\u00a0\u00bb required=\u00a0\u00bb1&Prime;][contact-field label=\u00a0\u00bbVotre courriel\u00a0\u00bb type=\u00a0\u00bbemail\u00a0\u00bb required=\u00a0\u00bb1&Prime;][contact-field label=\u00a0\u00bbCondol\u00e9ances\u00a0\u00bb type=\u00a0\u00bbtextarea\u00a0\u00bb][\/contact-form]<\/p>\n","protected":false},"featured_media":30517,"template":"","event_cat":[6],"class_list":["post-30476","event","type-event","status-publish","has-post-thumbnail","hentry","event_cat-maison-mallet-et-fils-inc"],"_links":{"self":[{"href":"https:\/\/nouveau.maisonmallet.com\/back05_01\/index.php?rest_route=\/wp\/v2\/event\/30476","targetHints":{"allow":["GET"]}}],"collection":[{"href":"https:\/\/nouveau.maisonmallet.com\/back05_01\/index.php?rest_route=\/wp\/v2\/event"}],"about":[{"href":"https:\/\/nouveau.maisonmallet.com\/back05_01\/index.php?rest_route=\/wp\/v2\/types\/event"}],"wp:featuredmedia":[{"embeddable":true,"href":"https:\/\/nouveau.maisonmallet.com\/back05_01\/index.php?rest_route=\/wp\/v2\/media\/30517"}],"wp:attachment":[{"href":"https:\/\/nouveau.maisonmallet.com\/back05_01\/index.php?rest_route=%2Fwp%2Fv2%2Fmedia&parent=30476"}],"wp:term":[{"taxonomy":"event_cat","embeddable":true,"href":"https:\/\/nouveau.maisonmallet.com\/back05_01\/index.php?rest_route=%2Fwp%2Fv2%2Fevent_cat&post=30476"}],"curies":[{"name":"wp","href":"https:\/\/api.w.org\/{rel}","templated":true}]}}

VÉZINA, Jonathan

<p>1979 – 2022</p>
<p>VÉZINA, Jonathan</p>
<p>&nbsp;</p>
<p>À l&rsquo;Hôtel-Dieu de Lévis, le 15 avril 2022, à l&rsquo;âge de 43 ans, est décédé Jonathan Vézina, fils de Clément Vézina et de Diane Vézina Canuel.</p>
<p>Il demeurait à Lévis, secteur Saint-Jean-Chrysostome et autrefois à Sept-Îles.</p>
<p>Outre ses parents, il laisse dans le deuil sa sœur Marie-Josée Vézina (Jérémie Bérubé), ses neveux, Jayson, Maxim, Alexi, Jordan; ainsi que ses oncles, tantes, cousins, cousines et ami(e)s.</p>
<p>Un grand merci à tout le personnel soignant et les médecins des soins intensifs de l&rsquo;Hôtel-Dieu de Lévis.</p>
<p>Vos témoignages de sympathie peuvent se traduire par un don à <a href="https://www.diabete.qc.ca/fr/">Diabète Québec</a> ou à la <a href="https://rein.ca/">Fondation canadienne du rein</a>.</p>
<p>Il a été confié au <strong>Groupe Garneau Thanatologue</strong><br />
418-839-8823<br />
www.groupegarneau.com</p>
<p>Membre de la Corporation des thanatologues du Québec</p>
<p>Ceux et celles qui le désirent, peuvent y envoyer des messages de sympathie.</p>
<p>&nbsp;</p>
<hr />
<p>Envoyer vos condoléances</p>
<p>[contact-form to= »clementvezina5@gmail.com » subject= »Condoléances Jonathan Vézina « ][contact-field label= »Votre nom » type= »name » required= »1&Prime;][contact-field label= »Votre courriel » type= »email » required= »1&Prime;][contact-field label= »Condoléances » type= »textarea »][/contact-form]</p>
