{"id":3048,"date":"2019-05-22T09:29:01","date_gmt":"2019-05-22T13:29:01","guid":{"rendered":"https:\/\/nouveau.maisonmallet.com\/?post_type=event&#038;p=3048"},"modified":"2019-05-25T09:36:29","modified_gmt":"2019-05-25T13:36:29","slug":"kennedy-alfreda13071933","status":"publish","type":"event","link":"https:\/\/nouveau.maisonmallet.com\/back05_01\/?event=kennedy-alfreda13071933","title":{"rendered":"KENNEDY, Alfreda (Bursey)"},"content":{"rendered":"<p>1933-2019<\/p>\n<p>KENNEDY, Alfreda (Bursey)<\/p>\n<p>&nbsp;<\/p>\n<p>\u00c0 Sept-\u00celes (maison \u00c9lyme des sables), le 22 mai 2019, est d\u00e9c\u00e9d\u00e9e \u00e0 l\u2019\u00e2ge de 85 ans, madame Alfreda Kennedy \u00e9pouse de feu Allan Bursey et domicili\u00e9e \u00e0 Saint-Augustin.<\/p>\n<p>Les fun\u00e9railles de madame Alfreda Kennedy Bursey auront lieu le jeudi 30 mai 2019 \u00e0 14 h 30 en l\u2019\u00c9glise de Saint-Augustin.<\/p>\n<p>Selon ses volont\u00e9s, elle a \u00e9t\u00e9 confi\u00e9e au cr\u00e9matorium de la Maison Mallet &amp; fils pour cr\u00e9mation.<\/p>\n<p>La famille re\u00e7oit parents et amis le jeudi 30 mai 2019 jour des fun\u00e9railles compter de 13 h \u00e0 l\u2019\u00e9glise de Saint-Augustin.<\/p>\n<p>Elle laisse dans le deuil ses fils\u00a0: Wayne (Michelle Diamond), Hal et Neil (Linda Levesque), son petit-fils Cole (Danielle Ryan), ses petites-filles\u00a0: Kim (Jonathan M\u00e9tivier) et Jessy (Dave Yockell), ses arri\u00e8re-petits-fils\u00a0: Jaxon et L\u00e9vik ainsi que ses fr\u00e8res, ses s\u0153urs, ses beaux-fr\u00e8res, ses belles-s\u0153urs, ses neveux, ses ni\u00e8ces, ses cousins, ses cousines et de nombreux ami(e)s.<\/p>\n<p>Vos marques de sympathie peuvent se traduire par un don \u00e0 l\u2019\u00c9lyme des sables <a href=\"http:\/\/www.elymedessables.com\/\">www.elymedessables.com<\/a><\/p>\n<p>La famille a confi\u00e9 les arrangements aux services professionnels de la Maison Mallet et Fils du 585 Boul. Laure \u00e0 Sept-\u00celes, maintenant reconnue Distinction et membre de la Corporation des Thanatologues du Qu\u00e9bec.<\/p>\n<p>Vous pouvez consulter cet avis de d\u00e9c\u00e8s sur le\u00a0: <a href=\"https:\/\/nouveau.maisonmallet.com\/back05_01\/\">www.maisonmallet.com<\/a><\/p>\n<p>Ceux et celles qui le d\u00e9sirent, peuvent y envoyer des messages de sympathie.<\/p>\n<p>&nbsp;<\/p>\n<hr \/>\n<p>Envoyer vos condol\u00e9ances<\/p>\n<p>[contact-form to=\u00a0\u00bbnbursey@globetrotter.net\u00a0\u00bb subject=\u00a0\u00bbCondol\u00e9ances Alfreda Kennedy\u00a0\u00bb][contact-field label=\u00a0\u00bbVotre nom\u00a0\u00bb type=\u00a0\u00bbname\u00a0\u00bb required=\u00a0\u00bb1&Prime;][contact-field label=\u00a0\u00bbVotre courriel\u00a0\u00bb type=\u00a0\u00bbemail\u00a0\u00bb required=\u00a0\u00bb1&Prime;][contact-field label=\u00a0\u00bbCondol\u00e9ances\u00a0\u00bb type=\u00a0\u00bbtextarea\u00a0\u00bb][\/contact-form]<\/p>\n","protected":false},"featured_media":0,"template":"","event_cat":[6],"class_list":["post-3048","event","type-event","status-publish","hentry","event_cat-maison-mallet-et-fils-inc"],"_links":{"self":[{"href":"https:\/\/nouveau.maisonmallet.com\/back05_01\/index.php?rest_route=\/wp\/v2\/event\/3048","targetHints":{"allow":["GET"]}}],"collection":[{"href":"https:\/\/nouveau.maisonmallet.com\/back05_01\/index.php?rest_route=\/wp\/v2\/event"}],"about":[{"href":"https:\/\/nouveau.maisonmallet.com\/back05_01\/index.php?rest_route=\/wp\/v2\/types\/event"}],"wp:attachment":[{"href":"https:\/\/nouveau.maisonmallet.com\/back05_01\/index.php?rest_route=%2Fwp%2Fv2%2Fmedia&parent=3048"}],"wp:term":[{"taxonomy":"event_cat","embeddable":true,"href":"https:\/\/nouveau.maisonmallet.com\/back05_01\/index.php?rest_route=%2Fwp%2Fv2%2Fevent_cat&post=3048"}],"curies":[{"name":"wp","href":"https:\/\/api.w.org\/{rel}","templated":true}]}}

<p>1933-2019</p>
<p>KENNEDY, Alfreda (Bursey)</p>
<p>&nbsp;</p>
<p>À Sept-Îles (maison Élyme des sables), le 22 mai 2019, est décédée à l’âge de 85 ans, madame Alfreda Kennedy épouse de feu Allan Bursey et domiciliée à Saint-Augustin.</p>
<p>Les funérailles de madame Alfreda Kennedy Bursey auront lieu le jeudi 30 mai 2019 à 14 h 30 en l’Église de Saint-Augustin.</p>
<p>Selon ses volontés, elle a été confiée au crématorium de la Maison Mallet &amp; fils pour crémation.</p>
<p>La famille reçoit parents et amis le jeudi 30 mai 2019 jour des funérailles compter de 13 h à l’église de Saint-Augustin.</p>
<p>Elle laisse dans le deuil ses fils : Wayne (Michelle Diamond), Hal et Neil (Linda Levesque), son petit-fils Cole (Danielle Ryan), ses petites-filles : Kim (Jonathan Métivier) et Jessy (Dave Yockell), ses arrière-petits-fils : Jaxon et Lévik ainsi que ses frères, ses sœurs, ses beaux-frères, ses belles-sœurs, ses neveux, ses nièces, ses cousins, ses cousines et de nombreux ami(e)s.</p>
<p>Vos marques de sympathie peuvent se traduire par un don à l’Élyme des sables <a href="http://www.elymedessables.com/">www.elymedessables.com</a></p>
<p>La famille a confié les arrangements aux services professionnels de la Maison Mallet et Fils du 585 Boul. Laure à Sept-Îles, maintenant reconnue Distinction et membre de la Corporation des Thanatologues du Québec.</p>
<p>Vous pouvez consulter cet avis de décès sur le : <a href="https://nouveau.maisonmallet.com/back05_01/">www.maisonmallet.com</a></p>
<p>Ceux et celles qui le désirent, peuvent y envoyer des messages de sympathie.</p>
<p>&nbsp;</p>
<hr />
<p>Envoyer vos condoléances</p>
<p>[contact-form to= »nbursey@globetrotter.net » subject= »Condoléances Alfreda Kennedy »][contact-field label= »Votre nom » type= »name » required= »1&Prime;][contact-field label= »Votre courriel » type= »email » required= »1&Prime;][contact-field label= »Condoléances » type= »textarea »][/contact-form]</p>
