{"id":30646,"date":"2022-05-15T09:52:32","date_gmt":"2022-05-15T13:52:32","guid":{"rendered":"https:\/\/nouveau.maisonmallet.com\/?post_type=event&#038;p=30646"},"modified":"2022-05-16T16:23:46","modified_gmt":"2022-05-16T20:23:46","slug":"bourque-arlette-bourque","status":"publish","type":"event","link":"https:\/\/nouveau.maisonmallet.com\/back05_01\/?event=bourque-arlette-bourque","title":{"rendered":"BOURQUE, Arlette (Bourque)"},"content":{"rendered":"<p>1953 &#8211; 2022<\/p>\n<p>BOURQUE, Arlette (Bourque)<\/p>\n<p>&nbsp;<\/p>\n<p>\u00c0 Port-Cartier, le 4 mai 2022, est d\u00e9c\u00e9d\u00e9e \u00e0 l\u2019\u00e2ge de 68 ans, madame Arlette Bourque \u00e9pouse de monsieur Jean Bourque et domicili\u00e9e \u00e0 Port-Cartier.<\/p>\n<p>Les fun\u00e9railles de madame Arlette Bourque auront lieu le samedi 18 juin 2022 \u00e0 10 h 30 en l\u2019\u00e9glise Saint-Luc situ\u00e9e au 1, 10i\u00e8me rue \u00e0 Forestville.<\/p>\n<p>Selon ses volont\u00e9s, elle a \u00e9t\u00e9 confi\u00e9e au cr\u00e9matorium de la Maison Mallet &amp; fils pour cr\u00e9mation.<\/p>\n<p>La famille re\u00e7oit parents et amis le samedi 18 juin 2022 jour des fun\u00e9railles \u00e0 compter de 8 h 30 \u00e0 la Coop\u00e9rative Fun\u00e9raire Haute-C\u00f4te-Nord-Manicouagan du 180, route 138 \u00e0 Forestville.<\/p>\n<p>Elle laisse dans le deuil outre son \u00e9poux monsieur Jean Bourque, ses fils\u00a0: Jean-Fran\u00e7ois (Sophie Dub\u00e9) et Michel (Marie-Christine Turcotte), ses petits-enfants\u00a0ador\u00e9s : Victoria, Alexis et \u00c9mile, ses s\u0153urs\u00a0: Micheline (Jean-Yves Fournier) et Carolle (Denis Moreau), ses beaux-fr\u00e8res et ses belles-s\u0153urs\u00a0: Bernard (Brigitte Michaud), Charles, Marie, Pauline (Antonin Munger) et Nicole (feu Denis Bourque) ainsi que ses neveux, ses ni\u00e8ces, ses cousins, ses cousines et de nombreux ami(e)s.<\/p>\n<p>La famille tient \u00e0 remercier le personnel soignant du centre de sant\u00e9 de Port-Cartier, le Dre Christine Bois, l\u2019\u00e9quipe d\u2019oncologie de l\u2019h\u00f4pital de Sept-\u00celes ainsi que le Dre Nad\u00e8ge Perrin pour leur gentillesse et leurs excellents soins.<\/p>\n<p>Vos marques de sympathie peuvent se traduire par un don \u00e0 la Soci\u00e9t\u00e9 Canadienne du cancer <a href=\"http:\/\/www.cancer.ca\">www.cancer.ca<\/a><\/p>\n<p>La famille a confi\u00e9 les arrangements aux services professionnels de la maison Mallet &amp; fils du 57, route 138, \u00e0 Port-Cartier, maintenant reconnue Distinction et membre de la Corporation des Thanatologues du Qu\u00e9bec.<\/p>\n<p>Vous pouvez consulter cet avis de d\u00e9c\u00e8s, sur le <a href=\"https:\/\/nouveau.maisonmallet.com\/back05_01\">www.maisonmallet.com<\/a><\/p>\n<p>Ceux et celles qui le d\u00e9sirent, peuvent y envoyer des messages de sympathie.<\/p>\n<p>&nbsp;<\/p>\n<hr \/>\n<p>Envoyer vos condol\u00e9ances<\/p>\n<p>[contact-form to=\u00a0\u00bbbourquejean3@gmail.com\u00a0\u00bb subject=\u00a0\u00bbCondol\u00e9ances Arlette Bourque\u00a0\u00bb][contact-field label=\u00a0\u00bbVotre nom\u00a0\u00bb type=\u00a0\u00bbname\u00a0\u00bb required=\u00a0\u00bb1&Prime;][contact-field label=\u00a0\u00bbVotre courriel\u00a0\u00bb type=\u00a0\u00bbemail\u00a0\u00bb required=\u00a0\u00bb1&Prime;][contact-field label=\u00a0\u00bbCondol\u00e9ances\u00a0\u00bb type=\u00a0\u00bbtextarea\u00a0\u00bb][\/contact-form]<\/p>\n","protected":false},"featured_media":30662,"template":"","event_cat":[6],"class_list":["post-30646","event","type-event","status-publish","has-post-thumbnail","hentry","event_cat-maison-mallet-et-fils-inc"],"_links":{"self":[{"href":"https:\/\/nouveau.maisonmallet.com\/back05_01\/index.php?rest_route=\/wp\/v2\/event\/30646","targetHints":{"allow":["GET"]}}],"collection":[{"href":"https:\/\/nouveau.maisonmallet.com\/back05_01\/index.php?rest_route=\/wp\/v2\/event"}],"about":[{"href":"https:\/\/nouveau.maisonmallet.com\/back05_01\/index.php?rest_route=\/wp\/v2\/types\/event"}],"wp:featuredmedia":[{"embeddable":true,"href":"https:\/\/nouveau.maisonmallet.com\/back05_01\/index.php?rest_route=\/wp\/v2\/media\/30662"}],"wp:attachment":[{"href":"https:\/\/nouveau.maisonmallet.com\/back05_01\/index.php?rest_route=%2Fwp%2Fv2%2Fmedia&parent=30646"}],"wp:term":[{"taxonomy":"event_cat","embeddable":true,"href":"https:\/\/nouveau.maisonmallet.com\/back05_01\/index.php?rest_route=%2Fwp%2Fv2%2Fevent_cat&post=30646"}],"curies":[{"name":"wp","href":"https:\/\/api.w.org\/{rel}","templated":true}]}}

<p>1953 &#8211; 2022</p>
<p>BOURQUE, Arlette (Bourque)</p>
<p>&nbsp;</p>
<p>À Port-Cartier, le 4 mai 2022, est décédée à l’âge de 68 ans, madame Arlette Bourque épouse de monsieur Jean Bourque et domiciliée à Port-Cartier.</p>
<p>Les funérailles de madame Arlette Bourque auront lieu le samedi 18 juin 2022 à 10 h 30 en l’église Saint-Luc située au 1, 10ième rue à Forestville.</p>
<p>Selon ses volontés, elle a été confiée au crématorium de la Maison Mallet &amp; fils pour crémation.</p>
<p>La famille reçoit parents et amis le samedi 18 juin 2022 jour des funérailles à compter de 8 h 30 à la Coopérative Funéraire Haute-Côte-Nord-Manicouagan du 180, route 138 à Forestville.</p>
<p>Elle laisse dans le deuil outre son époux monsieur Jean Bourque, ses fils : Jean-François (Sophie Dubé) et Michel (Marie-Christine Turcotte), ses petits-enfants adorés : Victoria, Alexis et Émile, ses sœurs : Micheline (Jean-Yves Fournier) et Carolle (Denis Moreau), ses beaux-frères et ses belles-sœurs : Bernard (Brigitte Michaud), Charles, Marie, Pauline (Antonin Munger) et Nicole (feu Denis Bourque) ainsi que ses neveux, ses nièces, ses cousins, ses cousines et de nombreux ami(e)s.</p>
<p>La famille tient à remercier le personnel soignant du centre de santé de Port-Cartier, le Dre Christine Bois, l’équipe d’oncologie de l’hôpital de Sept-Îles ainsi que le Dre Nadège Perrin pour leur gentillesse et leurs excellents soins.</p>
<p>Vos marques de sympathie peuvent se traduire par un don à la Société Canadienne du cancer <a href="http://www.cancer.ca">www.cancer.ca</a></p>
<p>La famille a confié les arrangements aux services professionnels de la maison Mallet &amp; fils du 57, route 138, à Port-Cartier, maintenant reconnue Distinction et membre de la Corporation des Thanatologues du Québec.</p>
<p>Vous pouvez consulter cet avis de décès, sur le <a href="https://nouveau.maisonmallet.com/back05_01">www.maisonmallet.com</a></p>
<p>Ceux et celles qui le désirent, peuvent y envoyer des messages de sympathie.</p>
<p>&nbsp;</p>
<hr />
<p>Envoyer vos condoléances</p>
<p>[contact-form to= »bourquejean3@gmail.com » subject= »Condoléances Arlette Bourque »][contact-field label= »Votre nom » type= »name » required= »1&Prime;][contact-field label= »Votre courriel » type= »email » required= »1&Prime;][contact-field label= »Condoléances » type= »textarea »][/contact-form]</p>
