{"id":30661,"date":"2022-05-09T09:44:31","date_gmt":"2022-05-09T13:44:31","guid":{"rendered":"https:\/\/nouveau.maisonmallet.com\/?post_type=event&#038;p=30661"},"modified":"2022-05-10T10:54:19","modified_gmt":"2022-05-10T14:54:19","slug":"gallant-marie-paule-vigneault","status":"publish","type":"event","link":"https:\/\/nouveau.maisonmallet.com\/back05_01\/?event=gallant-marie-paule-vigneault","title":{"rendered":"GALLANT, Marie-Paule (Vigneault)"},"content":{"rendered":"<p>1935 \u2013 2022<\/p>\n<p>GALLANT, Marie-Paule (Vigneault)<\/p>\n<p>&nbsp;<\/p>\n<p>\u00c0 Havre-Saint-Pierre, le 12 f\u00e9vrier 2022, est d\u00e9c\u00e9d\u00e9e \u00e0 l\u2019\u00e2ge de 87 ans, madame Marie-Paule Gallant \u00e9pouse de feu Paul-Adrien Vigneault et domicili\u00e9e \u00e0 Havre-Saint-Pierre.<\/p>\n<p>Les fun\u00e9railles de madame Marie-Paule Gallant Vigneault auront lieu le samedi 14 mai 2022 \u00e0 10 h 30 en l\u2019\u00e9glise Saint-Pierre de Havre-Saint-Pierre et de l\u00e0 au cimeti\u00e8re de l\u2019endroit.<\/p>\n<p>Selon ses volont\u00e9s, elle a \u00e9t\u00e9 confi\u00e9e au cr\u00e9matorium de la Maison L.J.G. Mallet pour cr\u00e9mation.<\/p>\n<p>La famille re\u00e7oit parents et amis le vendredi 13 mai 2022 de 19 h \u00e0 22. Le samedi 14 mai 2022 jour des fun\u00e9railles \u00e0 compter de 9 h 30 au salon de la Maison L.J.G. Mallet du 1429, rue du Canot \u00e0 Havre-Saint-Pierre.<\/p>\n<p><strong>D\u00fb aux circonstances reli\u00e9es \u00e0 la pand\u00e9mie, vous pouvez venir pr\u00e9senter vos condol\u00e9ances en respectant la distanciation sociale et le port du masque sera obligatoire.<\/strong><\/p>\n<p>Elle laisse dans le deuil sa fille Line (Andr\u00e9 Pr\u00e9vereau), son fils Andr\u00e9 (R\u00e9jeanne Guillemette) ses petits-fils : Steve (Patricia Busseau), Alexis-Daniel (No\u00e9mie Montminy) et Patrick (Marie-Jos\u00e9e Murray), sa petite-fille Louise (Daniel Fournier), ses arri\u00e8re-petits-fils : Sam et Hayden, ses arri\u00e8re-petites-filles : Marianne et Lyajade ainsi que ses beaux-fr\u00e8res, ses belles-s\u0153urs, ses neveux, ses ni\u00e8ces, ses cousins, ses cousines et de nombreux ami(e)s.<\/p>\n<p>La famille a confi\u00e9 la direction des fun\u00e9railles aux services professionnels de la Maison L.J.G. Mallet du 1429, rue du Canot \u00e0 Havre-Saint-Pierre, maintenant reconnue Distinction et membre de la Corporation des Thanatologues du Qu\u00e9bec.<\/p>\n<p>Vous pouvez consulter cet avis de d\u00e9c\u00e8s sur le <a href=\"https:\/\/nouveau.maisonmallet.com\/back05_01\">www.maisonmallet.com<\/a><\/p>\n<p>Ceux et celles qui le d\u00e9sirent, peuvent y envoyer des messages de sympathie.<\/p>\n<p>&nbsp;<\/p>\n<hr \/>\n<p>Envoyer vos condol\u00e9ances<\/p>\n<p>[contact-form to=\u00a0\u00bbandrevigneault123@gmail.com\u00a0\u00bb subject=\u00a0\u00bbCondol\u00e9ances Marie-Paule Gallant\u00a0\u00bb][contact-field label=\u00a0\u00bbVotre nom\u00a0\u00bb type=\u00a0\u00bbname\u00a0\u00bb required=\u00a0\u00bb1&Prime;][contact-field label=\u00a0\u00bbVotre courriel\u00a0\u00bb type=\u00a0\u00bbemail\u00a0\u00bb required=\u00a0\u00bb1&Prime;][contact-field label=\u00a0\u00bbCondol\u00e9ances\u00a0\u00bb type=\u00a0\u00bbtextarea\u00a0\u00bb][\/contact-form]<\/p>\n","protected":false},"featured_media":30721,"template":"","event_cat":[7],"class_list":["post-30661","event","type-event","status-publish","has-post-thumbnail","hentry","event_cat-maison-l-j-g-mallet-inc"],"_links":{"self":[{"href":"https:\/\/nouveau.maisonmallet.com\/back05_01\/index.php?rest_route=\/wp\/v2\/event\/30661","targetHints":{"allow":["GET"]}}],"collection":[{"href":"https:\/\/nouveau.maisonmallet.com\/back05_01\/index.php?rest_route=\/wp\/v2\/event"}],"about":[{"href":"https:\/\/nouveau.maisonmallet.com\/back05_01\/index.php?rest_route=\/wp\/v2\/types\/event"}],"wp:featuredmedia":[{"embeddable":true,"href":"https:\/\/nouveau.maisonmallet.com\/back05_01\/index.php?rest_route=\/wp\/v2\/media\/30721"}],"wp:attachment":[{"href":"https:\/\/nouveau.maisonmallet.com\/back05_01\/index.php?rest_route=%2Fwp%2Fv2%2Fmedia&parent=30661"}],"wp:term":[{"taxonomy":"event_cat","embeddable":true,"href":"https:\/\/nouveau.maisonmallet.com\/back05_01\/index.php?rest_route=%2Fwp%2Fv2%2Fevent_cat&post=30661"}],"curies":[{"name":"wp","href":"https:\/\/api.w.org\/{rel}","templated":true}]}}

<p>1935 – 2022</p>
<p>GALLANT, Marie-Paule (Vigneault)</p>
<p>&nbsp;</p>
<p>À Havre-Saint-Pierre, le 12 février 2022, est décédée à l’âge de 87 ans, madame Marie-Paule Gallant épouse de feu Paul-Adrien Vigneault et domiciliée à Havre-Saint-Pierre.</p>
<p>Les funérailles de madame Marie-Paule Gallant Vigneault auront lieu le samedi 14 mai 2022 à 10 h 30 en l’église Saint-Pierre de Havre-Saint-Pierre et de là au cimetière de l’endroit.</p>
<p>Selon ses volontés, elle a été confiée au crématorium de la Maison L.J.G. Mallet pour crémation.</p>
<p>La famille reçoit parents et amis le vendredi 13 mai 2022 de 19 h à 22. Le samedi 14 mai 2022 jour des funérailles à compter de 9 h 30 au salon de la Maison L.J.G. Mallet du 1429, rue du Canot à Havre-Saint-Pierre.</p>
<p><strong>Dû aux circonstances reliées à la pandémie, vous pouvez venir présenter vos condoléances en respectant la distanciation sociale et le port du masque sera obligatoire.</strong></p>
<p>Elle laisse dans le deuil sa fille Line (André Prévereau), son fils André (Réjeanne Guillemette) ses petits-fils : Steve (Patricia Busseau), Alexis-Daniel (Noémie Montminy) et Patrick (Marie-Josée Murray), sa petite-fille Louise (Daniel Fournier), ses arrière-petits-fils : Sam et Hayden, ses arrière-petites-filles : Marianne et Lyajade ainsi que ses beaux-frères, ses belles-sœurs, ses neveux, ses nièces, ses cousins, ses cousines et de nombreux ami(e)s.</p>
<p>La famille a confié la direction des funérailles aux services professionnels de la Maison L.J.G. Mallet du 1429, rue du Canot à Havre-Saint-Pierre, maintenant reconnue Distinction et membre de la Corporation des Thanatologues du Québec.</p>
<p>Vous pouvez consulter cet avis de décès sur le <a href="https://nouveau.maisonmallet.com/back05_01">www.maisonmallet.com</a></p>
<p>Ceux et celles qui le désirent, peuvent y envoyer des messages de sympathie.</p>
<p>&nbsp;</p>
<hr />
<p>Envoyer vos condoléances</p>
<p>[contact-form to= »andrevigneault123@gmail.com » subject= »Condoléances Marie-Paule Gallant »][contact-field label= »Votre nom » type= »name » required= »1&Prime;][contact-field label= »Votre courriel » type= »email » required= »1&Prime;][contact-field label= »Condoléances » type= »textarea »][/contact-form]</p>
