{"id":30733,"date":"2022-05-10T19:27:47","date_gmt":"2022-05-10T23:27:47","guid":{"rendered":"https:\/\/nouveau.maisonmallet.com\/?post_type=event&#038;p=30733"},"modified":"2022-05-11T19:32:37","modified_gmt":"2022-05-11T23:32:37","slug":"modele-nom-prenom-68","status":"publish","type":"event","link":"https:\/\/nouveau.maisonmallet.com\/back05_01\/?event=modele-nom-prenom-68","title":{"rendered":"MALEC, Anna (Ishpatau)"},"content":{"rendered":"<p>1951 \u2013 2022<\/p>\n<p>MALEC, Anna (Ishpatau)<\/p>\n<p>&nbsp;<\/p>\n<p>\u00c0 Nutashkuan, le 9 mai 2022, est d\u00e9c\u00e9d\u00e9 \u00e0 l\u2019\u00e2ge de 70 ans, madame Anna Malec \u00e9pouse de feu Antoine Ishpatau et domicili\u00e9e \u00e0 Nutashkuan.<\/p>\n<p>Les fun\u00e9railles de madame Anna Malec auront lieu le jeudi 12mai 2022 \u00e0 14 h en l\u2019\u00e9glise Notre-Dame-des-Indiens de Nutashkuan et de l\u00e0 au cimeti\u00e8re de l\u2019endroit.<\/p>\n<p>La famille re\u00e7oit parents et amis le mercredi 11 mai 2022 \u00e0 compter de 10 h au 51, rue Jeromish \u00e0 Nutashkuan.<\/p>\n<p>Il laisse dans le deuil ses filles\u00a0: Dolor\u00e8s et Liette (John John), ses fils Marc-Antoine (Marie-H\u00e9l\u00e8ne Ishpatau) et Antoine-Josu\u00e9 (Damiana Napess), ses petits-enfants\u00a0: Josh, Donavan, Abiga\u00eblle, Maya, Milan, Maden, \u00c9liott, Nayely, Maribelle, Hannaly, Missi et Isaiah ainsi que ses fr\u00e8res, ses s\u0153urs, , ses beaux-fr\u00e8res, ses belles-s\u0153urs, ses neveux, ses ni\u00e8ces, ses cousins, ses cousines et de nombreux amis.<\/p>\n<p>La famille a confi\u00e9 la direction des fun\u00e9railles aux services professionnels de la Maison L.J.G. Mallet du 1429, rue du Canot \u00e0 Havre-Saint-Pierre, maintenant reconnue Distinction et membre de la Corporation des Thanatologues du Qu\u00e9bec.<\/p>\n<p>Vous pouvez consulter cet avis de d\u00e9c\u00e8s sur le <a href=\"https:\/\/nouveau.maisonmallet.com\/back05_01\">www.maisonmallet.com<\/a><\/p>\n<p>Ceux et celles qui le d\u00e9sirent, peuvent y envoyer des messages de sympathie.<\/p>\n<p>&nbsp;<\/p>\n<hr \/>\n<p>Envoyer vos condol\u00e9ances<\/p>\n<p>[contact-form to=\u00a0\u00bbd.ishpatao20@icloud.com\u00a0\u00bb subject=\u00a0\u00bbCondol\u00e9ances Anna Malec\u00a0\u00bb][contact-field label=\u00a0\u00bbVotre nom\u00a0\u00bb type=\u00a0\u00bbname\u00a0\u00bb required=\u00a0\u00bb1&Prime;][contact-field label=\u00a0\u00bbVotre courriel\u00a0\u00bb type=\u00a0\u00bbemail\u00a0\u00bb required=\u00a0\u00bb1&Prime;][contact-field label=\u00a0\u00bbCondol\u00e9ances\u00a0\u00bb type=\u00a0\u00bbtextarea\u00a0\u00bb][\/contact-form]<\/p>\n","protected":false},"featured_media":30775,"template":"","event_cat":[7],"class_list":["post-30733","event","type-event","status-publish","has-post-thumbnail","hentry","event_cat-maison-l-j-g-mallet-inc"],"_links":{"self":[{"href":"https:\/\/nouveau.maisonmallet.com\/back05_01\/index.php?rest_route=\/wp\/v2\/event\/30733","targetHints":{"allow":["GET"]}}],"collection":[{"href":"https:\/\/nouveau.maisonmallet.com\/back05_01\/index.php?rest_route=\/wp\/v2\/event"}],"about":[{"href":"https:\/\/nouveau.maisonmallet.com\/back05_01\/index.php?rest_route=\/wp\/v2\/types\/event"}],"wp:featuredmedia":[{"embeddable":true,"href":"https:\/\/nouveau.maisonmallet.com\/back05_01\/index.php?rest_route=\/wp\/v2\/media\/30775"}],"wp:attachment":[{"href":"https:\/\/nouveau.maisonmallet.com\/back05_01\/index.php?rest_route=%2Fwp%2Fv2%2Fmedia&parent=30733"}],"wp:term":[{"taxonomy":"event_cat","embeddable":true,"href":"https:\/\/nouveau.maisonmallet.com\/back05_01\/index.php?rest_route=%2Fwp%2Fv2%2Fevent_cat&post=30733"}],"curies":[{"name":"wp","href":"https:\/\/api.w.org\/{rel}","templated":true}]}}

<p>1951 – 2022</p>
<p>MALEC, Anna (Ishpatau)</p>
<p>&nbsp;</p>
<p>À Nutashkuan, le 9 mai 2022, est décédé à l’âge de 70 ans, madame Anna Malec épouse de feu Antoine Ishpatau et domiciliée à Nutashkuan.</p>
<p>Les funérailles de madame Anna Malec auront lieu le jeudi 12mai 2022 à 14 h en l’église Notre-Dame-des-Indiens de Nutashkuan et de là au cimetière de l’endroit.</p>
<p>La famille reçoit parents et amis le mercredi 11 mai 2022 à compter de 10 h au 51, rue Jeromish à Nutashkuan.</p>
<p>Il laisse dans le deuil ses filles : Dolorès et Liette (John John), ses fils Marc-Antoine (Marie-Hélène Ishpatau) et Antoine-Josué (Damiana Napess), ses petits-enfants : Josh, Donavan, Abigaëlle, Maya, Milan, Maden, Éliott, Nayely, Maribelle, Hannaly, Missi et Isaiah ainsi que ses frères, ses sœurs, , ses beaux-frères, ses belles-sœurs, ses neveux, ses nièces, ses cousins, ses cousines et de nombreux amis.</p>
<p>La famille a confié la direction des funérailles aux services professionnels de la Maison L.J.G. Mallet du 1429, rue du Canot à Havre-Saint-Pierre, maintenant reconnue Distinction et membre de la Corporation des Thanatologues du Québec.</p>
<p>Vous pouvez consulter cet avis de décès sur le <a href="https://nouveau.maisonmallet.com/back05_01">www.maisonmallet.com</a></p>
<p>Ceux et celles qui le désirent, peuvent y envoyer des messages de sympathie.</p>
<p>&nbsp;</p>
<hr />
<p>Envoyer vos condoléances</p>
<p>[contact-form to= »d.ishpatao20@icloud.com » subject= »Condoléances Anna Malec »][contact-field label= »Votre nom » type= »name » required= »1&Prime;][contact-field label= »Votre courriel » type= »email » required= »1&Prime;][contact-field label= »Condoléances » type= »textarea »][/contact-form]</p>
