{"id":30774,"date":"2022-05-13T16:45:18","date_gmt":"2022-05-13T20:45:18","guid":{"rendered":"https:\/\/nouveau.maisonmallet.com\/?post_type=event&#038;p=30774"},"modified":"2022-05-15T13:19:45","modified_gmt":"2022-05-15T17:19:45","slug":"thernish-marie-clara-pashin-mali-jourdain","status":"publish","type":"event","link":"https:\/\/nouveau.maisonmallet.com\/back05_01\/?event=thernish-marie-clara-pashin-mali-jourdain","title":{"rendered":"THERNISH, Marie-Clara, Pashin-Mali (Jourdain)"},"content":{"rendered":"<p>1926 &#8211; 2022<\/p>\n<p>Thernish, Marie-Clara Pashin-Mali, (Jourdain)<\/p>\n<p>&nbsp;<\/p>\n<p>&nbsp;<\/p>\n<p>\u00c0 Sept-\u00celes (maison \u00c9lyme des Sables), le 12 mai 2022, est d\u00e9c\u00e9d\u00e9e \u00e0 l\u2019\u00e2ge de 95 ans, madame Marie-Clara Thernish \u00e9pouse de feu Robert Jourdain et domicili\u00e9e \u00e0 Mani-utenam.<\/p>\n<p>Les fun\u00e9railles de madame Marie-Clara Thernish auront lieu le lundi 16 mai 2022 \u00e0 10 h en l\u2019\u00e9glise Kateri Tekakwitha, situ\u00e9e au 1035, avenue De Quen \u00e0 Uashat et de l\u00e0 au cimeti\u00e8re de Uashat.<\/p>\n<p>La famille re\u00e7oit parents et amis le samedi 14 mai 2022 de 19 h \u00e0 22 h. Le dimanche 15 mai 2022 de 14 h \u00e0 16 h et de 19 h \u00e0 22 h. Le lundi 16 mai 2022 jour des fun\u00e9railles \u00e0 compter de 8 h 30 \u00e0 l\u2019\u00e9glise Kateri Tekakwitha, situ\u00e9e au 1035, avenue De Quen \u00e0 Uashat.<\/p>\n<p>Elle laisse dans le deuil ses enfants : Sylvestre (L\u00e9ontine Vachon), Jean-Claude (\u00c9velyne Andr\u00e9), Henriette (Albert Vachon) et Nathalie, sa s\u0153ur Marie-Ang\u00e8le Thernish (feu Jean-Marie Hervieux), ses petits-enfants, ses arri\u00e8res petits-enfants, ses arri\u00e8res-arri\u00e8res-petits-enfants ainsi que ses neveux, ses ni\u00e8ces, ses cousins, ses cousines et de nombreux ami(e)s.<\/p>\n<p>La famille a confi\u00e9 la direction des fun\u00e9railles aux services professionnels de la Maison Mallet &amp; fils du 585, Boul. Laure \u00e0 Sept-\u00celes, maintenant reconnue Distinction et membre de la Corporation des Thanatologues du Qu\u00e9bec.<\/p>\n<p>Vous pouvez consulter cet avis de d\u00e9c\u00e8s sur le <a href=\"https:\/\/nouveau.maisonmallet.com\/back05_01\">www.maisonmallet.com<\/a><\/p>\n<p>Ceux et celles qui le d\u00e9sirent, peuvent y envoyer des messages de condol\u00e9ances.<\/p>\n<p>&nbsp;<\/p>\n<hr \/>\n<p>Envoyer vos condol\u00e9ances<\/p>\n<p>[contact-form to=\u00a0\u00bbmarc@maisonmallet.com\u00a0\u00bb subject=\u00a0\u00bbCondol\u00e9ances Marie-Clara Thernish\u00a0\u00bb][contact-field label=\u00a0\u00bbVotre nom\u00a0\u00bb type=\u00a0\u00bbname\u00a0\u00bb required=\u00a0\u00bb1&Prime;][contact-field label=\u00a0\u00bbVotre courriel\u00a0\u00bb type=\u00a0\u00bbemail\u00a0\u00bb required=\u00a0\u00bb1&Prime;][contact-field label=\u00a0\u00bbCondol\u00e9ances\u00a0\u00bb type=\u00a0\u00bbtextarea\u00a0\u00bb][\/contact-form]<\/p>\n","protected":false},"featured_media":30826,"template":"","event_cat":[6],"class_list":["post-30774","event","type-event","status-publish","has-post-thumbnail","hentry","event_cat-maison-mallet-et-fils-inc"],"_links":{"self":[{"href":"https:\/\/nouveau.maisonmallet.com\/back05_01\/index.php?rest_route=\/wp\/v2\/event\/30774","targetHints":{"allow":["GET"]}}],"collection":[{"href":"https:\/\/nouveau.maisonmallet.com\/back05_01\/index.php?rest_route=\/wp\/v2\/event"}],"about":[{"href":"https:\/\/nouveau.maisonmallet.com\/back05_01\/index.php?rest_route=\/wp\/v2\/types\/event"}],"wp:featuredmedia":[{"embeddable":true,"href":"https:\/\/nouveau.maisonmallet.com\/back05_01\/index.php?rest_route=\/wp\/v2\/media\/30826"}],"wp:attachment":[{"href":"https:\/\/nouveau.maisonmallet.com\/back05_01\/index.php?rest_route=%2Fwp%2Fv2%2Fmedia&parent=30774"}],"wp:term":[{"taxonomy":"event_cat","embeddable":true,"href":"https:\/\/nouveau.maisonmallet.com\/back05_01\/index.php?rest_route=%2Fwp%2Fv2%2Fevent_cat&post=30774"}],"curies":[{"name":"wp","href":"https:\/\/api.w.org\/{rel}","templated":true}]}}

<p>1926 &#8211; 2022</p>
<p>Thernish, Marie-Clara Pashin-Mali, (Jourdain)</p>
<p>&nbsp;</p>
<p>&nbsp;</p>
<p>À Sept-Îles (maison Élyme des Sables), le 12 mai 2022, est décédée à l’âge de 95 ans, madame Marie-Clara Thernish épouse de feu Robert Jourdain et domiciliée à Mani-utenam.</p>
<p>Les funérailles de madame Marie-Clara Thernish auront lieu le lundi 16 mai 2022 à 10 h en l’église Kateri Tekakwitha, située au 1035, avenue De Quen à Uashat et de là au cimetière de Uashat.</p>
<p>La famille reçoit parents et amis le samedi 14 mai 2022 de 19 h à 22 h. Le dimanche 15 mai 2022 de 14 h à 16 h et de 19 h à 22 h. Le lundi 16 mai 2022 jour des funérailles à compter de 8 h 30 à l’église Kateri Tekakwitha, située au 1035, avenue De Quen à Uashat.</p>
<p>Elle laisse dans le deuil ses enfants : Sylvestre (Léontine Vachon), Jean-Claude (Évelyne André), Henriette (Albert Vachon) et Nathalie, sa sœur Marie-Angèle Thernish (feu Jean-Marie Hervieux), ses petits-enfants, ses arrières petits-enfants, ses arrières-arrières-petits-enfants ainsi que ses neveux, ses nièces, ses cousins, ses cousines et de nombreux ami(e)s.</p>
<p>La famille a confié la direction des funérailles aux services professionnels de la Maison Mallet &amp; fils du 585, Boul. Laure à Sept-Îles, maintenant reconnue Distinction et membre de la Corporation des Thanatologues du Québec.</p>
<p>Vous pouvez consulter cet avis de décès sur le <a href="https://nouveau.maisonmallet.com/back05_01">www.maisonmallet.com</a></p>
<p>Ceux et celles qui le désirent, peuvent y envoyer des messages de condoléances.</p>
<p>&nbsp;</p>
<hr />
<p>Envoyer vos condoléances</p>
<p>[contact-form to= »marc@maisonmallet.com » subject= »Condoléances Marie-Clara Thernish »][contact-field label= »Votre nom » type= »name » required= »1&Prime;][contact-field label= »Votre courriel » type= »email » required= »1&Prime;][contact-field label= »Condoléances » type= »textarea »][/contact-form]</p>
