{"id":30825,"date":"2022-05-14T11:04:08","date_gmt":"2022-05-14T15:04:08","guid":{"rendered":"https:\/\/nouveau.maisonmallet.com\/?post_type=event&#038;p=30825"},"modified":"2022-05-15T11:13:16","modified_gmt":"2022-05-15T15:13:16","slug":"audit-yoland-le-yo","status":"publish","type":"event","link":"https:\/\/nouveau.maisonmallet.com\/back05_01\/?event=audit-yoland-le-yo","title":{"rendered":"AUDIT, Yoland (le Yo)"},"content":{"rendered":"<p>1961 &#8211; 2022<\/p>\n<p>AUDIT, Yoland (le Yo)<\/p>\n<p>&nbsp;<\/p>\n<p>\u00c0 Rivi\u00e8re Pentec\u00f4te, le 10 mai 2022, est d\u00e9c\u00e9d\u00e9 l\u2019\u00e2ge de 60 ans, monsieur Yoland Audit \u00e9poux de madame Monique Langlois et domicili\u00e9 \u00e0 Pointe-aux-Anglais.<\/p>\n<p>Les fun\u00e9railles de monsieur Yoland Audit auront lieu le vendredi 8 juillet 2022 \u00e0 10 h en l\u2019\u00e9glise St-Paul de Pointe-aux-Anglais et de l\u00e0 au cimeti\u00e8re de Pointe-aux-Anglais.<\/p>\n<p>Selon ses volont\u00e9s, il a \u00e9t\u00e9 confi\u00e9 au cr\u00e9matorium de la Maison Mallet &amp; fils pour cr\u00e9mation.<\/p>\n<p>La famille re\u00e7oit parents et amis le jeudi 7 juillet 2022 de 13 h \u00e0 16 h et de 18 h \u00e0 21 h. Le vendredi 8 juillet 2022 jour des fun\u00e9railles \u00e0 compter de 8 h \u00e0 l`\u00e9glise St-Paul de Pointe-aux-Anglais.<\/p>\n<p>Il laisse dans le deuil outre son \u00e9pouse madame Monique Langlois, ses fils\u00a0: Nicolas (Kim Vibert) et Gabriel, sa petite-fille Charlie, ses fr\u00e8res et ses s\u0153urs\u00a0: Suzanne (Benoit Chambers), Marl\u00e8ne (Jos\u00e9 Allaire) et Martin ainsi que son beau-p\u00e8re monsieur Jean-Baptiste Langlois (feu Laurette Deroy), ses beaux-fr\u00e8res, ses belles-s\u0153urs, ses neveux, ses ni\u00e8ces, ses oncles, ses tantes, ses cousins, ses cousines et de nombreux ami(e)s.<\/p>\n<p>Vos marques de sympathie peuvent se traduire par un don la Fondation des maladies du c\u0153ur et de l\u2019AVC <a href=\"http:\/\/www.coeuretavc.ca\">www.coeuretavc.ca<\/a><\/p>\n<p>La famille a confi\u00e9 la direction des fun\u00e9railles aux services professionnels de la Maison Mallet &amp; fils du 57, route 138 \u00e0 Port-Cartier, maintenant reconnue Distinction et membre de la Corporation des thanatologues du Qu\u00e9bec.<\/p>\n<p>Vous pouvez consulter cet avis de d\u00e9c\u00e8s, sur le <a href=\"https:\/\/nouveau.maisonmallet.com\/back05_01\">www.maisonmallet.com<\/a><\/p>\n<p>Ceux et celle qui le d\u00e9sirent, peuvent y envoyer des messages de sympathie.<\/p>\n<p>&nbsp;<\/p>\n<hr \/>\n<p>Envoyer vos condol\u00e9ances<\/p>\n<p>[contact-form to=\u00a0\u00bbaudit_721@hotmail.com\u00a0\u00bb subject=\u00a0\u00bbCondol\u00e9ances Yoland Audit\u00a0\u00bb][contact-field label=\u00a0\u00bbVotre nom\u00a0\u00bb type=\u00a0\u00bbname\u00a0\u00bb required=\u00a0\u00bb1&Prime;][contact-field label=\u00a0\u00bbVotre courriel\u00a0\u00bb type=\u00a0\u00bbemail\u00a0\u00bb required=\u00a0\u00bb1&Prime;][contact-field label=\u00a0\u00bbCondol\u00e9ances\u00a0\u00bb type=\u00a0\u00bbtextarea\u00a0\u00bb][\/contact-form]<\/p>\n","protected":false},"featured_media":30832,"template":"","event_cat":[6],"class_list":["post-30825","event","type-event","status-publish","has-post-thumbnail","hentry","event_cat-maison-mallet-et-fils-inc"],"_links":{"self":[{"href":"https:\/\/nouveau.maisonmallet.com\/back05_01\/index.php?rest_route=\/wp\/v2\/event\/30825","targetHints":{"allow":["GET"]}}],"collection":[{"href":"https:\/\/nouveau.maisonmallet.com\/back05_01\/index.php?rest_route=\/wp\/v2\/event"}],"about":[{"href":"https:\/\/nouveau.maisonmallet.com\/back05_01\/index.php?rest_route=\/wp\/v2\/types\/event"}],"wp:featuredmedia":[{"embeddable":true,"href":"https:\/\/nouveau.maisonmallet.com\/back05_01\/index.php?rest_route=\/wp\/v2\/media\/30832"}],"wp:attachment":[{"href":"https:\/\/nouveau.maisonmallet.com\/back05_01\/index.php?rest_route=%2Fwp%2Fv2%2Fmedia&parent=30825"}],"wp:term":[{"taxonomy":"event_cat","embeddable":true,"href":"https:\/\/nouveau.maisonmallet.com\/back05_01\/index.php?rest_route=%2Fwp%2Fv2%2Fevent_cat&post=30825"}],"curies":[{"name":"wp","href":"https:\/\/api.w.org\/{rel}","templated":true}]}}

<p>1961 &#8211; 2022</p>
<p>AUDIT, Yoland (le Yo)</p>
<p>&nbsp;</p>
<p>À Rivière Pentecôte, le 10 mai 2022, est décédé l’âge de 60 ans, monsieur Yoland Audit époux de madame Monique Langlois et domicilié à Pointe-aux-Anglais.</p>
<p>Les funérailles de monsieur Yoland Audit auront lieu le vendredi 8 juillet 2022 à 10 h en l’église St-Paul de Pointe-aux-Anglais et de là au cimetière de Pointe-aux-Anglais.</p>
<p>Selon ses volontés, il a été confié au crématorium de la Maison Mallet &amp; fils pour crémation.</p>
<p>La famille reçoit parents et amis le jeudi 7 juillet 2022 de 13 h à 16 h et de 18 h à 21 h. Le vendredi 8 juillet 2022 jour des funérailles à compter de 8 h à l`église St-Paul de Pointe-aux-Anglais.</p>
<p>Il laisse dans le deuil outre son épouse madame Monique Langlois, ses fils : Nicolas (Kim Vibert) et Gabriel, sa petite-fille Charlie, ses frères et ses sœurs : Suzanne (Benoit Chambers), Marlène (José Allaire) et Martin ainsi que son beau-père monsieur Jean-Baptiste Langlois (feu Laurette Deroy), ses beaux-frères, ses belles-sœurs, ses neveux, ses nièces, ses oncles, ses tantes, ses cousins, ses cousines et de nombreux ami(e)s.</p>
<p>Vos marques de sympathie peuvent se traduire par un don la Fondation des maladies du cœur et de l’AVC <a href="http://www.coeuretavc.ca">www.coeuretavc.ca</a></p>
<p>La famille a confié la direction des funérailles aux services professionnels de la Maison Mallet &amp; fils du 57, route 138 à Port-Cartier, maintenant reconnue Distinction et membre de la Corporation des thanatologues du Québec.</p>
<p>Vous pouvez consulter cet avis de décès, sur le <a href="https://nouveau.maisonmallet.com/back05_01">www.maisonmallet.com</a></p>
<p>Ceux et celle qui le désirent, peuvent y envoyer des messages de sympathie.</p>
<p>&nbsp;</p>
<hr />
<p>Envoyer vos condoléances</p>
<p>[contact-form to= »audit_721@hotmail.com » subject= »Condoléances Yoland Audit »][contact-field label= »Votre nom » type= »name » required= »1&Prime;][contact-field label= »Votre courriel » type= »email » required= »1&Prime;][contact-field label= »Condoléances » type= »textarea »][/contact-form]</p>
